CRAN Package Check Results for Package scopr

Last updated on 2023-06-05 02:58:31 CEST.

Flavor Version Tinstall Tcheck Ttotal Status Flags
r-devel-linux-x86_64-debian-clang 0.3.4 3.94 69.22 73.16 OK
r-devel-linux-x86_64-debian-gcc 0.3.4 2.78 50.49 53.27 OK
r-devel-linux-x86_64-fedora-clang 0.3.4 86.69 NOTE
r-devel-linux-x86_64-fedora-gcc 0.3.4 80.64 NOTE
r-devel-windows-x86_64 0.3.4 5.00 66.00 71.00 OK
r-patched-linux-x86_64 0.3.4 12.12 63.53 75.65 OK
r-release-linux-x86_64 0.3.4 2.32 62.33 64.65 OK
r-release-macos-arm64 0.3.4 32.00 OK
r-release-macos-x86_64 0.3.4 48.00 OK
r-release-windows-x86_64 0.3.4 7.00 75.00 82.00 OK
r-oldrel-macos-arm64 0.3.4 28.00 NOTE
r-oldrel-macos-x86_64 0.3.4 43.00 NOTE
r-oldrel-windows-x86_64 0.3.4 6.00 78.00 84.00 OK

Check Details

Version: 0.3.4
Check: dependencies in R code
Result: NOTE
    Namespace in Imports field not imported from: ‘curl’
     All declared Imports should be used.
Flavors: r-devel-linux-x86_64-fedora-clang, r-devel-linux-x86_64-fedora-gcc, r-oldrel-macos-arm64, r-oldrel-macos-x86_64