CRAN Package Check Results for Package scout

Last updated on 2023-09-27 13:04:41 CEST.

Flavor Version Tinstall Tcheck Ttotal Status Flags
r-devel-linux-x86_64-debian-clang 1.0.4 4.27 28.56 32.83 OK
r-devel-linux-x86_64-debian-gcc 1.0.4 3.25 22.27 25.52 OK
r-devel-linux-x86_64-fedora-clang 1.0.4 42.32 NOTE
r-devel-linux-x86_64-fedora-gcc 1.0.4 40.87 NOTE
r-devel-windows-x86_64 1.0.4 5.00 46.00 51.00 OK
r-patched-linux-x86_64 1.0.4 4.17 28.33 32.50 OK
r-release-linux-x86_64 1.0.4 2.81 28.55 31.36 OK
r-release-macos-arm64 1.0.4 19.00 OK
r-release-macos-x86_64 1.0.4 24.00 OK
r-release-windows-x86_64 1.0.4 5.00 54.00 59.00 OK
r-oldrel-macos-arm64 1.0.4 18.00 OK
r-oldrel-macos-x86_64 1.0.4 24.00 OK
r-oldrel-windows-x86_64 1.0.4 8.00 51.00 59.00 OK

Check Details

Version: 1.0.4
Check: compiled code
Result: NOTE
    File ‘scout/libs/scout.so’:
     Found no calls to: ‘R_registerRoutines’, ‘R_useDynamicSymbols’
    
    It is good practice to register native routines and to disable symbol
    search.
    
    See ‘Writing portable packages’ in the ‘Writing R Extensions’ manual.
Flavors: r-devel-linux-x86_64-fedora-clang, r-devel-linux-x86_64-fedora-gcc