Last updated on 2021-04-17 15:48:28 CEST.
Flavor | Version | Tinstall | Tcheck | Ttotal | Status | Flags |
---|---|---|---|---|---|---|
r-devel-linux-x86_64-debian-clang | 1.1 | 4.36 | 40.27 | 44.63 | OK | |
r-devel-linux-x86_64-debian-gcc | 1.1 | 3.28 | 30.72 | 34.00 | OK | |
r-devel-linux-x86_64-fedora-clang | 1.1 | 64.39 | NOTE | |||
r-devel-linux-x86_64-fedora-gcc | 1.1 | 52.01 | NOTE | |||
r-devel-windows-ix86+x86_64 | 1.1 | 10.00 | 47.00 | 57.00 | OK | |
r-devel-windows-x86_64-gcc10-UCRT | 1.1 | NOTE | ||||
r-patched-linux-x86_64 | 1.1 | 3.63 | 36.00 | 39.63 | OK | |
r-patched-solaris-x86 | 1.1 | 78.50 | NOTE | |||
r-release-linux-x86_64 | 1.1 | 3.56 | 36.22 | 39.78 | OK | |
r-release-macos-x86_64 | 1.1 | NOTE | ||||
r-release-windows-ix86+x86_64 | 1.1 | 9.00 | 60.00 | 69.00 | OK | |
r-oldrel-macos-x86_64 | 1.1 | NOTE | ||||
r-oldrel-windows-ix86+x86_64 | 1.1 | 7.00 | 54.00 | 61.00 | OK |
Version: 1.1
Check: data for non-ASCII characters
Result: NOTE
Note: found 1 marked UTF-8 string
Flavors: r-devel-linux-x86_64-fedora-clang, r-devel-linux-x86_64-fedora-gcc, r-devel-windows-x86_64-gcc10-UCRT, r-patched-solaris-x86, r-release-macos-x86_64, r-oldrel-macos-x86_64