CRAN Package Check Results for Package scrollrevealR

Last updated on 2024-05-18 08:58:00 CEST.

Flavor Version Tinstall Tcheck Ttotal Status Flags
r-devel-linux-x86_64-debian-clang 0.2.0 2.10 25.40 27.50 NOTE
r-devel-linux-x86_64-debian-gcc 0.2.0 1.53 19.46 20.99 NOTE
r-devel-linux-x86_64-fedora-clang 0.2.0 36.81 NOTE
r-devel-linux-x86_64-fedora-gcc 0.2.0 50.54 NOTE
r-devel-windows-x86_64 0.2.0 3.00 41.00 44.00 NOTE
r-patched-linux-x86_64 0.2.0 2.12 24.12 26.24 NOTE
r-release-linux-x86_64 0.2.0 1.72 24.62 26.34 NOTE
r-release-macos-arm64 0.2.0 21.00 NOTE
r-release-windows-x86_64 0.2.0 3.00 42.00 45.00 NOTE
r-oldrel-macos-arm64 0.2.0 23.00 NOTE
r-oldrel-macos-x86_64 0.2.0 30.00 NOTE
r-oldrel-windows-x86_64 0.2.0 3.00 43.00 46.00 NOTE

Check Details

Version: 0.2.0
Check: LazyData
Result: NOTE 'LazyData' is specified without a 'data' directory Flavors: r-devel-linux-x86_64-debian-clang, r-devel-linux-x86_64-debian-gcc, r-devel-linux-x86_64-fedora-clang, r-devel-linux-x86_64-fedora-gcc, r-devel-windows-x86_64, r-patched-linux-x86_64, r-release-linux-x86_64, r-release-macos-arm64, r-release-windows-x86_64, r-oldrel-macos-arm64, r-oldrel-macos-x86_64, r-oldrel-windows-x86_64