CRAN Package Check Results for Package scs

Last updated on 2022-12-09 02:51:50 CET.

Flavor Version Tinstall Tcheck Ttotal Status Flags
r-devel-linux-x86_64-debian-clang 3.0-1 10.32 25.29 35.61 WARN
r-devel-linux-x86_64-debian-gcc 3.0-1 12.28 20.16 32.44 NOTE
r-devel-linux-x86_64-fedora-clang 3.0-1 55.61 WARN
r-devel-linux-x86_64-fedora-gcc 3.0-1 58.80 NOTE
r-devel-windows-x86_64 3.0-1 76.00 57.00 133.00 NOTE
r-patched-linux-x86_64 3.0-1 11.59 23.33 34.92 NOTE
r-release-linux-x86_64 3.0-1 10.70 23.40 34.10 NOTE
r-release-macos-arm64 3.0-1 21.00 NOTE
r-release-macos-x86_64 3.0-1 29.00 NOTE
r-release-windows-x86_64 3.0-1 79.00 57.00 136.00 NOTE
r-oldrel-macos-arm64 3.0-1 31.00 NOTE
r-oldrel-macos-x86_64 3.0-1 31.00 NOTE
r-oldrel-windows-ix86+x86_64 3.0-1 63.00 55.00 118.00 NOTE

Check Details

Version: 3.0-1
Check: whether package can be installed
Result: WARN
    Found the following significant warnings:
     linsys/cpu/direct/private.c:4:36: warning: a function declaration without a prototype is deprecated in all versions of C [-Wstrict-prototypes]
Flavors: r-devel-linux-x86_64-debian-clang, r-devel-linux-x86_64-fedora-clang

Version: 3.0-1
Check: for GNU extensions in Makefiles
Result: NOTE
    GNU make is a SystemRequirements.
Flavors: r-devel-linux-x86_64-debian-clang, r-devel-linux-x86_64-debian-gcc, r-devel-linux-x86_64-fedora-clang, r-devel-linux-x86_64-fedora-gcc, r-devel-windows-x86_64, r-patched-linux-x86_64, r-release-linux-x86_64, r-release-macos-arm64, r-release-macos-x86_64, r-release-windows-x86_64, r-oldrel-macos-arm64, r-oldrel-macos-x86_64, r-oldrel-windows-ix86+x86_64