CRAN Package Check Results for Package sctransform

Last updated on 2024-02-21 06:07:47 CET.

Flavor Version Tinstall Tcheck Ttotal Status Flags
r-devel-linux-x86_64-debian-clang 0.4.1 NOTE
r-devel-linux-x86_64-debian-gcc 0.4.1 40.95 89.64 130.59 NOTE
r-devel-linux-x86_64-fedora-clang 0.4.1 221.00 NOTE
r-devel-linux-x86_64-fedora-gcc 0.4.1 218.11 NOTE
r-devel-windows-x86_64 0.4.1 43.00 132.00 175.00 OK
r-patched-linux-x86_64 0.4.1 53.34 116.58 169.92 NOTE
r-release-linux-x86_64 0.4.1 48.52 115.16 163.68 NOTE
r-release-macos-arm64 0.4.1 62.00 NOTE
r-release-macos-x86_64 0.4.1 128.00 NOTE
r-release-windows-x86_64 0.4.1 54.00 161.00 215.00 OK
r-oldrel-macos-arm64 0.4.1 65.00 NOTE
r-oldrel-windows-x86_64 0.4.1 54.00 157.00 211.00 OK

Check Details

Version: 0.4.1
Check: package dependencies
Result: NOTE Package which this enhances but not available for checking: ‘glmGamPoi’ Flavors: r-devel-linux-x86_64-debian-clang, r-devel-linux-x86_64-debian-gcc, r-devel-linux-x86_64-fedora-clang, r-devel-linux-x86_64-fedora-gcc, r-patched-linux-x86_64, r-release-linux-x86_64, r-release-macos-arm64, r-release-macos-x86_64, r-oldrel-macos-arm64