CRAN Package Check Results for Package sdamr

Last updated on 2022-01-26 15:53:03 CET.

Flavor Version Tinstall Tcheck Ttotal Status Flags
r-devel-linux-x86_64-debian-clang 0.1.0 4.69 53.05 57.74 OK
r-devel-linux-x86_64-debian-gcc 0.1.0 4.00 39.94 43.94 OK
r-devel-linux-x86_64-fedora-clang 0.1.0 68.68 NOTE
r-devel-linux-x86_64-fedora-gcc 0.1.0 56.99 NOTE
r-devel-windows-x86_64-new-UL 0.1.0 32.00 68.00 100.00 OK
r-devel-windows-x86_64-new-TK 0.1.0 ERROR
r-patched-linux-x86_64 0.1.0 5.01 49.76 54.77 OK
r-release-linux-x86_64 0.1.0 3.37 47.64 51.01 OK
r-release-macos-arm64 0.1.0 NOTE
r-release-macos-x86_64 0.1.0 NOTE
r-release-windows-ix86+x86_64 0.1.0 12.00 60.00 72.00 OK
r-oldrel-macos-x86_64 0.1.0 NOTE
r-oldrel-windows-ix86+x86_64 0.1.0 12.00 60.00 72.00 OK

Check Details

Version: 0.1.0
Check: data for non-ASCII characters
Result: NOTE
     Note: found 1 marked UTF-8 string
Flavors: r-devel-linux-x86_64-fedora-clang, r-devel-linux-x86_64-fedora-gcc, r-release-macos-arm64, r-release-macos-x86_64, r-oldrel-macos-x86_64

Version: 0.1.0
Check: package dependencies
Result: ERROR
    Package required but not available: 'car'
    
    See section 'The DESCRIPTION file' in the 'Writing R Extensions'
    manual.
Flavor: r-devel-windows-x86_64-new-TK