Last updated on 2023-02-06 00:52:42 CET.
Flavor | Version | Tinstall | Tcheck | Ttotal | Status | Flags |
---|---|---|---|---|---|---|
r-devel-linux-x86_64-debian-clang | 5.7.5 | 94.42 | 318.65 | 413.07 | NOTE | |
r-devel-linux-x86_64-debian-gcc | 5.7.5 | 75.89 | 201.50 | 277.39 | NOTE | |
r-devel-linux-x86_64-fedora-clang | 5.7.5 | 487.74 | NOTE | |||
r-devel-linux-x86_64-fedora-gcc | 5.7.5 | 438.36 | NOTE | |||
r-devel-windows-x86_64 | 5.7.5 | 210.00 | 336.00 | 546.00 | NOTE | |
r-patched-linux-x86_64 | 5.7.5 | 72.01 | 253.95 | 325.96 | OK | |
r-release-linux-x86_64 | 5.7.5 | 76.27 | 248.81 | 325.08 | OK | |
r-release-macos-arm64 | 5.7.5 | 114.00 | NOTE | |||
r-release-macos-x86_64 | 5.7.5 | 146.00 | NOTE | |||
r-release-windows-x86_64 | 5.7.5 | 220.00 | 328.00 | 548.00 | OK | |
r-oldrel-macos-arm64 | 5.7.5 | 115.00 | NOTE | |||
r-oldrel-macos-x86_64 | 5.7.5 | 146.00 | NOTE | |||
r-oldrel-windows-ix86+x86_64 | 5.7.5 | 204.00 | 441.00 | 645.00 | NOTE |
Version: 5.7.5
Check: C++ specification
Result: NOTE
Specified C++11: please update to current default of C++17
Flavors: r-devel-linux-x86_64-debian-clang, r-devel-linux-x86_64-debian-gcc, r-devel-linux-x86_64-fedora-clang, r-devel-linux-x86_64-fedora-gcc, r-devel-windows-x86_64
Version: 5.7.5
Check: installed package size
Result: NOTE
installed size is 6.6Mb
sub-directories of 1Mb or more:
libs 3.8Mb
Flavors: r-release-macos-arm64, r-release-macos-x86_64, r-oldrel-macos-arm64, r-oldrel-macos-x86_64, r-oldrel-windows-ix86+x86_64