CRAN Package Check Results for Package sdetorus

Last updated on 2024-02-25 02:56:21 CET.

Flavor Version Tinstall Tcheck Ttotal Status Flags
r-devel-linux-x86_64-debian-clang 0.1.9 174.47 71.43 245.90 OK
r-devel-linux-x86_64-debian-gcc 0.1.9 135.88 53.41 189.29 OK
r-devel-linux-x86_64-fedora-clang 0.1.9 342.10 OK
r-devel-linux-x86_64-fedora-gcc 0.1.9 352.81 OK
r-devel-windows-x86_64 0.1.9 125.00 106.00 231.00 OK
r-patched-linux-x86_64 0.1.9 164.50 68.46 232.96 OK
r-release-linux-x86_64 0.1.9 168.05 68.78 236.83 OK
r-release-macos-arm64 0.1.9 71.00 NOTE
r-release-macos-x86_64 0.1.9 97.00 NOTE
r-release-windows-x86_64 0.1.9 164.00 124.00 288.00 OK
r-oldrel-macos-arm64 0.1.9 64.00 NOTE
r-oldrel-windows-x86_64 0.1.9 151.00 107.00 258.00 OK

Check Details

Version: 0.1.9
Check: installed package size
Result: NOTE installed size is 9.7Mb sub-directories of 1Mb or more: libs 8.8Mb Flavors: r-release-macos-arm64, r-release-macos-x86_64, r-oldrel-macos-arm64