CRAN Package Check Results for Package sdmApp

Last updated on 2023-12-05 08:55:40 CET.

Flavor Version Tinstall Tcheck Ttotal Status Flags
r-devel-linux-x86_64-debian-clang 0.0.2 3.22 56.00 59.22 NOTE
r-devel-linux-x86_64-debian-gcc 0.0.2 2.37 41.48 43.85 NOTE
r-devel-linux-x86_64-fedora-clang 0.0.2 73.72 NOTE
r-devel-linux-x86_64-fedora-gcc 0.0.2 81.15 NOTE
r-devel-windows-x86_64 0.0.2 6.00 61.00 67.00 OK
r-patched-linux-x86_64 0.0.2 7.37 52.71 60.08 NOTE
r-release-linux-x86_64 0.0.2 2.15 53.44 55.59 NOTE
r-release-macos-arm64 0.0.2 32.00 OK
r-release-macos-x86_64 0.0.2 50.00 OK
r-release-windows-x86_64 0.0.2 5.00 70.00 75.00 OK
r-oldrel-macos-arm64 0.0.2 23.00 NOTE
r-oldrel-macos-x86_64 0.0.2 48.00 NOTE
r-oldrel-windows-x86_64 0.0.2 6.00 73.00 79.00 OK

Check Details

Version: 0.0.2
Check: package dependencies
Result: NOTE Packages suggested but not available for checking: 'rgdal', 'rgeos' Flavors: r-devel-linux-x86_64-debian-clang, r-devel-linux-x86_64-debian-gcc, r-devel-linux-x86_64-fedora-clang, r-devel-linux-x86_64-fedora-gcc, r-patched-linux-x86_64, r-release-linux-x86_64

Version: 0.0.2
Check: dependencies in R code
Result: NOTE Namespace in Imports field not imported from: ‘sp’ All declared Imports should be used. Flavors: r-devel-linux-x86_64-fedora-clang, r-devel-linux-x86_64-fedora-gcc, r-oldrel-macos-arm64, r-oldrel-macos-x86_64