CRAN Package Check Results for Package sdmApp

Last updated on 2022-11-27 08:56:46 CET.

Flavor Version Tinstall Tcheck Ttotal Status Flags
r-devel-linux-x86_64-debian-clang 0.0.2 3.07 56.32 59.39 OK
r-devel-linux-x86_64-debian-gcc 0.0.2 2.37 42.37 44.74 OK
r-devel-linux-x86_64-fedora-clang 0.0.2 83.01 NOTE
r-devel-linux-x86_64-fedora-gcc 0.0.2 84.28 NOTE
r-devel-windows-x86_64 0.0.2 33.00 92.00 125.00 OK
r-patched-linux-x86_64 0.0.2 6.03 53.15 59.18 OK
r-release-linux-x86_64 0.0.2 3.16 54.24 57.40 OK
r-release-macos-arm64 0.0.2 23.00 NOTE
r-release-macos-x86_64 0.0.2 48.00 NOTE
r-release-windows-x86_64 0.0.2 44.00 91.00 135.00 OK
r-oldrel-macos-arm64 0.0.2 28.00 NOTE
r-oldrel-macos-x86_64 0.0.2 27.00 NOTE
r-oldrel-windows-ix86+x86_64 0.0.2 7.00 86.00 93.00 OK

Check Details

Version: 0.0.2
Check: dependencies in R code
Result: NOTE
    Namespace in Imports field not imported from: ‘sp’
     All declared Imports should be used.
Flavors: r-devel-linux-x86_64-fedora-clang, r-devel-linux-x86_64-fedora-gcc, r-release-macos-arm64, r-release-macos-x86_64, r-oldrel-macos-arm64, r-oldrel-macos-x86_64