CRAN Package Check Results for Package seas

Last updated on 2022-01-19 20:54:49 CET.

Flavor Version Tinstall Tcheck Ttotal Status Flags
r-devel-linux-x86_64-debian-clang 0.5-2 OK
r-devel-linux-x86_64-debian-gcc 0.5-2 4.97 53.03 58.00 OK
r-devel-linux-x86_64-fedora-clang 0.5-2 94.16 NOTE
r-devel-linux-x86_64-fedora-gcc 0.5-2 83.19 NOTE
r-devel-windows-x86_64-new-UL 0.5-2 46.00 97.00 143.00 OK
r-devel-windows-x86_64-new-TK 0.5-2 NOTE
r-patched-linux-x86_64 0.5-2 7.52 67.44 74.96 OK
r-release-linux-x86_64 0.5-2 OK
r-release-macos-arm64 0.5-2 NOTE
r-release-macos-x86_64 0.5-2 NOTE
r-release-windows-ix86+x86_64 0.5-2 16.00 140.00 156.00 OK
r-oldrel-macos-x86_64 0.5-2 NOTE
r-oldrel-windows-ix86+x86_64 0.5-2 16.00 142.00 158.00 OK

Check Details

Version: 0.5-2
Check: data for non-ASCII characters
Result: NOTE
     Note: found 3 marked UTF-8 strings
Flavors: r-devel-linux-x86_64-fedora-clang, r-devel-linux-x86_64-fedora-gcc, r-devel-windows-x86_64-new-TK, r-release-macos-arm64, r-release-macos-x86_64, r-oldrel-macos-x86_64