CRAN Package Check Results for Package seasonal

Last updated on 2019-03-23 11:51:27 CET.

Flavor Version Tinstall Tcheck Ttotal Status Flags
r-devel-linux-x86_64-debian-clang 1.7.0 5.18 50.44 55.62 OK
r-devel-linux-x86_64-debian-gcc 1.7.0 3.25 39.37 42.62 OK
r-devel-linux-x86_64-fedora-clang 1.7.0 67.54 OK
r-devel-linux-x86_64-fedora-gcc 1.7.0 64.75 OK
r-devel-windows-ix86+x86_64 1.7.0 19.00 88.00 107.00 OK
r-patched-linux-x86_64 1.7.0 3.31 48.55 51.86 OK
r-patched-solaris-x86 1.7.0 64.50 OK
r-release-linux-x86_64 1.7.0 0.43 2.55 2.98 ERROR
r-release-windows-ix86+x86_64 1.7.0 8.00 87.00 95.00 OK
r-release-osx-x86_64 1.7.0 OK
r-oldrel-windows-ix86+x86_64 1.7.0 5.00 111.00 116.00 OK
r-oldrel-osx-x86_64 1.7.0 OK

Check Details

Version: 1.7.0
Check: whether package can be installed
Result: ERROR
    Installation failed.
Flavor: r-release-linux-x86_64