CRAN Package Check Results for Package seastests

Last updated on 2020-11-24 16:49:08 CET.

Flavor Version Tinstall Tcheck Ttotal Status Flags
r-devel-linux-x86_64-debian-clang 0.14.2 3.88 60.60 64.48 NOTE
r-devel-linux-x86_64-debian-gcc 0.14.2 3.76 47.96 51.72 NOTE
r-devel-linux-x86_64-fedora-clang 0.14.2 79.06 OK
r-devel-linux-x86_64-fedora-gcc 0.14.2 75.50 OK
r-devel-windows-ix86+x86_64 0.14.2 7.00 81.00 88.00 NOTE
r-patched-linux-x86_64 0.14.2 4.17 62.64 66.81 NOTE
r-patched-solaris-x86 0.14.2 111.30 OK
r-release-linux-x86_64 0.14.2 4.17 60.64 64.81 NOTE
r-release-macos-x86_64 0.14.2 OK
r-release-windows-ix86+x86_64 0.14.2 5.00 74.00 79.00 NOTE
r-oldrel-macos-x86_64 0.14.2 OK
r-oldrel-windows-ix86+x86_64 0.14.2 3.00 80.00 83.00 OK

Check Details

Version: 0.14.2
Check: package vignettes
Result: NOTE
    Package vignette with placeholder title 'Vignette Title':
     'seastests-vignette.Rmd'
Flavors: r-devel-linux-x86_64-debian-clang, r-devel-linux-x86_64-debian-gcc, r-devel-windows-ix86+x86_64, r-patched-linux-x86_64, r-release-linux-x86_64, r-release-windows-ix86+x86_64