CRAN Package Check Results for Package secr

Last updated on 2022-09-30 23:55:43 CEST.

Flavor Version Tinstall Tcheck Ttotal Status Flags
r-devel-linux-x86_64-debian-clang 4.5.6 414.88 626.28 1041.16 NOTE
r-devel-linux-x86_64-debian-gcc 4.5.6 333.03 461.58 794.61 NOTE
r-devel-linux-x86_64-fedora-clang 4.5.6 1406.14 NOTE
r-devel-linux-x86_64-fedora-gcc 4.5.6 1301.00 NOTE
r-devel-windows-x86_64 4.5.6 377.00 757.00 1134.00 NOTE
r-patched-linux-x86_64 4.5.6 368.88 606.75 975.63 NOTE
r-release-linux-x86_64 4.5.6 365.25 595.73 960.98 NOTE
r-release-macos-arm64 4.5.6 290.00 NOTE
r-release-macos-x86_64 4.5.6 400.00 NOTE
r-release-windows-x86_64 4.5.6 384.00 794.00 1178.00 NOTE
r-oldrel-macos-arm64 4.5.6 250.00 NOTE
r-oldrel-macos-x86_64 4.5.6 403.00 NOTE
r-oldrel-windows-ix86+x86_64 4.5.6 1010.00 1034.00 2044.00 NOTE

Check Details

Version: 4.5.6
Check: for GNU extensions in Makefiles
Result: NOTE
    GNU make is a SystemRequirements.
Flavors: r-devel-linux-x86_64-debian-clang, r-devel-linux-x86_64-debian-gcc, r-devel-linux-x86_64-fedora-clang, r-devel-linux-x86_64-fedora-gcc, r-devel-windows-x86_64, r-patched-linux-x86_64, r-release-linux-x86_64, r-release-macos-arm64, r-release-macos-x86_64, r-release-windows-x86_64, r-oldrel-macos-arm64, r-oldrel-macos-x86_64, r-oldrel-windows-ix86+x86_64

Version: 4.5.6
Check: installed package size
Result: NOTE
     installed size is 5.2Mb
     sub-directories of 1Mb or more:
     R 1.5Mb
     libs 2.0Mb
Flavors: r-devel-windows-x86_64, r-release-macos-arm64, r-release-macos-x86_64, r-release-windows-x86_64, r-oldrel-macos-arm64, r-oldrel-macos-x86_64, r-oldrel-windows-ix86+x86_64