CRAN Package Check Results for Package secret

Last updated on 2019-03-25 21:49:47 CET.

Flavor Version Tinstall Tcheck Ttotal Status Flags
r-devel-linux-x86_64-debian-clang 1.0.0 2.65 27.94 30.59 OK
r-devel-linux-x86_64-debian-gcc 1.0.0 2.08 22.39 24.47 OK
r-devel-linux-x86_64-fedora-clang 1.0.0 37.29 OK
r-devel-linux-x86_64-fedora-gcc 1.0.0 37.04 OK
r-devel-windows-ix86+x86_64 1.0.0 9.00 52.00 61.00 ERROR
r-patched-linux-x86_64 1.0.0 1.98 25.45 27.43 OK
r-patched-solaris-x86 1.0.0 52.20 OK
r-release-linux-x86_64 1.0.0 1.86 25.74 27.60 OK
r-release-windows-ix86+x86_64 1.0.0 6.00 56.00 62.00 OK
r-release-osx-x86_64 1.0.0 OK
r-oldrel-windows-ix86+x86_64 1.0.0 3.00 45.00 48.00 OK
r-oldrel-osx-x86_64 1.0.0 OK

Check Details

Version: 1.0.0
Check: examples
Result: ERROR
    Running examples in 'secret-Ex.R' failed
    The error most likely occurred in:
    
    > ### Name: add_github_user
    > ### Title: Add a user via their GitHub username.
    > ### Aliases: add_github_user
    >
    > ### ** Examples
    >
    > vault <- file.path(tempdir(), ".vault")
    > create_vault(vault)
    >
    > add_github_user("hadley", vault = vault)
    > list_users(vault = vault)
    [1] "github-hadley"
    > delete_user("github-hadley", vault = vault)
    >
    >
    >
    > cleanEx()
    Error: connections left open:
     file (textConnection)
    Execution halted
Flavor: r-devel-windows-ix86+x86_64