Last updated on 2023-01-30 11:53:01 CET.
Flavor | Version | Tinstall | Tcheck | Ttotal | Status | Flags |
---|---|---|---|---|---|---|
r-devel-linux-x86_64-debian-clang | 2.1.7 | 7.36 | 235.83 | 243.19 | OK | |
r-devel-linux-x86_64-debian-gcc | 2.1.7 | 4.12 | 181.48 | 185.60 | OK | |
r-devel-linux-x86_64-fedora-clang | 2.1.7 | 290.95 | OK | |||
r-devel-linux-x86_64-fedora-gcc | 2.1.7 | 293.86 | OK | |||
r-devel-windows-x86_64 | 2.1.7 | 28.00 | 296.00 | 324.00 | NOTE | |
r-patched-linux-x86_64 | 2.1.7 | 5.55 | 235.40 | 240.95 | OK | |
r-release-linux-x86_64 | 2.1.7 | 6.11 | 232.11 | 238.22 | OK | |
r-release-macos-arm64 | 2.1.7 | 64.00 | OK | |||
r-release-macos-x86_64 | 2.1.7 | 155.00 | OK | |||
r-release-windows-x86_64 | 2.1.7 | 30.00 | 308.00 | 338.00 | NOTE | |
r-oldrel-macos-arm64 | 2.1.7 | 87.00 | OK | |||
r-oldrel-macos-x86_64 | 2.1.7 | 116.00 | OK | |||
r-oldrel-windows-ix86+x86_64 | 2.1.7 | 18.00 | 438.00 | 456.00 | NOTE |
Version: 2.1.7
Check: package dependencies
Result: NOTE
Package which this enhances but not available for checking: 'doMC'
Flavors: r-devel-windows-x86_64, r-release-windows-x86_64, r-oldrel-windows-ix86+x86_64