Last updated on 2023-02-06 03:54:44 CET.
Flavor | Version | Tinstall | Tcheck | Ttotal | Status | Flags |
---|---|---|---|---|---|---|
r-devel-linux-x86_64-debian-clang | 0.6 | 48.70 | 39.88 | 88.58 | OK | |
r-devel-linux-x86_64-debian-gcc | 0.6 | 35.15 | 30.76 | 65.91 | OK | |
r-devel-linux-x86_64-fedora-clang | 0.6 | 120.16 | OK | |||
r-devel-linux-x86_64-fedora-gcc | 0.6 | 110.12 | OK | |||
r-devel-windows-x86_64 | 0.6 | 44.00 | 89.00 | 133.00 | OK | |
r-patched-linux-x86_64 | 0.6 | 32.51 | 38.55 | 71.06 | OK | |
r-release-linux-x86_64 | 0.6 | 37.86 | 38.70 | 76.56 | OK | |
r-release-macos-arm64 | 0.6 | 36.00 | OK | |||
r-release-macos-x86_64 | 0.6 | 45.00 | OK | |||
r-release-windows-x86_64 | 0.6 | 41.00 | 90.00 | 131.00 | OK | |
r-oldrel-macos-arm64 | 0.6 | 41.00 | NOTE | |||
r-oldrel-macos-x86_64 | 0.6 | 61.00 | OK | |||
r-oldrel-windows-ix86+x86_64 | 0.6 | 106.00 | 95.00 | 201.00 | OK |
Version: 0.6
Check: installed package size
Result: NOTE
installed size is 5.6Mb
sub-directories of 1Mb or more:
libs 4.6Mb
Flavor: r-oldrel-macos-arm64