CRAN Package Check Results for Package seecolor

Last updated on 2025-01-20 13:48:37 CET.

Flavor Version Tinstall Tcheck Ttotal Status Flags
r-devel-linux-x86_64-debian-clang 0.2.0 2.15 26.15 28.30 OK
r-devel-linux-x86_64-debian-gcc 0.2.0 1.80 20.78 22.58 OK
r-devel-linux-x86_64-fedora-clang 0.2.0 46.63 NOTE
r-devel-linux-x86_64-fedora-gcc 0.2.0 58.68 NOTE
r-devel-windows-x86_64 0.2.0 5.00 48.00 53.00 OK
r-patched-linux-x86_64 0.2.0 2.32 24.48 26.80 OK
r-release-linux-x86_64 0.2.0 2.30 24.80 27.10 OK
r-release-macos-arm64 0.2.0 27.00 OK
r-release-macos-x86_64 0.2.0 39.00 OK
r-release-windows-x86_64 0.2.0 4.00 50.00 54.00 OK
r-oldrel-macos-arm64 0.2.0 26.00 OK
r-oldrel-macos-x86_64 0.2.0 34.00 OK
r-oldrel-windows-x86_64 0.2.0 3.00 50.00 53.00 OK

Check Details

Version: 0.2.0
Check: dependencies in R code
Result: NOTE Namespace in Imports field not imported from: ‘fansi’ All declared Imports should be used. Flavors: r-devel-linux-x86_64-fedora-clang, r-devel-linux-x86_64-fedora-gcc