CRAN Package Check Results for Package seededlda

Last updated on 2021-04-11 23:47:12 CEST.

Flavor Version Tinstall Tcheck Ttotal Status Flags
r-devel-linux-x86_64-debian-clang 0.6.0 46.07 415.27 461.34 OK
r-devel-linux-x86_64-debian-gcc 0.6.0 33.57 207.48 241.05 OK
r-devel-linux-x86_64-fedora-clang 0.6.0 464.19 OK
r-devel-linux-x86_64-fedora-gcc 0.6.0 237.86 OK
r-devel-windows-ix86+x86_64 0.5.1 114.00 585.00 699.00 NOTE
r-devel-windows-x86_64-gcc10-UCRT 0.6.0 OK
r-patched-linux-x86_64 0.5.1 38.19 239.29 277.48 OK
r-patched-solaris-x86 0.6.0 828.40 OK
r-release-linux-x86_64 0.6.0 37.11 284.71 321.82 OK
r-release-macos-x86_64 0.6.0 OK
r-release-windows-ix86+x86_64 0.6.0 92.00 502.00 594.00 OK
r-oldrel-macos-x86_64 0.6.0 OK
r-oldrel-windows-ix86+x86_64 0.5.1 94.00 627.00 721.00 OK

Check Details

Version: 0.5.1
Check: LazyData
Result: NOTE
     'LazyData' is specified without a 'data' directory
Flavor: r-devel-windows-ix86+x86_64