CRAN Package Check Results for Package seedwater

Last updated on 2020-05-25 10:49:09 CEST.

Flavor Version Tinstall Tcheck Ttotal Status Flags
r-devel-linux-x86_64-debian-clang 1.0 3.71 26.22 29.93 OK
r-devel-linux-x86_64-debian-gcc 1.0 3.05 21.49 24.54 OK
r-devel-linux-x86_64-fedora-clang 1.0 38.31 OK
r-devel-linux-x86_64-fedora-gcc 1.0 37.33 OK
r-devel-windows-ix86+x86_64 1.0 17.00 67.00 84.00 OK
r-patched-linux-x86_64 1.0 3.98 27.44 31.42 OK
r-patched-solaris-x86 1.0 58.80 OK
r-release-linux-x86_64 1.0 3.88 27.22 31.10 OK
r-release-osx-x86_64 1.0 ERROR
r-release-windows-ix86+x86_64 1.0 12.00 80.00 92.00 OK
r-oldrel-osx-x86_64 1.0 ERROR
r-oldrel-windows-ix86+x86_64 1.0 12.00 78.00 90.00 OK

Check Details

Version: 1.0
Check: package dependencies
Result: ERROR
    Package required but not available: ‘rpanel’
    
    See section ‘The DESCRIPTION file’ in the ‘Writing R Extensions’
    manual.
Flavors: r-release-osx-x86_64, r-oldrel-osx-x86_64