CRAN Package Check Results for Package segmag

Last updated on 2020-07-16 19:47:34 CEST.

Flavor Version Tinstall Tcheck Ttotal Status Flags
r-devel-linux-x86_64-debian-clang 1.2.4 28.40 29.15 57.55 OK
r-devel-linux-x86_64-debian-gcc 1.2.4 18.84 23.09 41.93 OK
r-devel-linux-x86_64-fedora-clang 1.2.4 79.89 NOTE
r-devel-linux-x86_64-fedora-gcc 1.2.4 66.21 NOTE
r-devel-windows-ix86+x86_64 1.2.4 68.00 68.00 136.00 OK
r-patched-linux-x86_64 1.2.4 16.57 28.73 45.30 OK
r-patched-solaris-x86 1.2.4 76.30 OK
r-release-linux-x86_64 1.2.4 18.01 28.99 47.00 OK
r-release-windows-ix86+x86_64 1.2.4 63.00 64.00 127.00 OK
r-oldrel-macos-x86_64 1.2.4 OK
r-oldrel-windows-ix86+x86_64 1.2.4 62.00 79.00 141.00 OK

Check Details

Version: 1.2.4
Check: compiled code
Result: NOTE
    File ‘segmag/libs/segmag.so’:
     Found no calls to: ‘R_registerRoutines’, ‘R_useDynamicSymbols’
    
    It is good practice to register native routines and to disable symbol
    search.
    
    See ‘Writing portable packages’ in the ‘Writing R Extensions’ manual.
Flavors: r-devel-linux-x86_64-fedora-clang, r-devel-linux-x86_64-fedora-gcc