CRAN Package Check Results for Package segmag

Last updated on 2019-06-16 02:48:18 CEST.

Flavor Version Tinstall Tcheck Ttotal Status Flags
r-devel-linux-x86_64-debian-clang 1.2.4 20.61 25.56 46.17 OK
r-devel-linux-x86_64-debian-gcc 1.2.4 13.27 20.63 33.90 OK
r-devel-linux-x86_64-fedora-clang 1.2.4 61.51 NOTE
r-devel-linux-x86_64-fedora-gcc 1.2.4 54.69 NOTE
r-devel-windows-ix86+x86_64 1.2.4 50.00 60.00 110.00 OK
r-patched-linux-x86_64 1.2.4 16.87 25.53 42.40 OK
r-patched-solaris-x86 1.2.4 73.00 OK
r-release-linux-x86_64 1.2.4 16.00 25.67 41.67 OK
r-release-windows-ix86+x86_64 1.2.4 35.00 78.00 113.00 OK
r-release-osx-x86_64 1.2.4 OK
r-oldrel-windows-ix86+x86_64 1.2.4 32.00 69.00 101.00 OK
r-oldrel-osx-x86_64 1.2.4 OK

Check Details

Version: 1.2.4
Check: compiled code
Result: NOTE
    File ‘segmag/libs/segmag.so’:
     Found no calls to: ‘R_registerRoutines’, ‘R_useDynamicSymbols’
    
    It is good practice to register native routines and to disable symbol
    search.
    
    See ‘Writing portable packages’ in the ‘Writing R Extensions’ manual.
Flavors: r-devel-linux-x86_64-fedora-clang, r-devel-linux-x86_64-fedora-gcc