CRAN Package Check Results for Package segmag

Last updated on 2019-08-19 11:49:14 CEST.

Flavor Version Tinstall Tcheck Ttotal Status Flags
r-devel-linux-x86_64-debian-clang 1.2.4 21.15 25.72 46.87 OK
r-devel-linux-x86_64-debian-gcc 1.2.4 13.95 20.82 34.77 OK
r-devel-linux-x86_64-fedora-clang 1.2.4 63.84 NOTE
r-devel-linux-x86_64-fedora-gcc 1.2.4 58.31 NOTE
r-devel-windows-ix86+x86_64 1.2.4 55.00 66.00 121.00 OK
r-patched-linux-x86_64 1.2.4 18.33 25.58 43.91 OK
r-patched-solaris-x86 1.2.4 75.50 OK
r-release-linux-x86_64 1.2.4 14.91 25.33 40.24 OK
r-release-windows-ix86+x86_64 1.2.4 34.00 52.00 86.00 OK
r-release-osx-x86_64 1.2.4 OK
r-oldrel-windows-ix86+x86_64 1.2.4 46.00 76.00 122.00 OK
r-oldrel-osx-x86_64 1.2.4 OK

Check Details

Version: 1.2.4
Check: compiled code
Result: NOTE
    File ‘segmag/libs/segmag.so’:
     Found no calls to: ‘R_registerRoutines’, ‘R_useDynamicSymbols’
    
    It is good practice to register native routines and to disable symbol
    search.
    
    See ‘Writing portable packages’ in the ‘Writing R Extensions’ manual.
Flavors: r-devel-linux-x86_64-fedora-clang, r-devel-linux-x86_64-fedora-gcc