CRAN Package Check Results for Package segregatr

Last updated on 2021-09-19 15:49:41 CEST.

Flavor Version Tinstall Tcheck Ttotal Status Flags
r-devel-linux-x86_64-debian-clang 0.2.0 7.09 60.54 67.63 OK
r-devel-linux-x86_64-debian-gcc 0.2.0 5.53 47.63 53.16 OK
r-devel-linux-x86_64-fedora-clang 0.2.0 89.28 OK
r-devel-linux-x86_64-fedora-gcc 0.2.0 78.08 OK
r-devel-windows-x86_64 0.2.0 9.00 85.00 94.00 OK
r-devel-windows-x86_64-gcc10-UCRT 0.2.0 ERROR
r-patched-linux-x86_64 0.2.0 5.84 59.16 65.00 OK
r-patched-solaris-x86 0.2.0 119.60 OK
r-release-linux-x86_64 0.2.0 6.81 58.17 64.98 OK
r-release-macos-arm64 0.2.0 OK
r-release-macos-x86_64 0.2.0 OK
r-release-windows-ix86+x86_64 0.2.0 16.00 62.00 78.00 OK
r-oldrel-macos-x86_64 0.2.0 OK
r-oldrel-windows-ix86+x86_64 0.2.0 16.00 54.00 70.00 OK

Check Details

Version: 0.2.0
Check: whether package can be installed
Result: WARN
    Found the following significant warnings:
     WARNING: installation-time patches will not be applied, could not get the patches index
Flavor: r-devel-windows-x86_64-gcc10-UCRT

Version: 0.2.0
Check: PDF version of manual
Result: WARN
    LaTeX errors when creating PDF version.
    This typically indicates Rd problems.
Flavor: r-devel-windows-x86_64-gcc10-UCRT

Version: 0.2.0
Check: PDF version of manual without hyperrefs or index
Result: ERROR
    Re-running with no redirection of stdout/stderr.
Flavor: r-devel-windows-x86_64-gcc10-UCRT