Last updated on 2022-08-07 20:52:26 CEST.
Flavor | Version | Tinstall | Tcheck | Ttotal | Status | Flags |
---|---|---|---|---|---|---|
r-devel-linux-x86_64-debian-clang | 0.0.3 | 5.61 | 49.12 | 54.73 | OK | |
r-devel-linux-x86_64-debian-gcc | 0.0.3 | 4.15 | 37.94 | 42.09 | OK | |
r-devel-linux-x86_64-fedora-clang | 0.0.3 | 201.83 | OK | |||
r-devel-linux-x86_64-fedora-gcc | 0.0.3 | 192.04 | OK | |||
r-devel-windows-x86_64 | 0.0.3 | 15.00 | 128.00 | 143.00 | OK | |
r-patched-linux-x86_64 | 0.0.3 | 5.39 | 47.24 | 52.63 | OK | |
r-release-linux-x86_64 | 0.0.3 | 4.39 | 0.02 | 4.41 | FAIL | |
r-release-macos-arm64 | 0.0.3 | 109.00 | OK | |||
r-release-macos-x86_64 | 0.0.3 | 217.00 | OK | |||
r-release-windows-x86_64 | 0.0.3 | 16.00 | 233.00 | 249.00 | OK | |
r-oldrel-macos-arm64 | 0.0.3 | 79.00 | OK | |||
r-oldrel-macos-x86_64 | 0.0.3 | 158.00 | OK | |||
r-oldrel-windows-ix86+x86_64 | 0.0.3 | 14.00 | 135.00 | 149.00 | OK |
Version: 0.0.3
Check: package dependencies
Result: FAIL
Flavor: r-release-linux-x86_64