CRAN Package Check Results for Package seismic

Last updated on 2021-06-13 21:48:26 CEST.

Flavor Version Tinstall Tcheck Ttotal Status Flags
r-devel-linux-x86_64-debian-clang 1.0 2.06 25.53 27.59 NOTE
r-devel-linux-x86_64-debian-gcc 1.0 1.66 20.73 22.39 NOTE
r-devel-linux-x86_64-fedora-clang 1.0 43.25 NOTE
r-devel-linux-x86_64-fedora-gcc 1.0 34.42 NOTE
r-devel-windows-x86_64 1.0 3.00 33.00 36.00 NOTE
r-devel-windows-x86_64-gcc10-UCRT 1.0 NOTE
r-patched-linux-x86_64 1.0 1.88 25.11 26.99 NOTE
r-patched-solaris-x86 1.0 54.10 NOTE
r-release-linux-x86_64 1.0 1.83 25.36 27.19 NOTE
r-release-macos-arm64 1.0 NOTE
r-release-macos-x86_64 1.0 NOTE
r-release-windows-ix86+x86_64 1.0 4.00 33.00 37.00 NOTE
r-oldrel-macos-x86_64 1.0 NOTE
r-oldrel-windows-ix86+x86_64 1.0 3.00 29.00 32.00 NOTE

Check Details

Version: 1.0
Check: R code for possible problems
Result: NOTE
    get.infectiousness: no visible global function definition for 'qchisq'
    Undefined global functions or variables:
     qchisq
    Consider adding
     importFrom("stats", "qchisq")
    to your NAMESPACE file.
Flavors: r-devel-linux-x86_64-debian-clang, r-devel-linux-x86_64-debian-gcc, r-devel-linux-x86_64-fedora-clang, r-devel-linux-x86_64-fedora-gcc, r-devel-windows-x86_64, r-devel-windows-x86_64-gcc10-UCRT, r-patched-linux-x86_64, r-patched-solaris-x86, r-release-linux-x86_64, r-release-macos-arm64, r-release-macos-x86_64, r-release-windows-ix86+x86_64, r-oldrel-macos-x86_64, r-oldrel-windows-ix86+x86_64