CRAN Package Check Results for Package sejmRP

Last updated on 2022-05-17 21:50:58 CEST.

Flavor Version Tinstall Tcheck Ttotal Status Flags
r-devel-linux-x86_64-debian-clang 1.3.4 9.83 73.75 83.58 NOTE
r-devel-linux-x86_64-debian-gcc 1.3.4 6.83 56.14 62.97 NOTE
r-devel-linux-x86_64-fedora-clang 1.3.4 96.45 NOTE
r-devel-linux-x86_64-fedora-gcc 1.3.4 94.54 NOTE
r-devel-windows-x86_64 1.3.4 29.00 94.00 123.00 NOTE
r-patched-linux-x86_64 1.3.4 8.61 69.13 77.74 NOTE
r-release-linux-x86_64 1.3.4 8.74 70.87 79.61 NOTE
r-release-macos-arm64 1.3.4 27.00 NOTE
r-release-macos-x86_64 1.3.4 46.00 NOTE
r-release-windows-x86_64 1.3.4 40.00 93.00 133.00 NOTE
r-oldrel-macos-arm64 1.3.4 29.00 NOTE
r-oldrel-macos-x86_64 1.3.4 51.00 NOTE
r-oldrel-windows-ix86+x86_64 1.3.4 21.00 84.00 105.00 NOTE

Check Details

Version: 1.3.4
Check: LazyData
Result: NOTE
     'LazyData' is specified without a 'data' directory
Flavors: r-devel-linux-x86_64-debian-clang, r-devel-linux-x86_64-debian-gcc, r-devel-linux-x86_64-fedora-clang, r-devel-linux-x86_64-fedora-gcc, r-devel-windows-x86_64, r-patched-linux-x86_64, r-release-linux-x86_64, r-release-macos-arm64, r-release-macos-x86_64, r-release-windows-x86_64, r-oldrel-macos-arm64, r-oldrel-macos-x86_64, r-oldrel-windows-ix86+x86_64

Version: 1.3.4
Check: dependencies in R code
Result: NOTE
    Namespaces in Imports field not imported from:
     ‘cluster’ ‘factoextra’ ‘tidyr’
     All declared Imports should be used.
Flavors: r-devel-linux-x86_64-fedora-clang, r-devel-linux-x86_64-fedora-gcc, r-release-macos-arm64, r-release-macos-x86_64, r-oldrel-macos-arm64, r-oldrel-macos-x86_64