CRAN Package Check Results for Package sejmRP

Last updated on 2022-10-03 18:52:19 CEST.

Flavor Version Tinstall Tcheck Ttotal Status Flags
r-devel-linux-x86_64-debian-clang 1.3.4 7.36 65.91 73.27 NOTE
r-devel-linux-x86_64-debian-gcc 1.3.4 5.64 49.77 55.41 NOTE
r-devel-linux-x86_64-fedora-clang 1.3.4 103.46 NOTE
r-devel-linux-x86_64-fedora-gcc 1.3.4 103.10 NOTE
r-devel-windows-x86_64 1.3.4 34.00 94.00 128.00 NOTE
r-patched-linux-x86_64 1.3.4 9.59 60.94 70.53 NOTE
r-release-linux-x86_64 1.3.4 7.52 61.55 69.07 NOTE
r-release-macos-arm64 1.3.4 27.00 NOTE
r-release-macos-x86_64 1.3.4 46.00 NOTE
r-release-windows-x86_64 1.3.4 26.00 93.00 119.00 NOTE
r-oldrel-macos-arm64 1.3.4 29.00 NOTE
r-oldrel-macos-x86_64 1.3.4 51.00 NOTE
r-oldrel-windows-ix86+x86_64 1.3.4 21.00 89.00 110.00 NOTE

Check Details

Version: 1.3.4
Check: LazyData
Result: NOTE
     'LazyData' is specified without a 'data' directory
Flavors: r-devel-linux-x86_64-debian-clang, r-devel-linux-x86_64-debian-gcc, r-devel-linux-x86_64-fedora-clang, r-devel-linux-x86_64-fedora-gcc, r-devel-windows-x86_64, r-patched-linux-x86_64, r-release-linux-x86_64, r-release-macos-arm64, r-release-macos-x86_64, r-release-windows-x86_64, r-oldrel-macos-arm64, r-oldrel-macos-x86_64, r-oldrel-windows-ix86+x86_64

Version: 1.3.4
Check: dependencies in R code
Result: NOTE
    Namespaces in Imports field not imported from:
     ‘cluster’ ‘factoextra’ ‘tidyr’
     All declared Imports should be used.
Flavors: r-devel-linux-x86_64-fedora-clang, r-devel-linux-x86_64-fedora-gcc, r-release-macos-arm64, r-release-macos-x86_64, r-oldrel-macos-arm64, r-oldrel-macos-x86_64