CRAN Package Check Results for Package selectMeta

Last updated on 2025-01-19 20:48:30 CET.

Flavor Version Tinstall Tcheck Ttotal Status Flags
r-devel-linux-x86_64-debian-clang 1.0.8 2.51 23.74 26.25 NOTE
r-devel-linux-x86_64-debian-gcc 1.0.8 1.85 19.09 20.94 NOTE
r-devel-linux-x86_64-fedora-clang 1.0.8 43.19 OK
r-devel-linux-x86_64-fedora-gcc 1.0.8 42.05 OK
r-devel-windows-x86_64 1.0.8 3.00 47.00 50.00 NOTE
r-patched-linux-x86_64 1.0.8 4.08 22.85 26.93 OK
r-release-linux-x86_64 1.0.8 2.53 23.38 25.91 OK
r-release-macos-arm64 1.0.8 17.00 OK
r-release-macos-x86_64 1.0.8 24.00 OK
r-release-windows-x86_64 1.0.8 5.00 48.00 53.00 OK
r-oldrel-macos-arm64 1.0.8 19.00 OK
r-oldrel-macos-x86_64 1.0.8 23.00 OK
r-oldrel-windows-x86_64 1.0.8 4.00 45.00 49.00 OK

Check Details

Version: 1.0.8
Check: Rd cross-references
Result: NOTE Found the following Rd file(s) with Rd \link{} targets missing package anchors: DearBegg.Rd: DEoptim Please provide package anchors for all Rd \link{} targets not in the package itself and the base packages. Flavors: r-devel-linux-x86_64-debian-clang, r-devel-linux-x86_64-debian-gcc, r-devel-windows-x86_64