CRAN Package Check Results for Package selectapref

Last updated on 2022-08-10 20:54:56 CEST.

Flavor Version Tinstall Tcheck Ttotal Status Flags
r-devel-linux-x86_64-debian-clang 0.1.2 1.74 19.85 21.59 NOTE
r-devel-linux-x86_64-debian-gcc 0.1.2 1.58 15.70 17.28 NOTE
r-devel-linux-x86_64-fedora-clang 0.1.2 37.01 NOTE
r-devel-linux-x86_64-fedora-gcc 0.1.2 38.06 NOTE
r-devel-windows-x86_64 0.1.2 11.00 40.00 51.00 NOTE
r-patched-linux-x86_64 0.1.2 2.05 19.44 21.49 NOTE
r-release-linux-x86_64 0.1.2 NOTE
r-release-macos-arm64 0.1.2 14.00 NOTE
r-release-macos-x86_64 0.1.2 18.00 NOTE
r-release-windows-x86_64 0.1.2 5.00 40.00 45.00 NOTE
r-oldrel-macos-arm64 0.1.2 16.00 NOTE
r-oldrel-macos-x86_64 0.1.2 22.00 NOTE
r-oldrel-windows-ix86+x86_64 0.1.2 4.00 24.00 28.00 NOTE

Check Details

Version: 0.1.2
Check: LazyData
Result: NOTE
     'LazyData' is specified without a 'data' directory
Flavors: r-devel-linux-x86_64-debian-clang, r-devel-linux-x86_64-debian-gcc, r-devel-linux-x86_64-fedora-clang, r-devel-linux-x86_64-fedora-gcc, r-devel-windows-x86_64, r-patched-linux-x86_64, r-release-linux-x86_64, r-release-macos-arm64, r-release-macos-x86_64, r-release-windows-x86_64, r-oldrel-macos-arm64, r-oldrel-macos-x86_64, r-oldrel-windows-ix86+x86_64