CRAN Package Check Results for Package selectiveInference

Last updated on 2021-09-16 20:51:44 CEST.

Flavor Version Tinstall Tcheck Ttotal Status Flags
r-devel-linux-x86_64-debian-clang 1.2.5 62.01 119.74 181.75 OK
r-devel-linux-x86_64-debian-gcc 1.2.5 39.83 87.73 127.56 OK
r-devel-linux-x86_64-fedora-clang 1.2.5 217.46 OK
r-devel-linux-x86_64-fedora-gcc 1.2.5 194.24 OK
r-devel-windows-x86_64 1.2.5 68.00 155.00 223.00 OK
r-devel-windows-x86_64-gcc10-UCRT 1.2.5 NOTE
r-patched-linux-x86_64 1.2.5 47.00 111.80 158.80 OK
r-patched-solaris-x86 1.2.5 227.30 OK
r-release-linux-x86_64 1.2.5 50.92 111.36 162.28 OK
r-release-macos-arm64 1.2.5 OK
r-release-macos-x86_64 1.2.5 OK
r-release-windows-ix86+x86_64 1.2.5 113.00 149.00 262.00 OK
r-oldrel-macos-x86_64 1.2.5 OK
r-oldrel-windows-ix86+x86_64 1.2.5 84.00 201.00 285.00 OK

Check Details

Version: 1.2.5
Check: line endings in C/C++/Fortran sources/headers
Result: NOTE
    Found the following sources/headers with CR or CRLF line endings:
     src/RcppExports.cpp
    Some Unix compilers require LF line endings.
Flavor: r-devel-windows-x86_64-gcc10-UCRT