CRAN Package Check Results for Package semEff

Last updated on 2021-10-25 11:55:23 CEST.

Flavor Version Tinstall Tcheck Ttotal Status Flags
r-devel-linux-x86_64-debian-clang 0.6.0 19.23 146.74 165.97 OK
r-devel-linux-x86_64-debian-gcc 0.6.0 14.17 109.86 124.03 OK
r-devel-linux-x86_64-fedora-clang 0.6.0 201.98 OK
r-devel-linux-x86_64-fedora-gcc 0.6.0 192.69 OK
r-devel-windows-x86_64 0.6.0 25.00 138.00 163.00 OK
r-devel-windows-x86_64-gcc10-UCRT 0.6.0 OK
r-patched-linux-x86_64 0.6.0 18.27 144.72 162.99 OK
r-patched-solaris-x86 0.6.0 257.00 WARN
r-release-linux-x86_64 0.6.0 15.54 144.12 159.66 OK
r-release-macos-arm64 0.5.0 OK
r-release-macos-x86_64 0.6.0 OK
r-release-windows-ix86+x86_64 0.6.0 24.00 193.00 217.00 OK
r-oldrel-macos-x86_64 0.6.0 OK
r-oldrel-windows-ix86+x86_64 0.6.0 23.00 140.00 163.00 OK

Check Details

Version: 0.6.0
Check: re-building of vignette outputs
Result: WARN
    Error(s) in re-building vignettes:
     ...
    --- re-building ‘predicting-effects.Rmd’ using rmarkdown
    Pandoc is required to build R Markdown vignettes but not available. Please make sure it is installed.
    Warning: Using alpha for a discrete variable is not advised.
    Warning: Using alpha for a discrete variable is not advised.
    --- finished re-building ‘predicting-effects.Rmd’
    
    --- re-building ‘semEff.Rmd’ using rmarkdown
    Pandoc is required to build R Markdown vignettes but not available. Please make sure it is installed.
    Warning: The `x` argument of `as_tibble.matrix()` must have unique column names if `.name_repair` is omitted as of tibble 2.0.0.
    Using compatibility `.name_repair`.
    This warning is displayed once every 8 hours.
    Call `lifecycle::last_lifecycle_warnings()` to see where this warning was generated.
    Quitting from lines 50-55 (semEff.Rmd)
    Error: processing vignette 'semEff.Rmd' failed with diagnostics:
    there is no package called 'webshot'
    --- failed re-building ‘semEff.Rmd’
    
    SUMMARY: processing the following file failed:
     ‘semEff.Rmd’
    
    Error: Vignette re-building failed.
    Execution halted
Flavor: r-patched-solaris-x86