Last updated on 2022-05-21 17:51:03 CEST.
Flavor | Version | Tinstall | Tcheck | Ttotal | Status | Flags |
---|---|---|---|---|---|---|
r-devel-linux-x86_64-debian-clang | 0.6.0 | 17.14 | 168.23 | 185.37 | OK | |
r-devel-linux-x86_64-debian-gcc | 0.6.0 | 15.73 | 123.97 | 139.70 | OK | |
r-devel-linux-x86_64-fedora-clang | 0.6.0 | 216.04 | OK | |||
r-devel-linux-x86_64-fedora-gcc | 0.6.0 | 226.20 | OK | |||
r-devel-windows-x86_64 | 0.6.0 | 41.00 | 191.00 | 232.00 | OK | |
r-patched-linux-x86_64 | 0.6.0 | 22.61 | 161.36 | 183.97 | OK | |
r-release-linux-x86_64 | 0.6.0 | 18.85 | 161.13 | 179.98 | OK | |
r-release-macos-arm64 | 0.6.0 | 60.00 | NOTE | |||
r-release-macos-x86_64 | 0.6.0 | 108.00 | OK | |||
r-release-windows-x86_64 | 0.6.0 | 37.00 | 195.00 | 232.00 | OK | |
r-oldrel-macos-arm64 | 0.6.0 | 67.00 | NOTE | |||
r-oldrel-macos-x86_64 | 0.6.0 | 88.00 | OK | |||
r-oldrel-windows-ix86+x86_64 | 0.6.0 | 33.00 | 195.00 | 228.00 | OK |
Version: 0.6.0
Check: installed package size
Result: NOTE
installed size is 5.3Mb
sub-directories of 1Mb or more:
data 2.1Mb
doc 2.9Mb
Flavors: r-release-macos-arm64, r-oldrel-macos-arm64