CRAN Package Check Results for Package semantic.assets

Last updated on 2025-01-18 06:48:33 CET.

Flavor Version Tinstall Tcheck Ttotal Status Flags
r-devel-linux-x86_64-debian-clang 1.1.0 4.79 22.59 27.38 OK
r-devel-linux-x86_64-debian-gcc 1.1.0 3.27 18.36 21.63 OK
r-devel-linux-x86_64-fedora-clang 1.1.0 40.44 OK
r-devel-linux-x86_64-fedora-gcc 1.1.0 39.12 OK
r-devel-windows-x86_64 1.1.0 8.00 44.00 52.00 OK
r-patched-linux-x86_64 1.1.0 4.94 21.59 26.53 OK
r-release-linux-x86_64 1.1.0 4.71 21.56 26.27 OK
r-release-macos-arm64 1.1.0 19.00 NOTE
r-release-macos-x86_64 1.1.0 29.00 NOTE
r-release-windows-x86_64 1.1.0 8.00 52.00 60.00 NOTE
r-oldrel-macos-arm64 1.1.0 23.00 NOTE
r-oldrel-macos-x86_64 1.1.0 40.00 NOTE
r-oldrel-windows-x86_64 1.1.0 7.00 45.00 52.00 NOTE

Check Details

Version: 1.1.0
Check: installed package size
Result: NOTE installed size is 34.5Mb sub-directories of 1Mb or more: www 34.4Mb Flavors: r-release-macos-arm64, r-release-macos-x86_64, r-release-windows-x86_64, r-oldrel-macos-arm64, r-oldrel-macos-x86_64, r-oldrel-windows-x86_64