CRAN Package Check Results for Package semdrw

Last updated on 2020-02-19 05:47:28 CET.

Flavor Version Tinstall Tcheck Ttotal Status Flags
r-devel-linux-x86_64-debian-clang 0.1.0 1.79 17.30 19.09 OK
r-devel-linux-x86_64-debian-gcc 0.1.0 1.85 14.00 15.85 OK
r-devel-linux-x86_64-fedora-clang 0.1.0 25.56 NOTE
r-devel-linux-x86_64-fedora-gcc 0.1.0 24.62 NOTE
r-devel-windows-ix86+x86_64 0.1.0 9.00 31.00 40.00 OK
r-devel-windows-ix86+x86_64-gcc8 0.1.0 13.00 31.00 44.00 OK
r-patched-linux-x86_64 0.1.0 1.67 15.86 17.53 OK
r-patched-solaris-x86 0.1.0 37.90 NOTE
r-release-linux-x86_64 0.1.0 1.72 15.84 17.56 OK
r-release-windows-ix86+x86_64 0.1.0 8.00 27.00 35.00 OK
r-release-osx-x86_64 0.1.0 NOTE
r-oldrel-windows-ix86+x86_64 0.1.0 4.00 28.00 32.00 OK
r-oldrel-osx-x86_64 0.1.0 NOTE

Check Details

Version: 0.1.0
Check: dependencies in R code
Result: NOTE
    Namespaces in Imports field not imported from:
     ‘dplyr’ ‘lavaan’ ‘psych’ ‘semPlot’ ‘semTools’ ‘shinyAce’
     All declared Imports should be used.
Flavors: r-devel-linux-x86_64-fedora-clang, r-devel-linux-x86_64-fedora-gcc, r-patched-solaris-x86, r-release-osx-x86_64, r-oldrel-osx-x86_64