CRAN Package Check Results for Package semds

Last updated on 2019-03-24 04:47:24 CET.

Flavor Version Tinstall Tcheck Ttotal Status Flags
r-devel-linux-x86_64-debian-clang 0.9-6 2.20 38.07 40.27 OK
r-devel-linux-x86_64-debian-gcc 0.9-6 1.67 29.10 30.77 OK
r-devel-linux-x86_64-fedora-clang 0.9-6 45.64 OK
r-devel-linux-x86_64-fedora-gcc 0.9-6 42.85 OK
r-devel-windows-ix86+x86_64 0.9-6 8.00 45.00 53.00 OK
r-patched-linux-x86_64 0.9-6 1.39 36.56 37.95 OK
r-patched-solaris-x86 0.9-6 66.70 OK
r-release-linux-x86_64 0.9-6 0.31 1.83 2.14 ERROR
r-release-windows-ix86+x86_64 0.9-6 3.00 48.00 51.00 OK
r-release-osx-x86_64 0.9-6 OK
r-oldrel-windows-ix86+x86_64 0.9-6 4.00 57.00 61.00 OK
r-oldrel-osx-x86_64 0.9-6 OK

Check Details

Version: 0.9-6
Check: whether package can be installed
Result: ERROR
    Installation failed.
Flavor: r-release-linux-x86_64