Last updated on 2023-11-29 05:52:31 CET.
Flavor | Version | Tinstall | Tcheck | Ttotal | Status | Flags |
---|---|---|---|---|---|---|
r-devel-linux-x86_64-debian-clang | 2.3.2 | 9.93 | 160.63 | 170.56 | OK | |
r-devel-linux-x86_64-debian-gcc | 2.3.2 | 6.68 | 121.30 | 127.98 | OK | |
r-devel-linux-x86_64-fedora-clang | 2.3.2 | 223.06 | NOTE | |||
r-devel-linux-x86_64-fedora-gcc | 2.3.2 | 256.51 | NOTE | |||
r-devel-windows-x86_64 | 2.3.2 | 9.00 | 309.00 | 318.00 | OK | |
r-patched-linux-x86_64 | 2.3.2 | 8.12 | 156.02 | 164.14 | OK | |
r-release-linux-x86_64 | 2.3.2 | 5.43 | 156.76 | 162.19 | OK | |
r-release-macos-arm64 | 2.3.2 | 153.00 | OK | |||
r-release-macos-x86_64 | 2.3.2 | 229.00 | NOTE | |||
r-release-windows-x86_64 | 2.3.2 | 12.00 | 384.00 | 396.00 | OK | |
r-oldrel-macos-arm64 | 2.3.2 | 130.00 | NOTE | |||
r-oldrel-macos-x86_64 | 2.3.2 | 177.00 | NOTE | |||
r-oldrel-windows-x86_64 | 2.3.2 | 13.00 | 365.00 | 378.00 | OK |
Version: 2.3.2
Check: dependencies in R code
Result: NOTE
Namespaces in Imports field not imported from:
‘knitr’ ‘rmarkdown’ ‘webp’
All declared Imports should be used.
Flavors: r-devel-linux-x86_64-fedora-clang, r-devel-linux-x86_64-fedora-gcc, r-oldrel-macos-arm64, r-oldrel-macos-x86_64
Version: 2.3.2
Check: package dependencies
Result: NOTE
Package which this enhances but not available for checking: ‘semPlot’
Flavor: r-release-macos-x86_64