CRAN Package Check Results for Package sendmailR

Last updated on 2019-03-23 03:53:53 CET.

Flavor Version Tinstall Tcheck Ttotal Status Flags
r-devel-linux-x86_64-debian-clang 1.2-1 1.67 18.32 19.99 NOTE
r-devel-linux-x86_64-debian-gcc 1.2-1 1.52 14.84 16.36 NOTE
r-devel-linux-x86_64-fedora-clang 1.2-1 24.15 NOTE
r-devel-linux-x86_64-fedora-gcc 1.2-1 23.09 NOTE
r-devel-windows-ix86+x86_64 1.2-1 6.00 41.00 47.00 NOTE
r-patched-linux-x86_64 1.2-1 1.04 17.21 18.25 NOTE
r-patched-solaris-x86 1.2-1 34.60 NOTE
r-release-linux-x86_64 1.2-1 0.25 1.85 2.10 ERROR
r-release-windows-ix86+x86_64 1.2-1 3.00 30.00 33.00 NOTE
r-release-osx-x86_64 1.2-1 NOTE
r-oldrel-windows-ix86+x86_64 1.2-1 3.00 44.00 47.00 NOTE
r-oldrel-osx-x86_64 1.2-1 NOTE

Check Details

Version: 1.2-1
Check: R code for possible problems
Result: NOTE
    .plot_attachment: no visible global function definition for 'dev.off'
    .update_list: no visible global function definition for 'modifyList'
    mime_part.data.frame: no visible global function definition for
     'write.table'
    mime_part.ggplot: no visible binding for global variable 'pdf'
    mime_part.matrix: no visible global function definition for
     'write.table'
    mime_part.trellis: no visible binding for global variable 'pdf'
    Undefined global functions or variables:
     dev.off modifyList pdf write.table
    Consider adding
     importFrom("grDevices", "dev.off", "pdf")
     importFrom("utils", "modifyList", "write.table")
    to your NAMESPACE file.
Flavors: r-devel-linux-x86_64-debian-clang, r-devel-linux-x86_64-debian-gcc, r-devel-linux-x86_64-fedora-clang, r-devel-linux-x86_64-fedora-gcc, r-devel-windows-ix86+x86_64, r-patched-linux-x86_64, r-patched-solaris-x86, r-release-windows-ix86+x86_64, r-release-osx-x86_64, r-oldrel-windows-ix86+x86_64, r-oldrel-osx-x86_64

Version: 1.2-1
Check: whether package can be installed
Result: ERROR
    Installation failed.
Flavor: r-release-linux-x86_64