CRAN Package Check Results for Package sensitivity

Last updated on 2025-01-18 23:48:35 CET.

Flavor Version Tinstall Tcheck Ttotal Status Flags
r-devel-linux-x86_64-debian-clang 1.30.1 88.90 198.12 287.02 OK
r-devel-linux-x86_64-debian-gcc 1.30.1 54.80 127.06 181.86 OK
r-devel-linux-x86_64-fedora-clang 1.30.1 504.35 OK
r-devel-linux-x86_64-fedora-gcc 1.30.1 492.65 OK
r-devel-windows-x86_64 1.30.1 94.00 218.00 312.00 OK
r-patched-linux-x86_64 1.30.1 90.21 180.11 270.32 OK
r-release-linux-x86_64 1.30.1 81.93 181.94 263.87 OK
r-release-macos-arm64 1.30.1 109.00 NOTE
r-release-macos-x86_64 1.30.1 257.00 NOTE
r-release-windows-x86_64 1.30.1 88.00 216.00 304.00 OK
r-oldrel-macos-arm64 1.30.1 111.00 NOTE
r-oldrel-macos-x86_64 1.30.1 191.00 NOTE
r-oldrel-windows-x86_64 1.30.1 112.00 295.00 407.00 OK

Check Details

Version: 1.30.1
Check: installed package size
Result: NOTE installed size is 5.5Mb sub-directories of 1Mb or more: R 2.3Mb libs 2.6Mb Flavors: r-release-macos-arm64, r-release-macos-x86_64, r-oldrel-macos-arm64, r-oldrel-macos-x86_64