CRAN Package Check Results for Package sensitivity2x2xk

Last updated on 2023-12-06 01:56:17 CET.

Flavor Version Tinstall Tcheck Ttotal Status Flags
r-devel-linux-x86_64-debian-clang 1.01 2.49 25.65 28.14 NOTE
r-devel-linux-x86_64-debian-gcc 1.01 2.13 19.70 21.83 NOTE
r-devel-linux-x86_64-fedora-clang 1.01 37.15 NOTE
r-devel-linux-x86_64-fedora-gcc 1.01 33.98 NOTE
r-devel-windows-x86_64 1.01 3.00 42.00 45.00 NOTE
r-patched-linux-x86_64 1.01 2.44 25.25 27.69 NOTE
r-release-linux-x86_64 1.01 2.66 25.62 28.28 NOTE
r-release-macos-arm64 1.01 18.00 NOTE
r-release-macos-x86_64 1.01 23.00 NOTE
r-release-windows-x86_64 1.01 5.00 42.00 47.00 NOTE
r-oldrel-macos-arm64 1.01 18.00 NOTE
r-oldrel-macos-x86_64 1.01 23.00 NOTE
r-oldrel-windows-x86_64 1.01 4.00 45.00 49.00 NOTE

Check Details

Version: 1.01
Check: LazyData
Result: NOTE 'LazyData' is specified without a 'data' directory Flavors: r-devel-linux-x86_64-debian-clang, r-devel-linux-x86_64-debian-gcc, r-devel-linux-x86_64-fedora-clang, r-devel-linux-x86_64-fedora-gcc, r-devel-windows-x86_64, r-patched-linux-x86_64, r-release-linux-x86_64, r-release-macos-arm64, r-release-macos-x86_64, r-release-windows-x86_64, r-oldrel-macos-arm64, r-oldrel-macos-x86_64, r-oldrel-windows-x86_64