CRAN Package Check Results for Package sensitivity2x2xk

Last updated on 2021-12-05 14:51:20 CET.

Flavor Version Tinstall Tcheck Ttotal Status Flags
r-devel-linux-x86_64-debian-clang 1.01 2.73 34.23 36.96 NOTE
r-devel-linux-x86_64-debian-gcc 1.01 1.63 27.33 28.96 NOTE
r-devel-linux-x86_64-fedora-clang 1.01 46.50 NOTE
r-devel-linux-x86_64-fedora-gcc 1.01 34.57 NOTE
r-devel-windows-x86_64-new-UL 1.01 7.00 64.00 71.00 NOTE
r-devel-windows-x86_64-new-TK 1.01 NOTE
r-devel-windows-x86_64-old 1.01 5.00 32.00 37.00 NOTE
r-patched-linux-x86_64 1.01 2.30 24.85 27.15 NOTE
r-release-linux-x86_64 1.01 2.29 33.17 35.46 NOTE
r-release-macos-arm64 1.01 NOTE
r-release-macos-x86_64 1.01 NOTE
r-release-windows-ix86+x86_64 1.01 5.00 42.00 47.00 NOTE
r-oldrel-macos-x86_64 1.01 OK
r-oldrel-windows-ix86+x86_64 1.01 4.00 45.00 49.00 OK

Check Details

Version: 1.01
Check: LazyData
Result: NOTE
     'LazyData' is specified without a 'data' directory
Flavors: r-devel-linux-x86_64-debian-clang, r-devel-linux-x86_64-debian-gcc, r-devel-linux-x86_64-fedora-clang, r-devel-linux-x86_64-fedora-gcc, r-devel-windows-x86_64-new-UL, r-devel-windows-x86_64-new-TK, r-devel-windows-x86_64-old, r-patched-linux-x86_64, r-release-linux-x86_64, r-release-macos-arm64, r-release-macos-x86_64, r-release-windows-ix86+x86_64