CRAN Package Check Results for Package sensitivityPStrat

Last updated on 2020-10-22 22:48:38 CEST.

Flavor Version Tinstall Tcheck Ttotal Status Flags
r-devel-linux-x86_64-debian-clang 1.0-6 13.71 117.35 131.06 NOTE
r-devel-linux-x86_64-debian-gcc 1.0-6 9.91 87.92 97.83 NOTE
r-devel-linux-x86_64-fedora-clang 1.0-6 173.62 NOTE
r-devel-linux-x86_64-fedora-gcc 1.0-6 151.00 NOTE
r-devel-windows-ix86+x86_64 1.0-6 25.00 205.00 230.00 NOTE
r-patched-linux-x86_64 1.0-6 11.72 109.03 120.75 NOTE
r-patched-solaris-x86 1.0-6 208.70 NOTE
r-release-linux-x86_64 1.0-6 12.33 109.41 121.74 NOTE
r-release-macos-x86_64 1.0-6 NOTE
r-release-windows-ix86+x86_64 1.0-6 20.00 151.00 171.00 NOTE
r-oldrel-macos-x86_64 1.0-6 NOTE
r-oldrel-windows-ix86+x86_64 1.0-6 22.00 164.00 186.00 NOTE

Check Details

Version: 1.0-6
Check: R code for possible problems
Result: NOTE
    plot.sensitivity.2.0d: no visible global function definition for 'gray'
    sensitivitySGD: no visible global function definition for 'tail'
    sensitivitySGL: no visible global function definition for 'tail'
    Undefined global functions or variables:
     gray tail
    Consider adding
     importFrom("grDevices", "gray")
     importFrom("utils", "tail")
    to your NAMESPACE file.
Flavors: r-devel-linux-x86_64-debian-clang, r-devel-linux-x86_64-debian-gcc, r-devel-linux-x86_64-fedora-clang, r-devel-linux-x86_64-fedora-gcc, r-devel-windows-ix86+x86_64, r-patched-linux-x86_64, r-patched-solaris-x86, r-release-linux-x86_64, r-release-macos-x86_64, r-release-windows-ix86+x86_64, r-oldrel-macos-x86_64, r-oldrel-windows-ix86+x86_64

Version: 1.0-6
Check: compiled code
Result: NOTE
    File ‘sensitivityPStrat/libs/sensitivityPStrat.so’:
     Found no calls to: ‘R_registerRoutines’, ‘R_useDynamicSymbols’
    
    It is good practice to register native routines and to disable symbol
    search.
    
    See ‘Writing portable packages’ in the ‘Writing R Extensions’ manual.
Flavors: r-devel-linux-x86_64-fedora-clang, r-devel-linux-x86_64-fedora-gcc