CRAN Package Check Results for Package sensitivitymw

Last updated on 2022-01-17 15:51:54 CET.

Flavor Version Tinstall Tcheck Ttotal Status Flags
r-devel-linux-x86_64-debian-clang 2.1 1.59 42.28 43.87 OK
r-devel-linux-x86_64-debian-gcc 2.1 1.89 32.43 34.32 OK
r-devel-linux-x86_64-fedora-clang 2.1 54.82 OK
r-devel-linux-x86_64-fedora-gcc 2.1 43.56 OK
r-devel-windows-x86_64-new-UL 2.1 35.00 58.00 93.00 OK
r-devel-windows-x86_64-new-TK 2.1 OK
r-patched-linux-x86_64 2.1 1.73 41.29 43.02 OK
r-release-linux-x86_64 2.1 OK
r-release-macos-arm64 2.1 OK
r-release-macos-x86_64 2.1 OK
r-release-windows-ix86+x86_64 2.1 4.00 40.00 44.00 OK
r-oldrel-macos-x86_64 1.1 NOTE
r-oldrel-windows-ix86+x86_64 2.1 4.00 50.00 54.00 OK

Check Details

Version: 1.1
Check: R code for possible problems
Result: NOTE
    mscorev: no visible global function definition for ‘quantile’
    senmwCI : funcCI: no visible global function definition for ‘qnorm’
    senmwCI : funcCI2: no visible global function definition for ‘qnorm’
    separable1k: no visible global function definition for ‘pnorm’
    Undefined global functions or variables:
     pnorm qnorm quantile
    Consider adding
     importFrom("stats", "pnorm", "qnorm", "quantile")
    to your NAMESPACE file.
Flavor: r-oldrel-macos-x86_64