CRAN Package Check Results for Package sentometrics

Last updated on 2020-02-18 18:51:42 CET.

Flavor Version Tinstall Tcheck Ttotal Status Flags
r-devel-linux-x86_64-debian-clang 0.8.0 0.73 2.09 2.82 ERROR
r-devel-linux-x86_64-debian-gcc 0.8.0 63.74 247.98 311.72 NOTE
r-devel-linux-x86_64-fedora-clang 0.8.0 446.53 NOTE
r-devel-linux-x86_64-fedora-gcc 0.8.0 373.74 NOTE
r-devel-windows-ix86+x86_64 0.8.0 182.00 393.00 575.00 NOTE
r-devel-windows-ix86+x86_64-gcc8 0.8.0 251.00 404.00 655.00 NOTE
r-patched-linux-x86_64 0.8.0 77.34 243.91 321.25 NOTE
r-patched-solaris-x86 0.8.0 515.00 NOTE
r-release-linux-x86_64 0.8.0 78.23 250.39 328.62 NOTE
r-release-windows-ix86+x86_64 0.8.0 182.00 374.00 556.00 NOTE
r-release-osx-x86_64 0.8.0 NOTE
r-oldrel-windows-ix86+x86_64 0.8.0 148.00 370.00 518.00 NOTE
r-oldrel-osx-x86_64 0.8.0 NOTE

Check Details

Version: 0.8.0
Check: package dependencies
Result: ERROR
    Package required but not available: 'quanteda'
    
    See section 'The DESCRIPTION file' in the 'Writing R Extensions'
    manual.
Flavor: r-devel-linux-x86_64-debian-clang

Version: 0.8.0
Check: for GNU extensions in Makefiles
Result: NOTE
    GNU make is a SystemRequirements.
Flavors: r-devel-linux-x86_64-debian-gcc, r-devel-linux-x86_64-fedora-clang, r-devel-linux-x86_64-fedora-gcc, r-devel-windows-ix86+x86_64, r-devel-windows-ix86+x86_64-gcc8, r-patched-linux-x86_64, r-patched-solaris-x86, r-release-linux-x86_64, r-release-windows-ix86+x86_64, r-release-osx-x86_64, r-oldrel-windows-ix86+x86_64, r-oldrel-osx-x86_64

Version: 0.8.0
Check: installed package size
Result: NOTE
     installed size is 7.7Mb
     sub-directories of 1Mb or more:
     data 2.3Mb
     libs 4.5Mb
Flavors: r-devel-linux-x86_64-fedora-clang, r-devel-windows-ix86+x86_64-gcc8, r-release-osx-x86_64, r-oldrel-osx-x86_64

Version: 0.8.0
Check: data for non-ASCII characters
Result: NOTE
     Note: found 4436 marked UTF-8 strings
Flavors: r-devel-linux-x86_64-fedora-clang, r-devel-linux-x86_64-fedora-gcc, r-patched-solaris-x86, r-release-osx-x86_64, r-oldrel-osx-x86_64