CRAN Package Check Results for Package seqest

Last updated on 2024-06-13 13:49:29 CEST.

Flavor Version Tinstall Tcheck Ttotal Status Flags
r-devel-linux-x86_64-debian-clang 1.0.1 138.15 70.21 208.36 WARN
r-devel-linux-x86_64-debian-gcc 1.0.1 0.40 1.73 2.13 ERROR
r-devel-linux-x86_64-fedora-clang 1.0.1 304.99 NOTE
r-devel-linux-x86_64-fedora-gcc 1.0.1 312.70 NOTE
r-devel-windows-x86_64 1.0.1 106.00 102.00 208.00 NOTE
r-patched-linux-x86_64 1.0.1 84.63 68.55 153.18 NOTE
r-release-linux-x86_64 1.0.1 85.54 68.94 154.48 NOTE
r-release-macos-arm64 1.0.1 63.00 NOTE
r-release-macos-x86_64 1.0.1 68.00 NOTE
r-release-windows-x86_64 1.0.1 102.00 103.00 205.00 NOTE
r-oldrel-macos-arm64 1.0.1 78.00 NOTE
r-oldrel-macos-x86_64 1.0.1 120.00 NOTE
r-oldrel-windows-x86_64 1.0.1 127.00 116.00 243.00 NOTE

Check Details

Version: 1.0.1
Check: whether package can be installed
Result: WARN Found the following significant warnings: D_optimal.cpp:54:18: warning: using integer absolute value function 'abs' when argument is of floating point type [-Wabsolute-value] QIC.cpp:53:18: warning: using integer absolute value function 'abs' when argument is of floating point type [-Wabsolute-value] getMH.cpp:53:18: warning: using integer absolute value function 'abs' when argument is of floating point type [-Wabsolute-value] See ‘/home/hornik/tmp/R.check/r-devel-clang/Work/PKGS/seqest.Rcheck/00install.out’ for details. * used C++ compiler: ‘Debian clang version 18.1.6 (1)’ Flavor: r-devel-linux-x86_64-debian-clang

Version: 1.0.1
Check: C++ specification
Result: NOTE Specified C++11: please drop specification unless essential Flavors: r-devel-linux-x86_64-debian-clang, r-devel-linux-x86_64-fedora-clang, r-devel-linux-x86_64-fedora-gcc, r-devel-windows-x86_64, r-patched-linux-x86_64, r-release-linux-x86_64, r-release-macos-arm64, r-release-macos-x86_64, r-release-windows-x86_64, r-oldrel-macos-arm64, r-oldrel-macos-x86_64, r-oldrel-windows-x86_64

Version: 1.0.1
Check: LazyData
Result: NOTE 'LazyData' is specified without a 'data' directory Flavors: r-devel-linux-x86_64-debian-clang, r-devel-linux-x86_64-fedora-clang, r-devel-linux-x86_64-fedora-gcc, r-devel-windows-x86_64, r-patched-linux-x86_64, r-release-linux-x86_64, r-release-macos-arm64, r-release-macos-x86_64, r-release-windows-x86_64, r-oldrel-macos-arm64, r-oldrel-macos-x86_64, r-oldrel-windows-x86_64

Version: 1.0.1
Check: package dependencies
Result: ERROR Package required but not available: ‘geepack’ See section ‘The DESCRIPTION file’ in the ‘Writing R Extensions’ manual. Flavor: r-devel-linux-x86_64-debian-gcc