CRAN Package Check Results for Package seqgendiff

Last updated on 2020-02-28 00:48:08 CET.

Flavor Version Tinstall Tcheck Ttotal Status Flags
r-devel-linux-x86_64-debian-clang 1.2.1 3.45 193.34 196.79 OK
r-devel-linux-x86_64-debian-gcc 1.2.1 2.88 139.09 141.97 OK
r-devel-linux-x86_64-fedora-clang 1.2.1 230.62 OK
r-devel-linux-x86_64-fedora-gcc 1.2.1 203.43 OK
r-devel-windows-ix86+x86_64 1.2.1 13.00 262.00 275.00 OK
r-devel-windows-ix86+x86_64-gcc8 1.1.1 9.00 187.00 196.00 OK
r-patched-linux-x86_64 1.2.1 3.17 178.52 181.69 OK
r-patched-solaris-x86 1.2.1 351.70 OK
r-release-linux-x86_64 1.2.1 2.77 173.79 176.56 OK
r-release-windows-ix86+x86_64 1.2.1 9.00 253.00 262.00 OK
r-release-osx-x86_64 1.2.1 NOTE
r-oldrel-windows-ix86+x86_64 1.2.1 4.00 194.00 198.00 OK
r-oldrel-osx-x86_64 1.2.1 NOTE

Check Details

Version: 1.2.1
Check: package dependencies
Result: NOTE
    Package suggested but not available for checking: ‘airway’
Flavors: r-release-osx-x86_64, r-oldrel-osx-x86_64