CRAN Package Check Results for Package seqinr

Last updated on 2021-10-17 03:52:18 CEST.

Flavor Version Tinstall Tcheck Ttotal Status Flags
r-devel-linux-x86_64-debian-clang 4.2-8 15.40 115.78 131.18 OK
r-devel-linux-x86_64-debian-gcc 4.2-8 11.93 90.79 102.72 OK
r-devel-linux-x86_64-fedora-clang 4.2-8 172.49 NOTE
r-devel-linux-x86_64-fedora-gcc 4.2-8 162.18 OK
r-devel-windows-x86_64 4.2-8 25.00 140.00 165.00 NOTE
r-devel-windows-x86_64-gcc10-UCRT 4.2-8 OK
r-patched-linux-x86_64 4.2-8 18.50 114.75 133.25 OK
r-patched-solaris-x86 4.2-8 224.90 NOTE
r-release-linux-x86_64 4.2-8 13.23 116.21 129.44 OK
r-release-macos-arm64 4.2-8 NOTE
r-release-macos-x86_64 4.2-8 NOTE
r-release-windows-ix86+x86_64 4.2-8 23.00 216.00 239.00 NOTE
r-oldrel-macos-x86_64 4.2-8 NOTE
r-oldrel-windows-ix86+x86_64 4.2-8 39.00 207.00 246.00 NOTE

Check Details

Version: 4.2-8
Check: installed package size
Result: NOTE
     installed size is 5.5Mb
     sub-directories of 1Mb or more:
     data 1.4Mb
     sequences 1.9Mb
Flavors: r-devel-linux-x86_64-fedora-clang, r-devel-windows-x86_64, r-patched-solaris-x86, r-release-macos-arm64, r-release-macos-x86_64, r-release-windows-ix86+x86_64, r-oldrel-macos-x86_64, r-oldrel-windows-ix86+x86_64