CRAN Package Check Results for Package seqminer

Last updated on 2021-10-17 01:51:18 CEST.

Flavor Version Tinstall Tcheck Ttotal Status Flags
r-devel-linux-x86_64-debian-clang 8.0 206.07 33.57 239.64 WARN
r-devel-linux-x86_64-debian-gcc 8.0 139.67 26.33 166.00 WARN
r-devel-linux-x86_64-fedora-clang 8.0 397.94 WARN
r-devel-linux-x86_64-fedora-gcc 8.0 287.45 WARN
r-devel-windows-x86_64 8.0 246.00 58.00 304.00 NOTE
r-devel-windows-x86_64-gcc10-UCRT 8.0 NOTE
r-patched-linux-x86_64 8.0 165.73 32.49 198.22 WARN
r-patched-solaris-x86 8.0 252.20 NOTE
r-release-linux-x86_64 8.0 160.78 32.37 193.15 WARN
r-release-macos-arm64 8.0 NOTE
r-release-macos-x86_64 8.0 NOTE
r-release-windows-ix86+x86_64 8.0 436.00 92.00 528.00 NOTE
r-oldrel-macos-x86_64 8.0 NOTE
r-oldrel-windows-ix86+x86_64 8.0 576.00 92.00 668.00 NOTE

Additional issues

rchk

Check Details

Version: 8.0
Check: top-level files
Result: WARN
     Output from running autoreconf:
     configure.ac:75: warning: The macro `AC_TRY_RUN' is obsolete.
     configure.ac:75: You should run autoupdate.
     ./lib/autoconf/general.m4:2997: AC_TRY_RUN is expanded from...
     configure.ac:75: the top level
Flavors: r-devel-linux-x86_64-debian-clang, r-devel-linux-x86_64-debian-gcc, r-patched-linux-x86_64, r-release-linux-x86_64

Version: 8.0
Check: for GNU extensions in Makefiles
Result: NOTE
    GNU make is a SystemRequirements.
Flavors: r-devel-linux-x86_64-debian-clang, r-devel-linux-x86_64-debian-gcc, r-devel-linux-x86_64-fedora-clang, r-devel-linux-x86_64-fedora-gcc, r-devel-windows-x86_64, r-devel-windows-x86_64-gcc10-UCRT, r-patched-linux-x86_64, r-patched-solaris-x86, r-release-linux-x86_64, r-release-macos-arm64, r-release-macos-x86_64, r-release-windows-ix86+x86_64, r-oldrel-macos-x86_64, r-oldrel-windows-ix86+x86_64

Version: 8.0
Check: installed package size
Result: NOTE
     installed size is 18.5Mb
     sub-directories of 1Mb or more:
     libs 17.1Mb
Flavors: r-devel-linux-x86_64-fedora-clang, r-release-macos-arm64, r-release-macos-x86_64, r-release-windows-ix86+x86_64, r-oldrel-macos-x86_64, r-oldrel-windows-ix86+x86_64

Version: 8.0
Check: top-level files
Result: WARN
     Output from running autoreconf:
     configure.ac:75: warning: The macro `AC_TRY_RUN' is obsolete.
     configure.ac:75: You should run autoupdate.
     ./lib/autoconf/general.m4:2997: AC_TRY_RUN is expanded from...
     configure.ac:75: the top level
     configure.ac:75: warning: The macro `AC_TRY_RUN' is obsolete.
     configure.ac:75: You should run autoupdate.
     ./lib/autoconf/general.m4:2997: AC_TRY_RUN is expanded from...
     configure.ac:75: the top level
Flavors: r-devel-linux-x86_64-fedora-clang, r-devel-linux-x86_64-fedora-gcc