CRAN Package Check Results for Package seqtrie

Last updated on 2024-02-22 01:57:41 CET.

Flavor Version Tinstall Tcheck Ttotal Status Flags
r-devel-linux-x86_64-debian-clang 0.2.6 NOTE
r-devel-linux-x86_64-debian-gcc 0.2.6 63.90 1887.83 1951.73 NOTE
r-devel-linux-x86_64-fedora-clang 0.2.6 1818.80 NOTE
r-devel-linux-x86_64-fedora-gcc 0.2.6 2655.41 NOTE
r-devel-windows-x86_64 0.2.6 67.00 586.00 653.00 NOTE
r-patched-linux-x86_64 0.2.6 76.83 2143.98 2220.81 NOTE
r-release-linux-x86_64 0.2.6 72.49 2076.08 2148.57 NOTE
r-release-macos-arm64 0.2.6 411.00 NOTE
r-release-macos-x86_64 0.2.6 849.00 NOTE
r-release-windows-x86_64 0.2.6 86.00 1032.00 1118.00 NOTE
r-oldrel-macos-arm64 0.2.6 395.00 NOTE
r-oldrel-windows-x86_64 0.2.6 73.00 1097.00 1170.00 NOTE

Additional issues

Intel

Check Details

Version: 0.2.6
Check: for GNU extensions in Makefiles
Result: NOTE GNU make is a SystemRequirements. Flavors: r-devel-linux-x86_64-debian-clang, r-devel-linux-x86_64-debian-gcc, r-devel-linux-x86_64-fedora-clang, r-devel-linux-x86_64-fedora-gcc, r-devel-windows-x86_64, r-patched-linux-x86_64, r-release-linux-x86_64, r-release-macos-arm64, r-release-macos-x86_64, r-release-windows-x86_64, r-oldrel-macos-arm64, r-oldrel-windows-x86_64

Version: 0.2.6
Check: installed package size
Result: NOTE installed size is 5.8Mb sub-directories of 1Mb or more: data 1.1Mb libs 4.2Mb Flavors: r-release-macos-arm64, r-release-macos-x86_64, r-oldrel-macos-arm64