Last updated on 2021-03-01 08:48:13 CET.
Flavor | Version | Tinstall | Tcheck | Ttotal | Status | Flags |
---|---|---|---|---|---|---|
r-devel-linux-x86_64-debian-clang | 0.5.9 | OK | ||||
r-devel-linux-x86_64-debian-gcc | 0.5.9 | 8.96 | 30.30 | 39.26 | OK | |
r-devel-linux-x86_64-fedora-clang | 0.5.9 | 77.58 | NOTE | |||
r-devel-linux-x86_64-fedora-gcc | 0.5.9 | 64.88 | NOTE | |||
r-devel-windows-ix86+x86_64 | 0.5.9 | 29.00 | 67.00 | 96.00 | OK | |
r-patched-linux-x86_64 | 0.5.9 | 11.35 | 37.36 | 48.71 | OK | |
r-patched-solaris-x86 | 0.5.9 | 91.30 | OK | |||
r-release-linux-x86_64 | 0.5.9 | 11.87 | 37.64 | 49.51 | OK | |
r-release-macos-x86_64 | 0.5.9 | OK | ||||
r-release-windows-ix86+x86_64 | 0.5.9 | 42.00 | 89.00 | 131.00 | OK | |
r-oldrel-macos-x86_64 | 0.5.9 | OK | ||||
r-oldrel-windows-ix86+x86_64 | 0.5.9 | 22.00 | 110.00 | 132.00 | OK |
Version: 0.5.9
Check: compiled code
Result: NOTE
File ‘sequences/libs/sequences.so’:
Found no calls to: ‘R_registerRoutines’, ‘R_useDynamicSymbols’
It is good practice to register native routines and to disable symbol
search.
See ‘Writing portable packages’ in the ‘Writing R Extensions’ manual.
Flavors: r-devel-linux-x86_64-fedora-clang, r-devel-linux-x86_64-fedora-gcc