Last updated on 2023-12-04 10:52:59 CET.
Flavor | Version | Tinstall | Tcheck | Ttotal | Status | Flags |
---|---|---|---|---|---|---|
r-devel-linux-x86_64-debian-clang | 2.7.2 | 100.66 | 238.47 | 339.13 | OK | |
r-devel-linux-x86_64-debian-gcc | 2.7.2 | 57.21 | 138.42 | 195.63 | OK | |
r-devel-linux-x86_64-fedora-clang | 2.7.2 | 437.32 | NOTE | |||
r-devel-linux-x86_64-fedora-gcc | 2.7.2 | 350.08 | OK | |||
r-devel-windows-x86_64 | 2.7.2 | 58.00 | 212.00 | 270.00 | OK | |
r-patched-linux-x86_64 | 2.7.2 | 77.78 | 184.17 | 261.95 | OK | |
r-release-linux-x86_64 | 2.7.2 | 70.80 | 181.82 | 252.62 | OK | |
r-release-macos-arm64 | 2.7.2 | 176.00 | OK | |||
r-release-macos-x86_64 | 2.7.2 | 263.00 | OK | |||
r-release-windows-x86_64 | 2.7.2 | 77.00 | 210.00 | 287.00 | OK | |
r-oldrel-macos-arm64 | 2.7.2 | 188.00 | OK | |||
r-oldrel-macos-x86_64 | 2.7.2 | 131.00 | OK | |||
r-oldrel-windows-x86_64 | 2.7.2 | 70.00 | 192.00 | 262.00 | OK |
Version: 2.7.2
Check: installed package size
Result: NOTE
installed size is 7.7Mb
sub-directories of 1Mb or more:
doc 1.3Mb
libs 5.4Mb
Flavor: r-devel-linux-x86_64-fedora-clang