Last updated on 2023-01-29 23:03:21 CET.
Flavor | Version | Tinstall | Tcheck | Ttotal | Status | Flags |
---|---|---|---|---|---|---|
r-devel-linux-x86_64-debian-clang | 1.2 | 2.07 | 23.16 | 25.23 | NOTE | |
r-devel-linux-x86_64-debian-gcc | 1.2 | 1.90 | 18.38 | 20.28 | NOTE | |
r-devel-linux-x86_64-fedora-clang | 1.2 | 32.32 | NOTE | |||
r-devel-linux-x86_64-fedora-gcc | 1.2 | 32.11 | NOTE | |||
r-devel-windows-x86_64 | 1.2 | 12.00 | 52.00 | 64.00 | NOTE | |
r-patched-linux-x86_64 | 1.2 | 2.42 | 23.16 | 25.58 | NOTE | |
r-release-linux-x86_64 | 1.2 | 2.43 | 22.83 | 25.26 | NOTE | |
r-release-macos-arm64 | 1.2 | 15.00 | NOTE | |||
r-release-macos-x86_64 | 1.2 | 26.00 | NOTE | |||
r-release-windows-x86_64 | 1.2 | 8.00 | 49.00 | 57.00 | NOTE | |
r-oldrel-macos-arm64 | 1.2 | 20.00 | NOTE | |||
r-oldrel-macos-x86_64 | 1.2 | 21.00 | NOTE | |||
r-oldrel-windows-ix86+x86_64 | 1.2 | 6.00 | 51.00 | 57.00 | NOTE |
Version: 1.2
Check: LazyData
Result: NOTE
'LazyData' is specified without a 'data' directory
Flavors: r-devel-linux-x86_64-debian-clang, r-devel-linux-x86_64-debian-gcc, r-devel-linux-x86_64-fedora-clang, r-devel-linux-x86_64-fedora-gcc, r-devel-windows-x86_64, r-patched-linux-x86_64, r-release-linux-x86_64, r-release-macos-arm64, r-release-macos-x86_64, r-release-windows-x86_64, r-oldrel-macos-arm64, r-oldrel-macos-x86_64, r-oldrel-windows-ix86+x86_64