CRAN Package Check Results for Package set6

Last updated on 2022-08-16 02:51:50 CEST.

Flavor Version Tinstall Tcheck Ttotal Status Flags
r-devel-linux-x86_64-debian-clang 0.2.4 40.35 121.12 161.47 NOTE
r-devel-linux-x86_64-debian-gcc 0.2.4 34.12 95.26 129.38 NOTE
r-devel-linux-x86_64-fedora-clang 0.2.4 243.55 NOTE
r-devel-linux-x86_64-fedora-gcc 0.2.4 237.71 NOTE
r-devel-windows-x86_64 0.2.4 87.00 187.00 274.00 OK
r-patched-linux-x86_64 0.2.4 41.88 111.40 153.28 OK
r-release-linux-x86_64 0.2.4 44.52 113.42 157.94 OK
r-release-macos-arm64 0.2.4 58.00 OK
r-release-macos-x86_64 0.2.4 78.00 OK
r-release-windows-x86_64 0.2.4 82.00 190.00 272.00 OK
r-oldrel-macos-arm64 0.2.4 63.00 OK
r-oldrel-macos-x86_64 0.2.4 77.00 OK
r-oldrel-windows-ix86+x86_64 0.2.4 87.00 243.00 330.00 OK

Check Details

Version: 0.2.4
Check: HTML version of manual
Result: NOTE
    Found the following HTML validation problems:
    ComplementSet.html:85:6: Warning: missing </span> before <p>
    ComplementSet.html:85:79: Warning: inserting implicit <span>
    ComplementSet.html:88:6: Warning: missing </span> before <p>
    ComplementSet.html:88:88: Warning: inserting implicit <span>
    ComplementSet.html:91:6: Warning: missing </span> before <p>
    ComplementSet.html:91:81: Warning: inserting implicit <span>
    ComplementSet.html:94:6: Warning: missing </span> before <p>
    ComplementSet.html:94:82: Warning: inserting implicit <span>
    ComplementSet.html:97:6: Warning: missing </span> before <p>
    ComplementSet.html:97:83: Warning: inserting implicit <span>
    ComplementSet.html:100:6: Warning: missing </span> before <p>
    ComplementSet.html:100:89: Warning: inserting implicit <span>
    ComplementSet.html:103:6: Warning: missing </span> before <p>
    ComplementSet.html:103:91: Warning: inserting implicit <span>
    ComplementSet.html:85:6: Warning: trimming empty <span>
    ComplementSet.html:88:6: Warning: trimming empty <span>
    ComplementSet.html:91:6: Warning: trimming empty <span>
    ComplementSet.html:94:6: Warning: trimming empty <span>
    ComplementSet.html:97:6: Warning: trimming empty <span>
    ComplementSet.html:100:6: Warning: trimming empty <span>
    ComplementSet.html:103:6: Warning: trimming empty <span>
    Complex.html:78:6: Warning: missing </span> before <p>
    Complex.html:78:79: Warning: inserting implicit <span>
    Complex.html:81:6: Warning: missing </span> before <p>
    Complex.html:81:88: Warning: inserting implicit <span>
    Complex.html:84:6: Warning: missing </span> before <p>
    Complex.html:84:81: Warning: inserting implicit <span>
    Complex.html:87:6: Warning: missing </span> before <p>
    Complex.html:87:82: Warning: inserting implicit <span>
    Complex.html:90:6: Warning: missing </span> before <p>
    Complex.html:90:83: Warning: inserting implicit <span>
    Complex.html:78:6: Warning: trimming empty <span>
    Complex.html:81:6: Warning: trimming empty <span>
    Complex.html:84:6: Warning: trimming empty <span>
    Complex.html:87:6: Warning: trimming empty <span>
    Complex.html:90:6: Warning: trimming empty <span>
    ConditionalSet.html:91:6: Warning: missing </span> before <p>
    ConditionalSet.html:91:79: Warning: inserting implicit <span>
    ConditionalSet.html:94:6: Warning: missing </span> before <p>
    ConditionalSet.html:94:88: Warning: inserting implicit <span>
    ConditionalSet.html:97:6: Warning: missing </span> before <p>
    ConditionalSet.html:97:81: Warning: inserting implicit <span>
    ConditionalSet.html:100:6: Warning: missing </span> before <p>
    ConditionalSet.html:100:82: Warning: inserting implicit <span>
    ConditionalSet.html:91:6: Warning: trimming empty <span>
    ConditionalSet.html:94:6: Warning: trimming empty <span>
    ConditionalSet.html:97:6: Warning: trimming empty <span>
    ConditionalSet.html:100:6: Warning: trimming empty <span>
    ExponentSet.html:79:6: Warning: missing </span> before <p>
    ExponentSet.html:79:79: Warning: inserting implicit <span>
    ExponentSet.html:82:6: Warning: missing </span> before <p>
    ExponentSet.html:82:88: Warning: inserting implicit <span>
    ExponentSet.html:85:6: Warning: missing </span> before <p>
    ExponentSet.html:85:81: Warning: inserting implicit <span>
    ExponentSet.html:88:6: Warning: missing </span> before <p>
    ExponentSet.html:88:82: Warning: inserting implicit <span>
    ExponentSet.html:91:6: Warning: missing </span> before <p>
    ExponentSet.html:91:83: Warning: inserting implicit <span>
    ExponentSet.html:94:6: Warning: missing </span> before <p>
    ExponentSet.html:94:89: Warning: inserting implicit <span>
    ExponentSet.html:97:6: Warning: missing </span> before <p>
    ExponentSet.html:97:91: Warning: inserting implicit <span>
    ExponentSet.html:79:6: Warning: trimming empty <span>
    ExponentSet.html:82:6: Warning: trimming empty <span>
    ExponentSet.html:85:6: Warning: trimming empty <span>
    ExponentSet.html:88:6: Warning: trimming empty <span>
    ExponentSet.html:91:6: Warning: trimming empty <span>
    ExponentSet.html:94:6: Warning: trimming empty <span>
    ExponentSet.html:97:6: Warning: trimming empty <span>
    ExtendedReals.html:59:6: Warning: missing </span> before <p>
    ExtendedReals.html:59:79: Warning: inserting implicit <span>
    ExtendedReals.html:62:6: Warning: missing </span> before <p>
    ExtendedReals.html:62:88: Warning: inserting implicit <span>
    ExtendedReals.html:65:6: Warning: missing </span> before <p>
    ExtendedReals.html:65:81: Warning: inserting implicit <span>
    ExtendedReals.html:68:6: Warning: missing </span> before <p>
    ExtendedReals.html:68:82: Warning: inserting implicit <span>
    ExtendedReals.html:71:6: Warning: missing </span> before <p>
    ExtendedReals.html:71:83: Warning: inserting implicit <span>
    ExtendedReals.html:74:6: Warning: missing </span> before <p>
    ExtendedReals.html:74:89: Warning: inserting implicit <span>
    ExtendedReals.html:77:6: Warning: missing </span> before <p>
    ExtendedReals.html:77:87: Warning: inserting implicit <span>
    ExtendedReals.html:80:6: Warning: missing </span> before <p>
    ExtendedReals.html:80:94: Warning: inserting implicit <span>
    ExtendedReals.html:83:6: Warning: missing </span> before <p>
    ExtendedReals.html:83:89: Warning: inserting implicit <span>
    ExtendedReals.html:86:6: Warning: missing </span> before <p>
    ExtendedReals.html:86:91: Warning: inserting implicit <span>
    ExtendedReals.html:59:6: Warning: trimming empty <span>
    ExtendedReals.html:62:6: Warning: trimming empty <span>
    ExtendedReals.html:65:6: Warning: trimming empty <span>
    ExtendedReals.html:68:6: Warning: trimming empty <span>
    ExtendedReals.html:71:6: Warning: trimming empty <span>
    ExtendedReals.html:74:6: Warning: trimming empty <span>
    ExtendedReals.html:77:6: Warning: trimming empty <span>
    ExtendedReals.html:80:6: Warning: trimming empty <span>
    ExtendedReals.html:83:6: Warning: trimming empty <span>
    ExtendedReals.html:86:6: Warning: trimming empty <span>
    FuzzyMultiset.html:70:6: Warning: missing </span> before <p>
    FuzzyMultiset.html:70:79: Warning: inserting implicit <span>
    FuzzyMultiset.html:73:6: Warning: missing </span> before <p>
    FuzzyMultiset.html:73:84: Warning: inserting implicit <span>
    FuzzyMultiset.html:76:6: Warning: missing </span> before <p>
    FuzzyMultiset.html:76:88: Warning: inserting implicit <span>
    FuzzyMultiset.html:79:6: Warning: missing </span> before <p>
    FuzzyMultiset.html:79:81: Warning: inserting implicit <span>
    FuzzyMultiset.html:82:6: Warning: missing </span> before <p>
    FuzzyMultiset.html:82:82: Warning: inserting implicit <span>
    FuzzyMultiset.html:85:6: Warning: missing </span> before <p>
    FuzzyMultiset.html:85:83: Warning: inserting implicit <span>
    FuzzyMultiset.html:88:6: Warning: missing </span> before <p>
    FuzzyMultiset.html:88:85: Warning: inserting implicit <span>
    FuzzyMultiset.html:91:6: Warning: missing </span> before <p>
    FuzzyMultiset.html:91:90: Warning: inserting implicit <span>
    FuzzyMultiset.html:94:6: Warning: missing </span> before <p>
    FuzzyMultiset.html:94:91: Warning: inserting implicit <span>
    FuzzyMultiset.html:97:6: Warning: missing </span> before <p>
    FuzzyMultiset.html:97:91: Warning: inserting implicit <span>
    FuzzyMultiset.html:100:6: Warning: missing </span> before <p>
    FuzzyMultiset.html:100:89: Warning: inserting implicit <span>
    FuzzyMultiset.html:103:6: Warning: missing </span> before <p>
    FuzzyMultiset.html:103:88: Warning: inserting implicit <span>
    FuzzyMultiset.html:70:6: Warning: trimming empty <span>
    FuzzyMultiset.html:73:6: Warning: trimming empty <span>
    FuzzyMultiset.html:76:6: Warning: trimming empty <span>
    FuzzyMultiset.html:79:6: Warning: trimming empty <span>
    FuzzyMultiset.html:82:6: Warning: trimming empty <span>
    FuzzyMultiset.html:85:6: Warning: trimming empty <span>
    FuzzyMultiset.html:88:6: Warning: trimming empty <span>
    FuzzyMultiset.html:91:6: Warning: trimming empty <span>
    FuzzyMultiset.html:94:6: Warning: trimming empty <span>
    FuzzyMultiset.html:97:6: Warning: trimming empty <span>
    FuzzyMultiset.html:100:6: Warning: trimming empty <span>
    FuzzyMultiset.html:103:6: Warning: trimming empty <span>
    FuzzySet.html:89:6: Warning: missing </span> before <p>
    FuzzySet.html:89:79: Warning: inserting implicit <span>
    FuzzySet.html:92:6: Warning: missing </span> before <p>
    FuzzySet.html:92:84: Warning: inserting implicit <span>
    FuzzySet.html:95:6: Warning: missing </span> before <p>
    FuzzySet.html:95:88: Warning: inserting implicit <span>
    FuzzySet.html:98:6: Warning: missing </span> before <p>
    FuzzySet.html:98:81: Warning: inserting implicit <span>
    FuzzySet.html:101:6: Warning: missing </span> before <p>
    FuzzySet.html:101:82: Warning: inserting implicit <span>
    FuzzySet.html:104:6: Warning: missing </span> before <p>
    FuzzySet.html:104:83: Warning: inserting implicit <span>
    FuzzySet.html:89:6: Warning: trimming empty <span>
    FuzzySet.html:92:6: Warning: trimming empty <span>
    FuzzySet.html:95:6: Warning: trimming empty <span>
    FuzzySet.html:98:6: Warning: trimming empty <span>
    FuzzySet.html:101:6: Warning: trimming empty <span>
    FuzzySet.html:104:6: Warning: trimming empty <span>
    FuzzyTuple.html:71:6: Warning: missing </span> before <p>
    FuzzyTuple.html:71:79: Warning: inserting implicit <span>
    FuzzyTuple.html:74:6: Warning: missing </span> before <p>
    FuzzyTuple.html:74:84: Warning: inserting implicit <span>
    FuzzyTuple.html:77:6: Warning: missing </span> before <p>
    FuzzyTuple.html:77:88: Warning: inserting implicit <span>
    FuzzyTuple.html:80:6: Warning: missing </span> before <p>
    FuzzyTuple.html:80:81: Warning: inserting implicit <span>
    FuzzyTuple.html:83:6: Warning: missing </span> before <p>
    FuzzyTuple.html:83:82: Warning: inserting implicit <span>
    FuzzyTuple.html:86:6: Warning: missing </span> before <p>
    FuzzyTuple.html:86:83: Warning: inserting implicit <span>
    FuzzyTuple.html:89:6: Warning: missing </span> before <p>
    FuzzyTuple.html:89:85: Warning: inserting implicit <span>
    FuzzyTuple.html:92:6: Warning: missing </span> before <p>
    FuzzyTuple.html:92:90: Warning: inserting implicit <span>
    FuzzyTuple.html:95:6: Warning: missing </span> before <p>
    FuzzyTuple.html:95:91: Warning: inserting implicit <span>
    FuzzyTuple.html:98:6: Warning: missing </span> before <p>
    FuzzyTuple.html:98:91: Warning: inserting implicit <span>
    FuzzyTuple.html:101:6: Warning: missing </span> before <p>
    FuzzyTuple.html:101:89: Warning: inserting implicit <span>
    FuzzyTuple.html:104:6: Warning: missing </span> before <p>
    FuzzyTuple.html:104:88: Warning: inserting implicit <span>
    FuzzyTuple.html:71:6: Warning: trimming empty <span>
    FuzzyTuple.html:74:6: Warning: trimming empty <span>
    FuzzyTuple.html:77:6: Warning: trimming empty <span>
    FuzzyTuple.html:80:6: Warning: trimming empty <span>
    FuzzyTuple.html:83:6: Warning: trimming empty <span>
    FuzzyTuple.html:86:6: Warning: trimming empty <span>
    FuzzyTuple.html:89:6: Warning: trimming empty <span>
    FuzzyTuple.html:92:6: Warning: trimming empty <span>
    FuzzyTuple.html:95:6: Warning: trimming empty <span>
    FuzzyTuple.html:98:6: Warning: trimming empty <span>
    FuzzyTuple.html:101:6: Warning: trimming empty <span>
    FuzzyTuple.html:104:6: Warning: trimming empty <span>
    Integers.html:56:6: Warning: missing </span> before <p>
    Integers.html:56:79: Warning: inserting implicit <span>
    Integers.html:59:6: Warning: missing </span> before <p>
    Integers.html:59:88: Warning: inserting implicit <span>
    Integers.html:62:6: Warning: missing </span> before <p>
    Integers.html:62:81: Warning: inserting implicit <span>
    Integers.html:65:6: Warning: missing </span> before <p>
    Integers.html:65:82: Warning: inserting implicit <span>
    Integers.html:68:6: Warning: missing </span> before <p>
    Integers.html:68:83: Warning: inserting implicit <span>
    Integers.html:71:6: Warning: missing </span> before <p>
    Integers.html:71:89: Warning: inserting implicit <span>
    Integers.html:74:6: Warning: missing </span> before <p>
    Integers.html:74:87: Warning: inserting implicit <span>
    Integers.html:77:6: Warning: missing </span> before <p>
    Integers.html:77:94: Warning: inserting implicit <span>
    Integers.html:80:6: Warning: missing </span> before <p>
    Integers.html:80:89: Warning: inserting implicit <span>
    Integers.html:83:6: Warning: missing </span> before <p>
    Integers.html:83:91: Warning: inserting implicit <span>
    Integers.html:56:6: Warning: trimming empty <span>
    Integers.html:59:6: Warning: trimming empty <span>
    Integers.html:62:6: Warning: trimming empty <span>
    Integers.html:65:6: Warning: trimming empty <span>
    Integers.html:68:6: Warning: trimming empty <span>
    Integers.html:71:6: Warning: trimming empty <span>
    Integers.html:74:6: Warning: trimming empty <span>
    Integers.html:77:6: Warning: trimming empty <span>
    Integers.html:80:6: Warning: trimming empty <span>
    Integers.html:83:6: Warning: trimming empty <span>
    Interval.html:91:6: Warning: missing </span> before <p>
    Interval.html:91:79: Warning: inserting implicit <span>
    Interval.html:94:6: Warning: missing </span> before <p>
    Interval.html:94:88: Warning: inserting implicit <span>
    Interval.html:97:6: Warning: missing </span> before <p>
    Interval.html:97:81: Warning: inserting implicit <span>
    Interval.html:100:6: Warning: missing </span> before <p>
    Interval.html:100:82: Warning: inserting implicit <span>
    Interval.html:103:6: Warning: missing </span> before <p>
    Interval.html:103:83: Warning: inserting implicit <span>
    Interval.html:91:6: Warning: trimming empty <span>
    Interval.html:94:6: Warning: trimming empty <span>
    Interval.html:97:6: Warning: trimming empty <span>
    Interval.html:100:6: Warning: trimming empty <span>
    Interval.html:103:6: Warning: trimming empty <span>
    LogicalSet.html:53:6: Warning: missing </span> before <p>
    LogicalSet.html:53:79: Warning: inserting implicit <span>
    LogicalSet.html:56:6: Warning: missing </span> before <p>
    LogicalSet.html:56:84: Warning: inserting implicit <span>
    LogicalSet.html:59:6: Warning: missing </span> before <p>
    LogicalSet.html:59:82: Warning: inserting implicit <span>
    LogicalSet.html:62:6: Warning: missing </span> before <p>
    LogicalSet.html:62:84: Warning: inserting implicit <span>
    LogicalSet.html:65:6: Warning: missing </span> before <p>
    LogicalSet.html:65:88: Warning: inserting implicit <span>
    LogicalSet.html:68:6: Warning: missing </span> before <p>
    LogicalSet.html:68:81: Warning: inserting implicit <span>
    LogicalSet.html:71:6: Warning: missing </span> before <p>
    LogicalSet.html:71:82: Warning: inserting implicit <span>
    LogicalSet.html:74:6: Warning: missing </span> before <p>
    LogicalSet.html:74:84: Warning: inserting implicit <span>
    LogicalSet.html:77:6: Warning: missing </span> before <p>
    LogicalSet.html:77:83: Warning: inserting implicit <span>
    LogicalSet.html:53:6: Warning: trimming empty <span>
    LogicalSet.html:56:6: Warning: trimming empty <span>
    LogicalSet.html:59:6: Warning: trimming empty <span>
    LogicalSet.html:62:6: Warning: trimming empty <span>
    LogicalSet.html:65:6: Warning: trimming empty <span>
    LogicalSet.html:68:6: Warning: trimming empty <span>
    LogicalSet.html:71:6: Warning: trimming empty <span>
    LogicalSet.html:74:6: Warning: trimming empty <span>
    LogicalSet.html:77:6: Warning: trimming empty <span>
    Logicals.html:53:6: Warning: missing </span> before <p>
    Logicals.html:53:79: Warning: inserting implicit <span>
    Logicals.html:56:6: Warning: missing </span> before <p>
    Logicals.html:56:84: Warning: inserting implicit <span>
    Logicals.html:59:6: Warning: missing </span> before <p>
    Logicals.html:59:82: Warning: inserting implicit <span>
    Logicals.html:62:6: Warning: missing </span> before <p>
    Logicals.html:62:84: Warning: inserting implicit <span>
    Logicals.html:65:6: Warning: missing </span> before <p>
    Logicals.html:65:88: Warning: inserting implicit <span>
    Logicals.html:68:6: Warning: missing </span> before <p>
    Logicals.html:68:81: Warning: inserting implicit <span>
    Logicals.html:71:6: Warning: missing </span> before <p>
    Logicals.html:71:82: Warning: inserting implicit <span>
    Logicals.html:74:6: Warning: missing </span> before <p>
    Logicals.html:74:84: Warning: inserting implicit <span>
    Logicals.html:77:6: Warning: missing </span> before <p>
    Logicals.html:77:83: Warning: inserting implicit <span>
    Logicals.html:53:6: Warning: trimming empty <span>
    Logicals.html:56:6: Warning: trimming empty <span>
    Logicals.html:59:6: Warning: trimming empty <span>
    Logicals.html:62:6: Warning: trimming empty <span>
    Logicals.html:65:6: Warning: trimming empty <span>
    Logicals.html:68:6: Warning: trimming empty <span>
    Logicals.html:71:6: Warning: trimming empty <span>
    Logicals.html:74:6: Warning: trimming empty <span>
    Logicals.html:77:6: Warning: trimming empty <span>
    Multiset.html:63:6: Warning: missing </span> before <p>
    Multiset.html:63:79: Warning: inserting implicit <span>
    Multiset.html:66:6: Warning: missing </span> before <p>
    Multiset.html:66:84: Warning: inserting implicit <span>
    Multiset.html:69:6: Warning: missing </span> before <p>
    Multiset.html:69:86: Warning: inserting implicit <span>
    Multiset.html:72:6: Warning: missing </span> before <p>
    Multiset.html:72:88: Warning: inserting implicit <span>
    Multiset.html:75:6: Warning: missing </span> before <p>
    Multiset.html:75:81: Warning: inserting implicit <span>
    Multiset.html:78:6: Warning: missing </span> before <p>
    Multiset.html:78:82: Warning: inserting implicit <span>
    Multiset.html:81:6: Warning: missing </span> before <p>
    Multiset.html:81:84: Warning: inserting implicit <span>
    Multiset.html:84:6: Warning: missing </span> before <p>
    Multiset.html:84:83: Warning: inserting implicit <span>
    Multiset.html:63:6: Warning: trimming empty <span>
    Multiset.html:66:6: Warning: trimming empty <span>
    Multiset.html:69:6: Warning: trimming empty <span>
    Multiset.html:72:6: Warning: trimming empty <span>
    Multiset.html:75:6: Warning: trimming empty <span>
    Multiset.html:78:6: Warning: trimming empty <span>
    Multiset.html:81:6: Warning: trimming empty <span>
    Multiset.html:84:6: Warning: trimming empty <span>
    Naturals.html:56:6: Warning: missing </span> before <p>
    Naturals.html:56:79: Warning: inserting implicit <span>
    Naturals.html:59:6: Warning: missing </span> before <p>
    Naturals.html:59:88: Warning: inserting implicit <span>
    Naturals.html:62:6: Warning: missing </span> before <p>
    Naturals.html:62:81: Warning: inserting implicit <span>
    Naturals.html:65:6: Warning: missing </span> before <p>
    Naturals.html:65:82: Warning: inserting implicit <span>
    Naturals.html:68:6: Warning: missing </span> before <p>
    Naturals.html:68:83: Warning: inserting implicit <span>
    Naturals.html:71:6: Warning: missing </span> before <p>
    Naturals.html:71:89: Warning: inserting implicit <span>
    Naturals.html:74:6: Warning: missing </span> before <p>
    Naturals.html:74:87: Warning: inserting implicit <span>
    Naturals.html:77:6: Warning: missing </span> before <p>
    Naturals.html:77:94: Warning: inserting implicit <span>
    Naturals.html:80:6: Warning: missing </span> before <p>
    Naturals.html:80:89: Warning: inserting implicit <span>
    Naturals.html:83:6: Warning: missing </span> before <p>
    Naturals.html:83:91: Warning: inserting implicit <span>
    Naturals.html:56:6: Warning: trimming empty <span>
    Naturals.html:59:6: Warning: trimming empty <span>
    Naturals.html:62:6: Warning: trimming empty <span>
    Naturals.html:65:6: Warning: trimming empty <span>
    Naturals.html:68:6: Warning: trimming empty <span>
    Naturals.html:71:6: Warning: trimming empty <span>
    Naturals.html:74:6: Warning: trimming empty <span>
    Naturals.html:77:6: Warning: trimming empty <span>
    Naturals.html:80:6: Warning: trimming empty <span>
    Naturals.html:83:6: Warning: trimming empty <span>
    NegIntegers.html:56:6: Warning: missing </span> before <p>
    NegIntegers.html:56:79: Warning: inserting implicit <span>
    NegIntegers.html:59:6: Warning: missing </span> before <p>
    NegIntegers.html:59:88: Warning: inserting implicit <span>
    NegIntegers.html:62:6: Warning: missing </span> before <p>
    NegIntegers.html:62:81: Warning: inserting implicit <span>
    NegIntegers.html:65:6: Warning: missing </span> before <p>
    NegIntegers.html:65:82: Warning: inserting implicit <span>
    NegIntegers.html:68:6: Warning: missing </span> before <p>
    NegIntegers.html:68:83: Warning: inserting implicit <span>
    NegIntegers.html:71:6: Warning: missing </span> before <p>
    NegIntegers.html:71:89: Warning: inserting implicit <span>
    NegIntegers.html:74:6: Warning: missing </span> before <p>
    NegIntegers.html:74:87: Warning: inserting implicit <span>
    NegIntegers.html:77:6: Warning: missing </span> before <p>
    NegIntegers.html:77:94: Warning: inserting implicit <span>
    NegIntegers.html:80:6: Warning: missing </span> before <p>
    NegIntegers.html:80:89: Warning: inserting implicit <span>
    NegIntegers.html:83:6: Warning: missing </span> before <p>
    NegIntegers.html:83:91: Warning: inserting implicit <span>
    NegIntegers.html:56:6: Warning: trimming empty <span>
    NegIntegers.html:59:6: Warning: trimming empty <span>
    NegIntegers.html:62:6: Warning: trimming empty <span>
    NegIntegers.html:65:6: Warning: trimming empty <span>
    NegIntegers.html:68:6: Warning: trimming empty <span>
    NegIntegers.html:71:6: Warning: trimming empty <span>
    NegIntegers.html:74:6: Warning: trimming empty <span>
    NegIntegers.html:77:6: Warning: trimming empty <span>
    NegIntegers.html:80:6: Warning: trimming empty <span>
    NegIntegers.html:83:6: Warning: trimming empty <span>
    NegRationals.html:67:6: Warning: missing </span> before <p>
    NegRationals.html:67:79: Warning: inserting implicit <span>
    NegRationals.html:70:6: Warning: missing </span> before <p>
    NegRationals.html:70:88: Warning: inserting implicit <span>
    NegRationals.html:73:6: Warning: missing </span> before <p>
    NegRationals.html:73:81: Warning: inserting implicit <span>
    NegRationals.html:76:6: Warning: missing </span> before <p>
    NegRationals.html:76:82: Warning: inserting implicit <span>
    NegRationals.html:79:6: Warning: missing </span> before <p>
    NegRationals.html:79:83: Warning: inserting implicit <span>
    NegRationals.html:82:6: Warning: missing </span> before <p>
    NegRationals.html:82:94: Warning: inserting implicit <span>
    NegRationals.html:85:6: Warning: missing </span> before <p>
    NegRationals.html:85:91: Warning: inserting implicit <span>
    NegRationals.html:88:6: Warning: missing </span> before <p>
    NegRationals.html:88:90: Warning: inserting implicit <span>
    NegRationals.html:91:6: Warning: missing </span> before <p>
    NegRationals.html:91:88: Warning: inserting implicit <span>
    NegRationals.html:94:6: Warning: missing </span> before <p>
    NegRationals.html:94:90: Warning: inserting implicit <span>
    NegRationals.html:67:6: Warning: trimming empty <span>
    NegRationals.html:70:6: Warning: trimming empty <span>
    NegRationals.html:73:6: Warning: trimming empty <span>
    NegRationals.html:76:6: Warning: trimming empty <span>
    NegRationals.html:79:6: Warning: trimming empty <span>
    NegRationals.html:82:6: Warning: trimming empty <span>
    NegRationals.html:85:6: Warning: trimming empty <span>
    NegRationals.html:88:6: Warning: trimming empty <span>
    NegRationals.html:91:6: Warning: trimming empty <span>
    NegRationals.html:94:6: Warning: trimming empty <span>
    NegReals.html:59:6: Warning: missing </span> before <p>
    NegReals.html:59:79: Warning: inserting implicit <span>
    NegReals.html:62:6: Warning: missing </span> before <p>
    NegReals.html:62:88: Warning: inserting implicit <span>
    NegReals.html:65:6: Warning: missing </span> before <p>
    NegReals.html:65:81: Warning: inserting implicit <span>
    NegReals.html:68:6: Warning: missing </span> before <p>
    NegReals.html:68:82: Warning: inserting implicit <span>
    NegReals.html:71:6: Warning: missing </span> before <p>
    NegReals.html:71:83: Warning: inserting implicit <span>
    NegReals.html:74:6: Warning: missing </span> before <p>
    NegReals.html:74:89: Warning: inserting implicit <span>
    NegReals.html:77:6: Warning: missing </span> before <p>
    NegReals.html:77:87: Warning: inserting implicit <span>
    NegReals.html:80:6: Warning: missing </span> before <p>
    NegReals.html:80:94: Warning: inserting implicit <span>
    NegReals.html:83:6: Warning: missing </span> before <p>
    NegReals.html:83:89: Warning: inserting implicit <span>
    NegReals.html:86:6: Warning: missing </span> before <p>
    NegReals.html:86:91: Warning: inserting implicit <span>
    NegReals.html:59:6: Warning: trimming empty <span>
    NegReals.html:62:6: Warning: trimming empty <span>
    NegReals.html:65:6: Warning: trimming empty <span>
    NegReals.html:68:6: Warning: trimming empty <span>
    NegReals.html:71:6: Warning: trimming empty <span>
    NegReals.html:74:6: Warning: trimming empty <span>
    NegReals.html:77:6: Warning: trimming empty <span>
    NegReals.html:80:6: Warning: trimming empty <span>
    NegReals.html:83:6: Warning: trimming empty <span>
    NegReals.html:86:6: Warning: trimming empty <span>
    PosIntegers.html:56:6: Warning: missing </span> before <p>
    PosIntegers.html:56:79: Warning: inserting implicit <span>
    PosIntegers.html:59:6: Warning: missing </span> before <p>
    PosIntegers.html:59:88: Warning: inserting implicit <span>
    PosIntegers.html:62:6: Warning: missing </span> before <p>
    PosIntegers.html:62:81: Warning: inserting implicit <span>
    PosIntegers.html:65:6: Warning: missing </span> before <p>
    PosIntegers.html:65:82: Warning: inserting implicit <span>
    PosIntegers.html:68:6: Warning: missing </span> before <p>
    PosIntegers.html:68:83: Warning: inserting implicit <span>
    PosIntegers.html:71:6: Warning: missing </span> before <p>
    PosIntegers.html:71:89: Warning: inserting implicit <span>
    PosIntegers.html:74:6: Warning: missing </span> before <p>
    PosIntegers.html:74:87: Warning: inserting implicit <span>
    PosIntegers.html:77:6: Warning: missing </span> before <p>
    PosIntegers.html:77:94: Warning: inserting implicit <span>
    PosIntegers.html:80:6: Warning: missing </span> before <p>
    PosIntegers.html:80:89: Warning: inserting implicit <span>
    PosIntegers.html:83:6: Warning: missing </span> before <p>
    PosIntegers.html:83:91: Warning: inserting implicit <span>
    PosIntegers.html:56:6: Warning: trimming empty <span>
    PosIntegers.html:59:6: Warning: trimming empty <span>
    PosIntegers.html:62:6: Warning: trimming empty <span>
    PosIntegers.html:65:6: Warning: trimming empty <span>
    PosIntegers.html:68:6: Warning: trimming empty <span>
    PosIntegers.html:71:6: Warning: trimming empty <span>
    PosIntegers.html:74:6: Warning: trimming empty <span>
    PosIntegers.html:77:6: Warning: trimming empty <span>
    PosIntegers.html:80:6: Warning: trimming empty <span>
    PosIntegers.html:83:6: Warning: trimming empty <span>
    PosNaturals.html:56:6: Warning: missing </span> before <p>
    PosNaturals.html:56:79: Warning: inserting implicit <span>
    PosNaturals.html:59:6: Warning: missing </span> before <p>
    PosNaturals.html:59:88: Warning: inserting implicit <span>
    PosNaturals.html:62:6: Warning: missing </span> before <p>
    PosNaturals.html:62:81: Warning: inserting implicit <span>
    PosNaturals.html:65:6: Warning: missing </span> before <p>
    PosNaturals.html:65:82: Warning: inserting implicit <span>
    PosNaturals.html:68:6: Warning: missing </span> before <p>
    PosNaturals.html:68:83: Warning: inserting implicit <span>
    PosNaturals.html:71:6: Warning: missing </span> before <p>
    PosNaturals.html:71:89: Warning: inserting implicit <span>
    PosNaturals.html:74:6: Warning: missing </span> before <p>
    PosNaturals.html:74:87: Warning: inserting implicit <span>
    PosNaturals.html:77:6: Warning: missing </span> before <p>
    PosNaturals.html:77:94: Warning: inserting implicit <span>
    PosNaturals.html:80:6: Warning: missing </span> before <p>
    PosNaturals.html:80:89: Warning: inserting implicit <span>
    PosNaturals.html:83:6: Warning: missing </span> before <p>
    PosNaturals.html:83:91: Warning: inserting implicit <span>
    PosNaturals.html:56:6: Warning: trimming empty <span>
    PosNaturals.html:59:6: Warning: trimming empty <span>
    PosNaturals.html:62:6: Warning: trimming empty <span>
    PosNaturals.html:65:6: Warning: trimming empty <span>
    PosNaturals.html:68:6: Warning: trimming empty <span>
    PosNaturals.html:71:6: Warning: trimming empty <span>
    PosNaturals.html:74:6: Warning: trimming empty <span>
    PosNaturals.html:77:6: Warning: trimming empty <span>
    PosNaturals.html:80:6: Warning: trimming empty <span>
    PosNaturals.html:83:6: Warning: trimming empty <span>
    PosRationals.html:67:6: Warning: missing </span> before <p>
    PosRationals.html:67:79: Warning: inserting implicit <span>
    PosRationals.html:70:6: Warning: missing </span> before <p>
    PosRationals.html:70:88: Warning: inserting implicit <span>
    PosRationals.html:73:6: Warning: missing </span> before <p>
    PosRationals.html:73:81: Warning: inserting implicit <span>
    PosRationals.html:76:6: Warning: missing </span> before <p>
    PosRationals.html:76:82: Warning: inserting implicit <span>
    PosRationals.html:79:6: Warning: missing </span> before <p>
    PosRationals.html:79:83: Warning: inserting implicit <span>
    PosRationals.html:82:6: Warning: missing </span> before <p>
    PosRationals.html:82:94: Warning: inserting implicit <span>
    PosRationals.html:85:6: Warning: missing </span> before <p>
    PosRationals.html:85:91: Warning: inserting implicit <span>
    PosRationals.html:88:6: Warning: missing </span> before <p>
    PosRationals.html:88:90: Warning: inserting implicit <span>
    PosRationals.html:91:6: Warning: missing </span> before <p>
    PosRationals.html:91:88: Warning: inserting implicit <span>
    PosRationals.html:94:6: Warning: missing </span> before <p>
    PosRationals.html:94:90: Warning: inserting implicit <span>
    PosRationals.html:67:6: Warning: trimming empty <span>
    PosRationals.html:70:6: Warning: trimming empty <span>
    PosRationals.html:73:6: Warning: trimming empty <span>
    PosRationals.html:76:6: Warning: trimming empty <span>
    PosRationals.html:79:6: Warning: trimming empty <span>
    PosRationals.html:82:6: Warning: trimming empty <span>
    PosRationals.html:85:6: Warning: trimming empty <span>
    PosRationals.html:88:6: Warning: trimming empty <span>
    PosRationals.html:91:6: Warning: trimming empty <span>
    PosRationals.html:94:6: Warning: trimming empty <span>
    PosReals.html:59:6: Warning: missing </span> before <p>
    PosReals.html:59:79: Warning: inserting implicit <span>
    PosReals.html:62:6: Warning: missing </span> before <p>
    PosReals.html:62:88: Warning: inserting implicit <span>
    PosReals.html:65:6: Warning: missing </span> before <p>
    PosReals.html:65:81: Warning: inserting implicit <span>
    PosReals.html:68:6: Warning: missing </span> before <p>
    PosReals.html:68:82: Warning: inserting implicit <span>
    PosReals.html:71:6: Warning: missing </span> before <p>
    PosReals.html:71:83: Warning: inserting implicit <span>
    PosReals.html:74:6: Warning: missing </span> before <p>
    PosReals.html:74:89: Warning: inserting implicit <span>
    PosReals.html:77:6: Warning: missing </span> before <p>
    PosReals.html:77:87: Warning: inserting implicit <span>
    PosReals.html:80:6: Warning: missing </span> before <p>
    PosReals.html:80:94: Warning: inserting implicit <span>
    PosReals.html:83:6: Warning: missing </span> before <p>
    PosReals.html:83:89: Warning: inserting implicit <span>
    PosReals.html:86:6: Warning: missing </span> before <p>
    PosReals.html:86:91: Warning: inserting implicit <span>
    PosReals.html:59:6: Warning: trimming empty <span>
    PosReals.html:62:6: Warning: trimming empty <span>
    PosReals.html:65:6: Warning: trimming empty <span>
    PosReals.html:68:6: Warning: trimming empty <span>
    PosReals.html:71:6: Warning: trimming empty <span>
    PosReals.html:74:6: Warning: trimming empty <span>
    PosReals.html:77:6: Warning: trimming empty <span>
    PosReals.html:80:6: Warning: trimming empty <span>
    PosReals.html:83:6: Warning: trimming empty <span>
    PosReals.html:86:6: Warning: trimming empty <span>
    PowersetSet.html:70:6: Warning: missing </span> before <p>
    PowersetSet.html:70:79: Warning: inserting implicit <span>
    PowersetSet.html:73:6: Warning: missing </span> before <p>
    PowersetSet.html:73:88: Warning: inserting implicit <span>
    PowersetSet.html:76:6: Warning: missing </span> before <p>
    PowersetSet.html:76:81: Warning: inserting implicit <span>
    PowersetSet.html:79:6: Warning: missing </span> before <p>
    PowersetSet.html:79:82: Warning: inserting implicit <span>
    PowersetSet.html:82:6: Warning: missing </span> before <p>
    PowersetSet.html:82:83: Warning: inserting implicit <span>
    PowersetSet.html:85:6: Warning: missing </span> before <p>
    PowersetSet.html:85:89: Warning: inserting implicit <span>
    PowersetSet.html:70:6: Warning: trimming empty <span>
    PowersetSet.html:73:6: Warning: trimming empty <span>
    PowersetSet.html:76:6: Warning: trimming empty <span>
    PowersetSet.html:79:6: Warning: trimming empty <span>
    PowersetSet.html:82:6: Warning: trimming empty <span>
    PowersetSet.html:85:6: Warning: trimming empty <span>
    ProductSet.html:79:6: Warning: missing </span> before <p>
    ProductSet.html:79:79: Warning: inserting implicit <span>
    ProductSet.html:82:6: Warning: missing </span> before <p>
    ProductSet.html:82:88: Warning: inserting implicit <span>
    ProductSet.html:85:6: Warning: missing </span> before <p>
    ProductSet.html:85:81: Warning: inserting implicit <span>
    ProductSet.html:88:6: Warning: missing </span> before <p>
    ProductSet.html:88:82: Warning: inserting implicit <span>
    ProductSet.html:91:6: Warning: missing </span> before <p>
    ProductSet.html:91:83: Warning: inserting implicit <span>
    ProductSet.html:94:6: Warning: missing </span> before <p>
    ProductSet.html:94:89: Warning: inserting implicit <span>
    ProductSet.html:97:6: Warning: missing </span> before <p>
    ProductSet.html:97:91: Warning: inserting implicit <span>
    ProductSet.html:79:6: Warning: trimming empty <span>
    ProductSet.html:82:6: Warning: trimming empty <span>
    ProductSet.html:85:6: Warning: trimming empty <span>
    ProductSet.html:88:6: Warning: trimming empty <span>
    ProductSet.html:91:6: Warning: trimming empty <span>
    ProductSet.html:94:6: Warning: trimming empty <span>
    ProductSet.html:97:6: Warning: trimming empty <span>
    Rationals.html:76:6: Warning: missing </span> before <p>
    Rationals.html:76:79: Warning: inserting implicit <span>
    Rationals.html:79:6: Warning: missing </span> before <p>
    Rationals.html:79:88: Warning: inserting implicit <span>
    Rationals.html:82:6: Warning: missing </span> before <p>
    Rationals.html:82:81: Warning: inserting implicit <span>
    Rationals.html:85:6: Warning: missing </span> before <p>
    Rationals.html:85:82: Warning: inserting implicit <span>
    Rationals.html:88:6: Warning: missing </span> before <p>
    Rationals.html:88:83: Warning: inserting implicit <span>
    Rationals.html:91:6: Warning: missing </span> before <p>
    Rationals.html:91:94: Warning: inserting implicit <span>
    Rationals.html:94:6: Warning: missing </span> before <p>
    Rationals.html:94:91: Warning: inserting implicit <span>
    Rationals.html:76:6: Warning: trimming empty <span>
    Rationals.html:79:6: Warning: trimming empty <span>
    Rationals.html:82:6: Warning: trimming empty <span>
    Rationals.html:85:6: Warning: trimming empty <span>
    Rationals.html:88:6: Warning: trimming empty <span>
    Rationals.html:91:6: Warning: trimming empty <span>
    Rationals.html:94:6: Warning: trimming empty <span>
    Reals.html:59:6: Warning: missing </span> before <p>
    Reals.html:59:79: Warning: inserting implicit <span>
    Reals.html:62:6: Warning: missing </span> before <p>
    Reals.html:62:88: Warning: inserting implicit <span>
    Reals.html:65:6: Warning: missing </span> before <p>
    Reals.html:65:81: Warning: inserting implicit <span>
    Reals.html:68:6: Warning: missing </span> before <p>
    Reals.html:68:82: Warning: inserting implicit <span>
    Reals.html:71:6: Warning: missing </span> before <p>
    Reals.html:71:83: Warning: inserting implicit <span>
    Reals.html:74:6: Warning: missing </span> before <p>
    Reals.html:74:89: Warning: inserting implicit <span>
    Reals.html:77:6: Warning: missing </span> before <p>
    Reals.html:77:87: Warning: inserting implicit <span>
    Reals.html:80:6: Warning: missing </span> before <p>
    Reals.html:80:94: Warning: inserting implicit <span>
    Reals.html:83:6: Warning: missing </span> before <p>
    Reals.html:83:89: Warning: inserting implicit <span>
    Reals.html:86:6: Warning: missing </span> before <p>
    Reals.html:86:91: Warning: inserting implicit <span>
    Reals.html:59:6: Warning: trimming empty <span>
    Reals.html:62:6: Warning: trimming empty <span>
    Reals.html:65:6: Warning: trimming empty <span>
    Reals.html:68:6: Warning: trimming empty <span>
    Reals.html:71:6: Warning: trimming empty <span>
    Reals.html:74:6: Warning: trimming empty <span>
    Reals.html:77:6: Warning: trimming empty <span>
    Reals.html:80:6: Warning: trimming empty <span>
    Reals.html:83:6: Warning: trimming empty <span>
    Reals.html:86:6: Warning: trimming empty <span>
    SetWrapper.html:82:6: Warning: missing </span> before <p>
    SetWrapper.html:82:79: Warning: inserting implicit <span>
    SetWrapper.html:85:6: Warning: missing </span> before <p>
    SetWrapper.html:85:84: Warning: inserting implicit <span>
    SetWrapper.html:88:6: Warning: missing </span> before <p>
    SetWrapper.html:88:88: Warning: inserting implicit <span>
    SetWrapper.html:91:6: Warning: missing </span> before <p>
    SetWrapper.html:91:81: Warning: inserting implicit <span>
    SetWrapper.html:94:6: Warning: missing </span> before <p>
    SetWrapper.html:94:82: Warning: inserting implicit <span>
    SetWrapper.html:97:6: Warning: missing </span> before <p>
    SetWrapper.html:97:84: Warning: inserting implicit <span>
    SetWrapper.html:100:6: Warning: missing </span> before <p>
    SetWrapper.html:100:83: Warning: inserting implicit <span>
    SetWrapper.html:82:6: Warning: trimming empty <span>
    SetWrapper.html:85:6: Warning: trimming empty <span>
    SetWrapper.html:88:6: Warning: trimming empty <span>
    SetWrapper.html:91:6: Warning: trimming empty <span>
    SetWrapper.html:94:6: Warning: trimming empty <span>
    SetWrapper.html:97:6: Warning: trimming empty <span>
    SetWrapper.html:100:6: Warning: trimming empty <span>
    SpecialSet.html:64:6: Warning: missing </span> before <p>
    SpecialSet.html:64:79: Warning: inserting implicit <span>
    SpecialSet.html:67:6: Warning: missing </span> before <p>
    SpecialSet.html:67:88: Warning: inserting implicit <span>
    SpecialSet.html:70:6: Warning: missing </span> before <p>
    SpecialSet.html:70:81: Warning: inserting implicit <span>
    SpecialSet.html:73:6: Warning: missing </span> before <p>
    SpecialSet.html:73:82: Warning: inserting implicit <span>
    SpecialSet.html:76:6: Warning: missing </span> before <p>
    SpecialSet.html:76:83: Warning: inserting implicit <span>
    SpecialSet.html:79:6: Warning: missing </span> before <p>
    SpecialSet.html:79:89: Warning: inserting implicit <span>
    SpecialSet.html:82:6: Warning: missing </span> before <p>
    SpecialSet.html:82:87: Warning: inserting implicit <span>
    SpecialSet.html:85:6: Warning: missing </span> before <p>
    SpecialSet.html:85:94: Warning: inserting implicit <span>
    SpecialSet.html:88:6: Warning: missing </span> before <p>
    SpecialSet.html:88:89: Warning: inserting implicit <span>
    SpecialSet.html:64:6: Warning: trimming empty <span>
    SpecialSet.html:67:6: Warning: trimming empty <span>
    SpecialSet.html:70:6: Warning: trimming empty <span>
    SpecialSet.html:73:6: Warning: trimming empty <span>
    SpecialSet.html:76:6: Warning: trimming empty <span>
    SpecialSet.html:79:6: Warning: trimming empty <span>
    SpecialSet.html:82:6: Warning: trimming empty <span>
    SpecialSet.html:85:6: Warning: trimming empty <span>
    SpecialSet.html:88:6: Warning: trimming empty <span>
    Tuple.html:64:6: Warning: missing </span> before <p>
    Tuple.html:64:79: Warning: inserting implicit <span>
    Tuple.html:67:6: Warning: missing </span> before <p>
    Tuple.html:67:84: Warning: inserting implicit <span>
    Tuple.html:70:6: Warning: missing </span> before <p>
    Tuple.html:70:86: Warning: inserting implicit <span>
    Tuple.html:73:6: Warning: missing </span> before <p>
    Tuple.html:73:88: Warning: inserting implicit <span>
    Tuple.html:76:6: Warning: missing </span> before <p>
    Tuple.html:76:81: Warning: inserting implicit <span>
    Tuple.html:79:6: Warning: missing </span> before <p>
    Tuple.html:79:82: Warning: inserting implicit <span>
    Tuple.html:82:6: Warning: missing </span> before <p>
    Tuple.html:82:84: Warning: inserting implicit <span>
    Tuple.html:85:6: Warning: missing </span> before <p>
    Tuple.html:85:83: Warning: inserting implicit <span>
    Tuple.html:64:6: Warning: trimming empty <span>
    Tuple.html:67:6: Warning: trimming empty <span>
    Tuple.html:70:6: Warning: trimming empty <span>
    Tuple.html:73:6: Warning: trimming empty <span>
    Tuple.html:76:6: Warning: trimming empty <span>
    Tuple.html:79:6: Warning: trimming empty <span>
    Tuple.html:82:6: Warning: trimming empty <span>
    Tuple.html:85:6: Warning: trimming empty <span>
    UnionSet.html:81:6: Warning: missing </span> before <p>
    UnionSet.html:81:79: Warning: inserting implicit <span>
    UnionSet.html:84:6: Warning: missing </span> before <p>
    UnionSet.html:84:88: Warning: inserting implicit <span>
    UnionSet.html:87:6: Warning: missing </span> before <p>
    UnionSet.html:87:81: Warning: inserting implicit <span>
    UnionSet.html:90:6: Warning: missing </span> before <p>
    UnionSet.html:90:82: Warning: inserting implicit <span>
    UnionSet.html:93:6: Warning: missing </span> before <p>
    UnionSet.html:93:83: Warning: inserting implicit <span>
    UnionSet.html:96:6: Warning: missing </span> before <p>
    UnionSet.html:96:89: Warning: inserting implicit <span>
    UnionSet.html:99:6: Warning: missing </span> before <p>
    UnionSet.html:99:91: Warning: inserting implicit <span>
    UnionSet.html:81:6: Warning: trimming empty <span>
    UnionSet.html:84:6: Warning: trimming empty <span>
    UnionSet.html:87:6: Warning: trimming empty <span>
    UnionSet.html:90:6: Warning: trimming empty <span>
    UnionSet.html:93:6: Warning: trimming empty <span>
    UnionSet.html:96:6: Warning: trimming empty <span>
    UnionSet.html:99:6: Warning: trimming empty <span>
    Universal.html:92:6: Warning: missing </span> before <p>
    Universal.html:92:79: Warning: inserting implicit <span>
    Universal.html:95:6: Warning: missing </span> before <p>
    Universal.html:95:88: Warning: inserting implicit <span>
    Universal.html:98:6: Warning: missing </span> before <p>
    Universal.html:98:81: Warning: inserting implicit <span>
    Universal.html:101:6: Warning: missing </span> before <p>
    Universal.html:101:82: Warning: inserting implicit <span>
    Universal.html:104:6: Warning: missing </span> before <p>
    Universal.html:104:83: Warning: inserting implicit <span>
    Universal.html:92:6: Warning: trimming empty <span>
    Universal.html:95:6: Warning: trimming empty <span>
    Universal.html:98:6: Warning: trimming empty <span>
    Universal.html:101:6: Warning: trimming empty <span>
    Universal.html:104:6: Warning: trimming empty <span>
    UniversalSet.html:92:6: Warning: missing </span> before <p>
    UniversalSet.html:92:79: Warning: inserting implicit <span>
    UniversalSet.html:95:6: Warning: missing </span> before <p>
    UniversalSet.html:95:88: Warning: inserting implicit <span>
    UniversalSet.html:98:6: Warning: missing </span> before <p>
    UniversalSet.html:98:81: Warning: inserting implicit <span>
    UniversalSet.html:101:6: Warning: missing </span> before <p>
    UniversalSet.html:101:82: Warning: inserting implicit <span>
    UniversalSet.html:104:6: Warning: missing </span> before <p>
    UniversalSet.html:104:83: Warning: inserting implicit <span>
    UniversalSet.html:92:6: Warning: trimming empty <span>
    UniversalSet.html:95:6: Warning: trimming empty <span>
    UniversalSet.html:98:6: Warning: trimming empty <span>
    UniversalSet.html:101:6: Warning: trimming empty <span>
    UniversalSet.html:104:6: Warning: trimming empty <span>
Flavors: r-devel-linux-x86_64-debian-clang, r-devel-linux-x86_64-debian-gcc, r-devel-linux-x86_64-fedora-clang, r-devel-linux-x86_64-fedora-gcc