CRAN Package Check Results for Package setter

Last updated on 2022-05-17 08:52:30 CEST.

Flavor Version Tinstall Tcheck Ttotal Status Flags
r-devel-linux-x86_64-debian-clang 0.0-1 2.25 32.66 34.91 NOTE
r-devel-linux-x86_64-debian-gcc 0.0-1 1.60 25.64 27.24 NOTE
r-devel-linux-x86_64-fedora-clang 0.0-1 42.44 NOTE
r-devel-linux-x86_64-fedora-gcc 0.0-1 41.62 NOTE
r-devel-windows-x86_64 0.0-1 10.00 50.00 60.00 NOTE
r-patched-linux-x86_64 0.0-1 1.76 32.08 33.84 NOTE
r-release-linux-x86_64 0.0-1 1.86 31.73 33.59 NOTE
r-release-macos-arm64 0.0-1 18.00 NOTE
r-release-macos-x86_64 0.0-1 20.00 NOTE
r-release-windows-x86_64 0.0-1 14.00 51.00 65.00 NOTE
r-oldrel-macos-arm64 0.0-1 21.00 NOTE
r-oldrel-macos-x86_64 0.0-1 30.00 NOTE
r-oldrel-windows-ix86+x86_64 0.0-1 5.00 45.00 50.00 NOTE

Check Details

Version: 0.0-1
Check: LazyData
Result: NOTE
     'LazyData' is specified without a 'data' directory
Flavors: r-devel-linux-x86_64-debian-clang, r-devel-linux-x86_64-debian-gcc, r-devel-linux-x86_64-fedora-clang, r-devel-linux-x86_64-fedora-gcc, r-devel-windows-x86_64, r-patched-linux-x86_64, r-release-linux-x86_64, r-release-macos-arm64, r-release-macos-x86_64, r-release-windows-x86_64, r-oldrel-macos-arm64, r-oldrel-macos-x86_64, r-oldrel-windows-ix86+x86_64