CRAN Package Check Results for Package sf

Last updated on 2018-12-11 07:48:41 CET.

Flavor Version Tinstall Tcheck Ttotal Status Flags
r-devel-linux-x86_64-debian-clang 0.7-1 146.70 217.97 364.67 OK
r-devel-linux-x86_64-debian-gcc 0.7-1 123.94 176.27 300.21 OK
r-devel-linux-x86_64-fedora-clang 0.7-1 485.94 NOTE
r-devel-linux-x86_64-fedora-gcc 0.7-1 453.81 OK
r-devel-windows-ix86+x86_64 0.7-1 474.00 779.00 1253.00 NOTE
r-patched-linux-x86_64 0.7-1 156.54 208.49 365.03 OK
r-patched-solaris-x86 0.7-1 534.60 WARN
r-release-linux-x86_64 0.7-1 153.26 208.36 361.62 OK
r-release-windows-ix86+x86_64 0.7-1 484.00 583.00 1067.00 NOTE
r-release-osx-x86_64 0.7-1 WARN
r-oldrel-windows-ix86+x86_64 0.7-1 379.00 858.00 1237.00 NOTE
r-oldrel-osx-x86_64 0.7-1 WARN

Check Details

Version: 0.7-1
Check: installed package size
Result: NOTE
     installed size is 23.6Mb
     sub-directories of 1Mb or more:
     doc 11.8Mb
     libs 7.1Mb
     sqlite 1.5Mb
Flavors: r-devel-linux-x86_64-fedora-clang, r-devel-windows-ix86+x86_64, r-patched-solaris-x86, r-release-windows-ix86+x86_64, r-release-osx-x86_64, r-oldrel-windows-ix86+x86_64, r-oldrel-osx-x86_64

Version: 0.7-1
Check: package dependencies
Result: NOTE
    Package suggested but not available for checking: ‘RPostgres’
Flavor: r-patched-solaris-x86

Version: 0.7-1
Check: re-building of vignette outputs
Result: WARN
    Error in re-building vignettes:
     ...
    Warning in engine$weave(file, quiet = quiet, encoding = enc) :
     Pandoc (>= 1.12.3) and/or pandoc-citeproc not available. Falling back to R Markdown v1.
    Warning in engine$weave(file, quiet = quiet, encoding = enc) :
     Pandoc (>= 1.12.3) and/or pandoc-citeproc not available. Falling back to R Markdown v1.
    Warning in engine$weave(file, quiet = quiet, encoding = enc) :
     Pandoc (>= 1.12.3) and/or pandoc-citeproc not available. Falling back to R Markdown v1.
    Warning in engine$weave(file, quiet = quiet, encoding = enc) :
     Pandoc (>= 1.12.3) and/or pandoc-citeproc not available. Falling back to R Markdown v1.
    Warning in engine$weave(file, quiet = quiet, encoding = enc) :
     Pandoc (>= 1.12.3) and/or pandoc-citeproc not available. Falling back to R Markdown v1.
    Quitting from lines 216-219 (sf5.Rmd)
    Error: processing vignette 'sf5.Rmd' failed with diagnostics:
    cannot open the connection
    Execution halted
Flavors: r-patched-solaris-x86, r-release-osx-x86_64, r-oldrel-osx-x86_64