CRAN Package Check Results for Package sf

Last updated on 2022-01-28 08:52:21 CET.

Flavor Version Tinstall Tcheck Ttotal Status Flags
r-devel-linux-x86_64-debian-clang 1.0-5 200.57 378.98 579.55 OK
r-devel-linux-x86_64-debian-gcc 1.0-5 155.81 303.64 459.45 OK
r-devel-linux-x86_64-fedora-clang 1.0-5 858.91 NOTE
r-devel-linux-x86_64-fedora-gcc 1.0-5 801.49 OK
r-devel-windows-x86_64-new-UL 1.0-5 418.00 943.00 1361.00 NOTE
r-devel-windows-x86_64-new-TK 1.0-5 OK
r-patched-linux-x86_64 1.0-5 173.00 370.23 543.23 OK
r-release-linux-x86_64 1.0-5 176.72 367.11 543.83 OK
r-release-macos-arm64 1.0-5 NOTE
r-release-macos-x86_64 1.0-5 NOTE
r-release-windows-ix86+x86_64 1.0-5 508.00 1114.00 1622.00 NOTE
r-oldrel-macos-x86_64 1.0-5 NOTE
r-oldrel-windows-ix86+x86_64 1.0-5 511.00 1132.00 1643.00 NOTE

Check Details

Version: 1.0-5
Check: installed package size
Result: NOTE
     installed size is 14.5Mb
     sub-directories of 1Mb or more:
     doc 1.7Mb
     libs 8.2Mb
     sqlite 1.5Mb
Flavors: r-devel-linux-x86_64-fedora-clang, r-devel-windows-x86_64-new-UL, r-release-macos-arm64, r-release-macos-x86_64, r-release-windows-ix86+x86_64, r-oldrel-macos-x86_64, r-oldrel-windows-ix86+x86_64