Last updated on 2022-06-26 06:50:49 CEST.
Flavor | Version | Tinstall | Tcheck | Ttotal | Status | Flags |
---|---|---|---|---|---|---|
r-devel-linux-x86_64-debian-clang | 1.0-7 | 198.72 | 394.85 | 593.57 | OK | |
r-devel-linux-x86_64-debian-gcc | 1.0-7 | 168.85 | 292.10 | 460.95 | OK | |
r-devel-linux-x86_64-fedora-clang | 1.0-7 | 826.27 | NOTE | |||
r-devel-linux-x86_64-fedora-gcc | 1.0-7 | 752.01 | OK | |||
r-devel-windows-x86_64 | 1.0-7 | 210.00 | 9.00 | 219.00 | ERROR | |
r-patched-linux-x86_64 | 1.0-7 | 184.21 | 372.34 | 556.55 | OK | |
r-release-linux-x86_64 | 1.0-7 | 176.60 | 375.92 | 552.52 | OK | |
r-release-macos-arm64 | 1.0-7 | 222.00 | NOTE | |||
r-release-macos-x86_64 | 1.0-7 | 31.00 | ERROR | |||
r-release-windows-x86_64 | 1.0-7 | 200.00 | 8.00 | 208.00 | ERROR | |
r-oldrel-macos-arm64 | 1.0-7 | 198.00 | NOTE | |||
r-oldrel-macos-x86_64 | 1.0-7 | 306.00 | NOTE | |||
r-oldrel-windows-ix86+x86_64 | 1.0-7 | 558.00 | 1174.00 | 1732.00 | NOTE |
Version: 1.0-7
Check: installed package size
Result: NOTE
installed size is 13.0Mb
sub-directories of 1Mb or more:
doc 1.7Mb
libs 6.7Mb
sqlite 1.5Mb
Flavors: r-devel-linux-x86_64-fedora-clang, r-release-macos-arm64, r-oldrel-macos-arm64, r-oldrel-macos-x86_64, r-oldrel-windows-ix86+x86_64
Version: 1.0-7
Check: whether package can be installed
Result: ERROR
Installation failed.
Flavors: r-devel-windows-x86_64, r-release-macos-x86_64, r-release-windows-x86_64