CRAN Package Check Results for Package sf

Last updated on 2020-04-07 09:49:41 CEST.

Flavor Version Tinstall Tcheck Ttotal Status Flags
r-devel-linux-x86_64-debian-clang 0.9-0 206.00 265.87 471.87 OK
r-devel-linux-x86_64-debian-gcc 0.9-0 130.85 198.67 329.52 OK
r-devel-linux-x86_64-fedora-clang 0.9-1 656.45 NOTE
r-devel-linux-x86_64-fedora-gcc 0.9-1 594.33 OK
r-devel-windows-ix86+x86_64 0.9-0 561.00 898.00 1459.00 NOTE
r-devel-windows-ix86+x86_64-gcc8 0.9-0 384.00 678.00 1062.00 NOTE
r-patched-linux-x86_64 0.9-0 161.55 255.95 417.50 OK
r-patched-solaris-x86 0.9-1 588.30 NOTE
r-release-linux-x86_64 0.9-0 150.93 237.63 388.56 OK
r-release-windows-ix86+x86_64 0.9-0 417.00 901.00 1318.00 NOTE
r-release-osx-x86_64 0.9-0 ERROR
r-oldrel-windows-ix86+x86_64 0.9-0 520.00 755.00 1275.00 NOTE
r-oldrel-osx-x86_64 0.9-0 ERROR

Additional issues

valgrind

Check Details

Version: 0.9-1
Check: installed package size
Result: NOTE
     installed size is 26.6Mb
     sub-directories of 1Mb or more:
     doc 11.9Mb
     libs 10.2Mb
     sqlite 1.5Mb
Flavors: r-devel-linux-x86_64-fedora-clang, r-patched-solaris-x86

Version: 0.9-0
Check: installed package size
Result: NOTE
     installed size is 95.3Mb
     sub-directories of 1Mb or more:
     doc 11.9Mb
     gdal 3.9Mb
     libs 70.1Mb
     proj 5.0Mb
     sqlite 1.5Mb
Flavors: r-devel-windows-ix86+x86_64, r-devel-windows-ix86+x86_64-gcc8, r-release-windows-ix86+x86_64, r-release-osx-x86_64, r-oldrel-windows-ix86+x86_64, r-oldrel-osx-x86_64

Version: 0.9-1
Check: package dependencies
Result: NOTE
    Package suggested but not available for checking: ‘RPostgres’
Flavor: r-patched-solaris-x86

Version: 0.9-0
Check: tests
Result: ERROR
     Running ‘aggregate.R’ [1s/1s]
     Comparing ‘aggregate.Rout’ to ‘aggregate.Rout.save’ ...4c4
    < Linking to GEOS 3.7.2, GDAL 2.4.2, PROJ 5.2.0
    ---
    > Linking to GEOS 3.6.1, GDAL 2.2.3, PROJ 4.9.3
     Running ‘cast.R’ [1s/1s]
     Comparing ‘cast.Rout’ to ‘cast.Rout.save’ ... OK
     Running ‘crs.R’ [1s/1s]
     Comparing ‘crs.Rout’ to ‘crs.Rout.save’ ...53c53
    < bbox: xmin: 0 ymin: 0 xmax: 111319.5 ymax: 111325.1
    ---
    > bbox: xmin: 0 ymin: -7.081155e-10 xmax: 111319.5 ymax: 111325.1
    55c55
    < POINT (0 0)
    ---
    > POINT (0 -7.081155e-10)
    67c67
    < [1] "datum files not installed"
    ---
    > [1] "datum files installed"
     Running ‘dist.R’ [1s/1s]
     Comparing ‘dist.Rout’ to ‘dist.Rout.save’ ... OK
     Running ‘dplyr.R’ [6s/6s]
     Comparing ‘dplyr.Rout’ to ‘dplyr.Rout.save’ ...72c72
    < bbox: xmin: -9386888 ymin: 4012967 xmax: -8399832 ymax: 4382062
    ---
    > bbox: xmin: -9386880 ymin: 4012991 xmax: -8399788 ymax: 4382079
    76,80c76,80
    < <fct> <dbl> <MULTIPOLYGON [m]>
    < 1 (0,0.1] 0.0760 (((-8678549 4054241, -8679121 4061382, -8680169 40615…
    < 2 (0.1,0.12] 0.112 (((-9383235 4192530, -9375989 4199489, -9370844 41966…
    < 3 (0.12,0.1… 0.134 (((-8520870 4108009, -8522080 4111097, -8520143 41115…
    < 4 (0.15,0.2… 0.190 (((-8532310 4151160, -8529925 4149031, -8543795 41432…
    ---
    > * <fct> <dbl> <MULTIPOLYGON [m]>
    > 1 (0,0.1] 0.0760 (((-8678517 4054264, -8679088 4061405, -8680136 40615~
    > 2 (0.1,0.12] 0.112 (((-9383227 4192541, -9375980 4199500, -9370835 41966~
    > 3 (0.12,0.1~ 0.134 (((-8520830 4108031, -8522040 4111119, -8520104 41115~
    > 4 (0.15,0.2~ 0.190 (((-8532272 4151181, -8529886 4149052, -8543756 41433~
    104c104
    < bbox: xmin: -8802533 ymin: 4012967 xmax: -8492308 ymax: 4166145
    ---
    > bbox: xmin: -8802506 ymin: 4012991 xmax: -8492268 ymax: 4166167
    109,114c109,114
    < 1 95 (((-8588183 4131901, -8589886 4133281, -8589392 4135176, -8… SID79 4
    < 2 96 (((-8712030 4081936, -8719542 4077841, -8731672 4078841, -8… SID79 5
    < 3 97 (((-8685806 4073034, -8697419 4077800, -8700151 4077547, -8… SID79 3
    < 4 98 (((-8755914 4021912, -8802533 4069772, -8798798 4071757, -8… SID79 17
    < 5 99 (((-8678549 4054241, -8679121 4061382, -8680169 4061527, -8… SID79 9
    < 6 100 (((-8755914 4021912, -8753577 4025845, -8753082 4030172, -8… SID79 6
    ---
    > 1 95 (((-8588146 4131923, -8589850 4133303, -8589356 4135198, -8~ SID79 4
    > 2 96 (((-8711999 4081959, -8719511 4077863, -8731642 4078864, -8~ SID79 5
    > 3 97 (((-8685774 4073056, -8697387 4077823, -8700120 4077570, -8~ SID79 3
    > 4 98 (((-8755885 4021935, -8802506 4069795, -8798771 4071779, -8~ SID79 17
    > 5 99 (((-8678517 4054264, -8679088 4061405, -8680136 4061550, -8~ SID79 9
    > 6 100 (((-8755885 4021935, -8753548 4025868, -8753052 4030195, -8~ SID79 6
    119c119
    < bbox: xmin: -9099375 ymin: 4310646 xmax: -8435029 ymax: 4382062
    ---
    > bbox: xmin: -9099356 ymin: 4310668 xmax: -8434988 ymax: 4382079
    124,129c124,129
    < 1 1 (((-9069506 4332916, -9077085 4338183, -9079438 4338333, -9… 1 0
    < 2 2 (((-9043583 4351012, -9043672 4352955, -9046138 4356498, -9… 0 3
    < 3 3 (((-8956359 4334048, -8958590 4335728, -8965325 4336006, -8… 5 6
    < 4 4 (((-8461280 4344687, -8462213 4347193, -8463941 4346950, -8… 1 2
    < 5 5 (((-8595831 4333831, -8597718 4330190, -8604842 4329767, -8… 9 3
    < 6 6 (((-8543221 4332856, -8569451 4332348, -8571016 4333085, -8… 7 5
    ---
    > 1 1 (((-9069486 4332934, -9077066 4338201, -9079419 4338351, -9~ 1 0
    > 2 2 (((-9043562 4351030, -9043652 4352973, -9046117 4356516, -9~ 0 3
    > 3 3 (((-8956335 4334068, -8958566 4335747, -8965300 4336025, -8~ 5 6
    > 4 4 (((-8461241 4344709, -8462173 4347214, -8463902 4346972, -8~ 1 2
    > 5 5 (((-8595797 4333852, -8597683 4330212, -8604808 4329788, -8~ 9 3
    > 6 6 (((-8543185 4332878, -8569416 4332369, -8570981 4333107, -8~ 7 5
    134c134
    < bbox: xmin: -9099375 ymin: 4310646 xmax: -8435029 ymax: 4382062
    ---
    > bbox: xmin: -9099356 ymin: 4310668 xmax: -8434988 ymax: 4382079
    139,144c139,144
    < 1 (((-9069506 4332916, -9077085 4338183, -9079438 4338333, -9… 1 1 0
    < 2 (((-9043583 4351012, -9043672 4352955, -9046138 4356498, -9… 2 0 3
    < 3 (((-8956359 4334048, -8958590 4335728, -8965325 4336006, -8… 3 5 6
    < 4 (((-8461280 4344687, -8462213 4347193, -8463941 4346950, -8… 4 1 2
    < 5 (((-8595831 4333831, -8597718 4330190, -8604842 4329767, -8… 5 9 3
    < 6 (((-8543221 4332856, -8569451 4332348, -8571016 4333085, -8… 6 7 5
    ---
    > 1 (((-9069486 4332934, -9077066 4338201, -9079419 4338351, -9~ 1 1 0
    > 2 (((-9043562 4351030, -9043652 4352973, -9046117 4356516, -9~ 2 0 3
    > 3 (((-8956335 4334068, -8958566 4335747, -8965300 4336025, -8~ 3 5 6
    > 4 (((-8461241 4344709, -8462173 4347214, -8463902 4346972, -8~ 4 1 2
    > 5 (((-8595797 4333852, -8597683 4330212, -8604808 4329788, -8~ 5 9 3
    > 6 (((-8543185 4332878, -8569416 4332369, -8570981 4333107, -8~ 6 7 5
    153c153
    < bbox: xmin: 0 ymin: 0 xmax: 111319.5 ymax: 111325.1
    ---
    > bbox: xmin: 0 ymin: -7.081155e-10 xmax: 111319.5 ymax: 111325.1
    155c155
    < POINT (0 0)
    ---
    > POINT (0 -7.081155e-10)
    178c178
    < bbox: xmin: 123821.3 ymin: 14725.47 xmax: 930486.5 ymax: 318247.1
    ---
    > bbox: xmin: 123829 ymin: 14744.69 xmax: 930521.8 ymax: 318259.9
    182,183c182,183
    < [person/m^2] <MULTIPOLYGON [m]>
    < 1 2.593288e-06 (((834861.6 95728.41, 833802.2 98235.58, 835388.1 98636.69, 8400…
    ---
    > * [person/m^2] <MULTIPOLYGON [m]>
    > 1 2.593234e-06 (((834893.7 95747.49, 833834.2 98254.6, 835420.2 98655.72, 84006~
    188c188
    < bbox: xmin: 123821.3 ymin: 14725.47 xmax: 930486.5 ymax: 318247.1
    ---
    > bbox: xmin: 123829 ymin: 14744.69 xmax: 930521.8 ymax: 318259.9
    192,193c192,193
    < [person/m^2] <MULTIPOLYGON [m]>
    < 1 2.589426e-06 (((834861.6 95728.41, 833802.2 98235.58, 835388.1 98636.69, …
    ---
    > * [person/m^2] <MULTIPOLYGON [m]>
    > 1 2.589362e-06 (((834893.7 95747.49, 833834.2 98254.6, 835420.2 98655.72, 8~
    200c200
    < bbox: xmin: 123821.3 ymin: 14725.47 xmax: 930486.5 ymax: 318247.1
    ---
    > bbox: xmin: 123829 ymin: 14744.69 xmax: 930521.8 ymax: 318259.9
    204,205c204,205
    < [person] <MULTIPOLYGON [m]>
    < 1 329962 (((834861.6 95728.41, 833802.2 98235.58, 835388.1 98636.69…
    ---
    > * [person] <MULTIPOLYGON [m]>
    > 1 329962 (((834893.7 95747.49, 833834.2 98254.6, 835420.2 98655.72,~
    210c210
    < bbox: xmin: 123821.3 ymin: 14725.47 xmax: 930486.5 ymax: 318247.1
    ---
    > bbox: xmin: 123829 ymin: 14744.69 xmax: 930521.8 ymax: 318259.9
    213,215c213,215
    < `sum(A * new_dens… geometry
    < [person] <MULTIPOLYGON [m]>
    < 1 329962 (((834861.6 95728.41, 833802.2 98235.58, 835388.1 98636.69…
    ---
    > `sum(A * new_dens~ geometry
    > * [person] <MULTIPOLYGON [m]>
    > 1 329962 (((834893.7 95747.49, 833834.2 98254.6, 835420.2 98655.72,~
     Running ‘empty.R’ [1s/1s]
     Comparing ‘empty.Rout’ to ‘empty.Rout.save’ ... OK
     Running ‘gdal_geom.R’ [2s/2s]
     Comparing ‘gdal_geom.Rout’ to ‘gdal_geom.Rout.save’ ...245,249c245,249
    < [1,] 1760206670 0.114
    < [2,] 946404913 0.061
    < [3,] 2202193524 0.143
    < [4,] 1074319119 0.070
    < [5,] 2352497674 0.153
    ---
    > [1,] 1760244757 0.114
    > [2,] 946435667 0.061
    > [3,] 2202248253 0.143
    > [4,] 1074351919 0.070
    > [5,] 2352539533 0.153
    278c278
    < Error : cannot convert km into °
    ---
    > Error : cannot convert km into <b0>
     Running ‘geos.R’ [9s/9s]
     Comparing ‘geos.Rout’ to ‘geos.Rout.save’ ...13,22c13,22
    < [1,] 0.00 0.00 25651.23 440548.35 299763.40 361518.98 419659.16
    < [2,] 0.00 0.00 0.00 409417.17 268936.99 332580.77 388533.95
    < [3,] 25651.23 0.00 0.00 367545.52 227011.59 290289.44 346658.76
    < [4,] 440548.35 409417.17 367545.52 0.00 67224.91 45537.03 0.00
    < [5,] 299763.40 268936.99 227011.59 67224.91 0.00 0.00 46526.24
    < [6,] 361518.98 332580.77 290289.44 45537.03 0.00 0.00 30213.02
    < [7,] 419659.16 388533.95 346658.76 0.00 46526.24 30213.02 0.00
    < [8,] 384581.80 354284.50 312342.45 16129.81 11926.53 0.00 0.00
    < [9,] 262346.17 231210.79 189305.05 140451.78 0.00 64604.34 119560.43
    < [10,] 71136.41 41942.45 0.00 330742.68 190177.73 252365.75 309854.06
    ---
    > [1,] 0.00 0.00 25652.53 440561.15 299772.18 361529.53 419671.2
    > [2,] 0.00 0.00 0.00 409428.54 268944.31 332589.77 388544.5
    > [3,] 25652.53 0.00 0.00 367555.48 227017.51 290297.10 346667.9
    > [4,] 440561.15 409428.54 367555.48 0.00 67226.86 45537.55 0.0
    > [5,] 299772.18 268944.31 227017.51 67226.86 0.00 0.00 46527.4
    > [6,] 361529.53 332589.77 290297.10 45537.55 0.00 0.00 30213.0
    > [7,] 419671.16 388544.52 346667.93 0.00 46527.40 30213.00 0.0
    > [8,] 384592.90 354294.11 312350.68 16130.34 11926.81 0.00 0.0
    > [9,] 262354.29 231217.49 189310.35 140455.87 0.00 64606.24 119563.7
    > [10,] 71139.29 41943.83 0.00 330751.39 190182.39 252372.06 309862.0
    24,33c24,33
    < [1,] 384581.80 262346.17 71136.41
    < [2,] 354284.50 231210.79 41942.45
    < [3,] 312342.45 189305.05 0.00
    < [4,] 16129.81 140451.78 330742.68
    < [5,] 11926.53 0.00 190177.73
    < [6,] 0.00 64604.34 252365.75
    < [7,] 0.00 119560.43 309854.06
    < [8,] 0.00 85530.83 275382.84
    < [9,] 85530.83 0.00 152484.88
    < [10,] 275382.84 152484.88 0.00
    ---
    > [1,] 384592.90 262354.29 71139.29
    > [2,] 354294.11 231217.49 41943.83
    > [3,] 312350.68 189310.35 0.00
    > [4,] 16130.34 140455.87 330751.39
    > [5,] 11926.81 0.00 190182.39
    > [6,] 0.00 64606.24 252372.06
    > [7,] 0.00 119563.73 309861.97
    > [8,] 0.00 85533.12 275389.78
    > [9,] 85533.12 0.00 152488.92
    > [10,] 275389.78 152488.92 0.00
    560,573d559
    < LINESTRING (3 3, 2 2, 1 1)
    < Geometry set for 1 feature
    < geometry type: LINESTRING
    < dimension: XY
    < bbox: xmin: 1 ymin: 1 xmax: 3 ymax: 3
    < CRS: NA
    < LINESTRING (3 3, 2 2, 1 1)
    < Simple feature collection with 1 feature and 1 field
    < geometry type: LINESTRING
    < dimension: XY
    < bbox: xmin: 1 ymin: 1 xmax: 3 ymax: 3
    < CRS: NA
    < a geom
    < 1 2 LINESTRING (3 3, 2 2, 1 1)
     Running ‘graticule.R’ [3s/3s]
     Comparing ‘graticule.Rout’ to ‘graticule.Rout.save’ ... OK
     Running ‘grid.R’ [2s/2s]
     Comparing ‘grid.Rout’ to ‘grid.Rout.save’ ... OK
     Running ‘maps.R’ [3s/3s]
     Comparing ‘maps.Rout’ to ‘maps.Rout.save’ ... OK
     Running ‘plot.R’ [9s/9s]
     Comparing ‘plot.Rout’ to ‘plot.Rout.save’ ... OK
     Running ‘read.R’ [3s/3s]
     Comparing ‘read.Rout’ to ‘read.Rout.save’ ...39,40c39
    < [1] 1028678842
    < Levels: 1028678842
    ---
    > [1] "1028678842"
    48a48,84
    > Driver: OSM
    > Available layers:
    > layer_name geometry_type features fields
    > 1 points Point NA 10
    > 2 lines Line String NA 9
    > 3 multilinestrings Multi Line String NA 4
    > 4 multipolygons Multi Polygon NA 25
    > 5 other_relations Geometry Collection NA 4
    > Driver: OSM
    > Available layers:
    > layer_name geometry_type features fields
    > 1 points Point 0 10
    > 2 lines Line String 0 9
    > 3 multilinestrings Multi Line String 0 4
    > 4 multipolygons Multi Polygon 3 25
    > 5 other_relations Geometry Collection 0 4
    > Simple feature collection with 3 features and 25 fields
    > geometry type: MULTIPOLYGON
    > dimension: XY
    > bbox: xmin: -1.556254 ymin: 53.79519 xmax: -1.550716 ymax: 53.80341
    > CRS: 4326
    > osm_id osm_way_id name type aeroway amenity admin_level barrier boundary
    > 1 <NA> 263958111 <NA> <NA> <NA> <NA> <NA> <NA> <NA>
    > 2 <NA> 301461256 <NA> <NA> <NA> <NA> <NA> <NA> <NA>
    > 3 <NA> 462227487 <NA> <NA> <NA> <NA> <NA> <NA> <NA>
    > building craft geological historic land_area landuse leisure man_made
    > 1 <NA> <NA> <NA> <NA> <NA> <NA> park <NA>
    > 2 <NA> <NA> <NA> <NA> <NA> <NA> park <NA>
    > 3 <NA> <NA> <NA> <NA> <NA> <NA> park <NA>
    > military natural office place shop sport tourism other_tags
    > 1 <NA> <NA> <NA> <NA> <NA> <NA> <NA> <NA>
    > 2 <NA> <NA> <NA> <NA> <NA> <NA> <NA> <NA>
    > 3 <NA> <NA> <NA> <NA> <NA> <NA> <NA> <NA>
    > geometry
    > 1 MULTIPOLYGON (((-1.550719 5...
    > 2 MULTIPOLYGON (((-1.555763 5...
    > 3 MULTIPOLYGON (((-1.551502 5...
    210c246
    < Integer64 values larger than 9.0072e+15 lost significance after conversion to double;
    ---
    > Integer64 values larger than 9.0072e+015 lost significance after conversion to double;
    248c284
    < 2 POINT (367470.5 4962414)
    ---
    > 2 POINT (367470.5 4962415)
    292c328
    < Reading layer `tst__' from data source `/Volumes/SSD-Data/Builds/R-dev-web/QA/Simon/packages/el-capitan-x86_64/results/3.6/sf.Rcheck/tests/tst__.gpkg' using driver `GPKG'
    ---
    > Reading layer `tst__' from data source `D:\RCompile\CRANguest\R-devel\sf.Rcheck\tests_x64\tst__.gpkg' using driver `GPKG'
    312c348
    < [1] "Avery" "Watauga" "Ashe" "Wilkes" "Alleghany"
    ---
    > [1] "Watauga" "Ashe" "Wilkes" "Alleghany"
     Running ‘roundtrip.R’ [6s/6s]
     Comparing ‘roundtrip.Rout’ to ‘roundtrip.Rout.save’ ...145c145
    < Reading layer `nc.gpkg' from data source `/Volumes/SSD-Data/Builds/R-dev-web/QA/Simon/packages/el-capitan-x86_64/results/3.6/sf.Rcheck/sf/gpkg/nc.gpkg' using driver `GPKG'
    ---
    > Reading layer `nc.gpkg' from data source `D:\RCompile\CRANguest\R-devel\lib\sf\gpkg\nc.gpkg' using driver `GPKG'
     Running ‘sample.R’ [1s/1s]
     Comparing ‘sample.Rout’ to ‘sample.Rout.save’ ... OK
     Running ‘sfc.R’ [8s/8s]
     Comparing ‘sfc.Rout’ to ‘sfc.Rout.save’ ...335c335
    < "3.7.2" "2.4.2" "5.2.0"
    ---
    > "3.6.1" "2.2.3" "4.9.3"
    408,409c408,409
    < $ NAME : Factor w/ 100 levels "Alamance","Alexander",..: 5 3 86 27 66 46 15 37 93 85 ...
    < $ FIPS : Factor w/ 100 levels "37001","37003",..: 5 3 86 27 66 46 15 37 93 85 ...
    ---
    > $ NAME : chr "Ashe" "Alleghany" "Surry" "Currituck" ...
    > $ FIPS : chr "37009" "37005" "37171" "37053" ...
    471c471
    < GEOGCS["NAD27",
    ---
    > GEOGCS["GCS_North_American_1927",
    473,479c473,475
    < SPHEROID["Clarke 1866",6378206.4,294.9786982138982,
    < AUTHORITY["EPSG","7008"]],
    < AUTHORITY["EPSG","6267"]],
    < PRIMEM["Greenwich",0,
    < AUTHORITY["EPSG","8901"]],
    < UNIT["degree",0.0174532925199433,
    < AUTHORITY["EPSG","9122"]],
    ---
    > SPHEROID["Clarke_1866",6378206.4,294.9786982]],
    > PRIMEM["Greenwich",0],
    > UNIT["Degree",0.017453292519943295],
    637c633
    < Reading layer `nc' from data source `/Volumes/SSD-Data/Builds/R-dev-web/QA/Simon/packages/el-capitan-x86_64/results/3.6/sf.Rcheck/sf/shape/nc.shp' using driver `ESRI Shapefile'
    ---
    > Reading layer `nc' from data source `D:\RCompile\CRANguest\R-devel\lib\sf\shape\nc.shp' using driver `ESRI Shapefile'
    653c649
    < bbox: xmin: 406237 ymin: 48311.82 xmax: 3052771 ymax: 1044116
    ---
    > bbox: xmin: 406262.2 ymin: 48374.87 xmax: 3052887 ymax: 1044158
    668,677c664,673
    < 1 10 1364 0 19 A 4 #fb80724d MULTIPOLYGON (((1270761 913...
    < 2 10 542 3 12 A 4 #fb80724d MULTIPOLYGON (((1340498 959...
    < 3 208 3616 6 260 A 5 #80b1d34d MULTIPOLYGON (((1570525 910...
    < 4 123 830 2 145 A 10 #bc80bd4d MULTIPOLYGON (((2881106 948...
    < 5 1066 1606 3 1197 A 8 #fccde54d MULTIPOLYGON (((2525610 911...
    < 6 954 1838 5 1237 A 9 #d9d9d94d MULTIPOLYGON (((2665018 911...
    < 7 115 350 2 139 A 10 #bc80bd4d MULTIPOLYGON (((2881106 948...
    < 8 254 594 2 371 A 9 #d9d9d94d MULTIPOLYGON (((2717893 951...
    < 9 748 1190 2 844 A 8 #fccde54d MULTIPOLYGON (((2203807 914...
    < 10 160 2038 5 176 A 5 #80b1d34d MULTIPOLYGON (((1697553 911...
    ---
    > 1 10 1364 0 19 A 4 #fb80724d MULTIPOLYGON (((1270814 913...
    > 2 10 542 3 12 A 4 #fb80724d MULTIPOLYGON (((1340555 959...
    > 3 208 3616 6 260 A 5 #80b1d34d MULTIPOLYGON (((1570591 910...
    > 4 123 830 2 145 A 10 #bc80bd4d MULTIPOLYGON (((2881208 948...
    > 5 1066 1606 3 1197 A 8 #fccde54d MULTIPOLYGON (((2525701 911...
    > 6 954 1838 5 1237 A 9 #d9d9d94d MULTIPOLYGON (((2665113 911...
    > 7 115 350 2 139 A 10 #bc80bd4d MULTIPOLYGON (((2881208 948...
    > 8 254 594 2 371 A 9 #d9d9d94d MULTIPOLYGON (((2717989 951...
    > 9 748 1190 2 844 A 8 #fccde54d MULTIPOLYGON (((2203890 914...
    > 10 160 2038 5 176 A 5 #80b1d34d MULTIPOLYGON (((1697624 911...
    770c766
    < bbox: xmin: 1200690 ymin: 942505 xmax: 1425730 ymax: 1036820
    ---
    > bbox: xmin: 1200740 ymin: 942550 xmax: 1425790 ymax: 1036860
    773,777c769,773
    < POINT (1228758 1011212)
    < POINT (1233807 956676)
    < POINT (1259986 1007618)
    < POINT (1271500 1021462)
    < POINT (1222500 980270)
    ---
    > POINT (1228809 1011255)
    > POINT (1233859 956721)
    > POINT (1260039 1007661)
    > POINT (1271553 1021505)
    > POINT (1222552 980314)
    785c781
    < bbox: xmin: -81.741 ymin: 36.2734 xmax: -80.919 ymax: 36.5819
    ---
    > bbox: xmin: -81.7408 ymin: 36.2735 xmax: -80.9188 ymax: 36.5821
    787,788c783,784
    < MULTIPOINT ((-81.331 36.5203), (-81.5207 36.581...
    < MULTIPOINT ((-81.3128 36.4803), (-81.2657 36.43...
    ---
    > MULTIPOINT ((-81.3308 36.5204), (-81.5205 36.58...
    > MULTIPOINT ((-81.3127 36.4804), (-81.2655 36.43...
     Running ‘sfg.R’ [1s/1s]
     Comparing ‘sfg.Rout’ to ‘sfg.Rout.save’ ... OK
     Running ‘spatstat.R’ [4s/4s]
     Comparing ‘spatstat.Rout’ to ‘spatstat.Rout.save’ ...77c77
    < bbox: xmin: 123821.3 ymin: 14725.47 xmax: 930486.5 ymax: 318247.1
    ---
    > bbox: xmin: 123829 ymin: 14744.69 xmax: 930521.8 ymax: 318259.9
    81,90c81,90
    < 1 window MULTIPOLYGON (((886104.9 31...
    < 2 point POINT (339106.3 257801.9)
    < 3 point POINT (827411.4 246558.4)
    < 4 point POINT (451321.1 207932.9)
    < 5 point POINT (268737 203312.6)
    < 6 point POINT (516656.5 198545.3)
    < 7 point POINT (692340.9 238633.1)
    < 8 point POINT (843249 287232.5)
    < 9 point POINT (648453.8 235456.5)
    < 10 point POINT (852563.2 267238.8)
    ---
    > 1 window MULTIPOLYGON (((886136 3141...
    > 2 point POINT (339121.3 257815.9)
    > 3 point POINT (827443.1 246572.7)
    > 4 point POINT (451340 207948)
    > 5 point POINT (268749.6 203327.8)
    > 6 point POINT (516677.7 198560.6)
    > 7 point POINT (692368 238647.5)
    > 8 point POINT (843281.2 287246)
    > 9 point POINT (648479.4 235471)
    > 10 point POINT (852595.8 267252.6)
    198c198
    < Reading layer `nc.gpkg' from data source `/Volumes/SSD-Data/Builds/R-dev-web/QA/Simon/packages/el-capitan-x86_64/results/3.6/sf.Rcheck/sf/gpkg/nc.gpkg' using driver `GPKG'
    ---
    > Reading layer `nc.gpkg' from data source `D:\RCompile\CRANguest\R-devel\lib\sf\gpkg\nc.gpkg' using driver `GPKG'
     Running ‘stars.R’ [3s/3s]
     Comparing ‘stars.Rout’ to ‘stars.Rout.save’ ...125c125
    < Reading layer `nc.gpkg' from data source `/Volumes/SSD-Data/Builds/R-dev-web/QA/Simon/packages/el-capitan-x86_64/results/3.6/sf.Rcheck/sf/gpkg/nc.gpkg' using driver `GPKG'
    ---
    > Reading layer `nc.gpkg' from data source `D:\RCompile\CRANguest\R-devel\lib\sf\gpkg\nc.gpkg' using driver `GPKG'
     Running ‘testthat.R’ [8s/8s]
    Running the tests in ‘tests/testthat.R’ failed.
    Last 13 lines of output:
     m_range: zmin: 924 zmax: 1017
     CRS: NA
     Reading layer `storms_xyz' from data source `/Volumes/SSD-Data/Builds/R-dev-web/QA/Simon/packages/el-capitan-x86_64/results/3.6/sf.Rcheck/sf/shape/storms_xyz.shp' using driver `ESRI Shapefile'
     Simple feature collection with 71 features and 0 fields
     geometry type: LINESTRING
     dimension: XYZ
     bbox: xmin: -102.2 ymin: 8.3 xmax: 0 ymax: 59.5
     z_range: zmin: 924 zmax: 1017
     CRS: NA
     ══ testthat results ═══════════════════════════════════════════════════════════
     [ OK: 697 | SKIPPED: 58 | WARNINGS: 2 | FAILED: 1 ]
     1. Failure: st_crs works (@test_crs.R#23)
    
     Error: testthat unit tests failed
     Execution halted
Flavor: r-release-osx-x86_64

Version: 0.9-0
Check: tests
Result: ERROR
     Running ‘aggregate.R’ [1s/1s]
     Comparing ‘aggregate.Rout’ to ‘aggregate.Rout.save’ ...4c4
    < Linking to GEOS 3.7.2, GDAL 2.4.2, PROJ 5.2.0
    ---
    > Linking to GEOS 3.6.1, GDAL 2.2.3, PROJ 4.9.3
     Running ‘cast.R’ [1s/1s]
     Comparing ‘cast.Rout’ to ‘cast.Rout.save’ ... OK
     Running ‘crs.R’ [1s/1s]
     Comparing ‘crs.Rout’ to ‘crs.Rout.save’ ...53c53
    < bbox: xmin: 0 ymin: 0 xmax: 111319.5 ymax: 111325.1
    ---
    > bbox: xmin: 0 ymin: -7.081155e-10 xmax: 111319.5 ymax: 111325.1
    55c55
    < POINT (0 0)
    ---
    > POINT (0 -7.081155e-10)
    67c67
    < [1] "datum files not installed"
    ---
    > [1] "datum files installed"
     Running ‘dist.R’ [1s/1s]
     Comparing ‘dist.Rout’ to ‘dist.Rout.save’ ... OK
     Running ‘dplyr.R’ [5s/5s]
     Comparing ‘dplyr.Rout’ to ‘dplyr.Rout.save’ ...72c72
    < bbox: xmin: -9386888 ymin: 4012967 xmax: -8399832 ymax: 4382062
    ---
    > bbox: xmin: -9386880 ymin: 4012991 xmax: -8399788 ymax: 4382079
    77,80c77,80
    < 1 (0,0.1] 0.0760 (((-8678549 4054241, -8679121 4061382, -8680169 40615…
    < 2 (0.1,0.12] 0.112 (((-9383235 4192530, -9375989 4199489, -9370844 41966…
    < 3 (0.12,0.1… 0.134 (((-8520870 4108009, -8522080 4111097, -8520143 41115…
    < 4 (0.15,0.2… 0.190 (((-8532310 4151160, -8529925 4149031, -8543795 41432…
    ---
    > 1 (0,0.1] 0.0760 (((-8678517 4054264, -8679088 4061405, -8680136 40615~
    > 2 (0.1,0.12] 0.112 (((-9383227 4192541, -9375980 4199500, -9370835 41966~
    > 3 (0.12,0.1~ 0.134 (((-8520830 4108031, -8522040 4111119, -8520104 41115~
    > 4 (0.15,0.2~ 0.190 (((-8532272 4151181, -8529886 4149052, -8543756 41433~
    104c104
    < bbox: xmin: -8802533 ymin: 4012967 xmax: -8492308 ymax: 4166145
    ---
    > bbox: xmin: -8802506 ymin: 4012991 xmax: -8492268 ymax: 4166167
    109,114c109,114
    < 1 95 (((-8588183 4131901, -8589886 4133281, -8589392 4135176, -8… SID79 4
    < 2 96 (((-8712030 4081936, -8719542 4077841, -8731672 4078841, -8… SID79 5
    < 3 97 (((-8685806 4073034, -8697419 4077800, -8700151 4077547, -8… SID79 3
    < 4 98 (((-8755914 4021912, -8802533 4069772, -8798798 4071757, -8… SID79 17
    < 5 99 (((-8678549 4054241, -8679121 4061382, -8680169 4061527, -8… SID79 9
    < 6 100 (((-8755914 4021912, -8753577 4025845, -8753082 4030172, -8… SID79 6
    ---
    > 1 95 (((-8588146 4131923, -8589850 4133303, -8589356 4135198, -8~ SID79 4
    > 2 96 (((-8711999 4081959, -8719511 4077863, -8731642 4078864, -8~ SID79 5
    > 3 97 (((-8685774 4073056, -8697387 4077823, -8700120 4077570, -8~ SID79 3
    > 4 98 (((-8755885 4021935, -8802506 4069795, -8798771 4071779, -8~ SID79 17
    > 5 99 (((-8678517 4054264, -8679088 4061405, -8680136 4061550, -8~ SID79 9
    > 6 100 (((-8755885 4021935, -8753548 4025868, -8753052 4030195, -8~ SID79 6
    119c119
    < bbox: xmin: -9099375 ymin: 4310646 xmax: -8435029 ymax: 4382062
    ---
    > bbox: xmin: -9099356 ymin: 4310668 xmax: -8434988 ymax: 4382079
    124,129c124,129
    < 1 1 (((-9069506 4332916, -9077085 4338183, -9079438 4338333, -9… 1 0
    < 2 2 (((-9043583 4351012, -9043672 4352955, -9046138 4356498, -9… 0 3
    < 3 3 (((-8956359 4334048, -8958590 4335728, -8965325 4336006, -8… 5 6
    < 4 4 (((-8461280 4344687, -8462213 4347193, -8463941 4346950, -8… 1 2
    < 5 5 (((-8595831 4333831, -8597718 4330190, -8604842 4329767, -8… 9 3
    < 6 6 (((-8543221 4332856, -8569451 4332348, -8571016 4333085, -8… 7 5
    ---
    > 1 1 (((-9069486 4332934, -9077066 4338201, -9079419 4338351, -9~ 1 0
    > 2 2 (((-9043562 4351030, -9043652 4352973, -9046117 4356516, -9~ 0 3
    > 3 3 (((-8956335 4334068, -8958566 4335747, -8965300 4336025, -8~ 5 6
    > 4 4 (((-8461241 4344709, -8462173 4347214, -8463902 4346972, -8~ 1 2
    > 5 5 (((-8595797 4333852, -8597683 4330212, -8604808 4329788, -8~ 9 3
    > 6 6 (((-8543185 4332878, -8569416 4332369, -8570981 4333107, -8~ 7 5
    134c134
    < bbox: xmin: -9099375 ymin: 4310646 xmax: -8435029 ymax: 4382062
    ---
    > bbox: xmin: -9099356 ymin: 4310668 xmax: -8434988 ymax: 4382079
    139,144c139,144
    < 1 (((-9069506 4332916, -9077085 4338183, -9079438 4338333, -9… 1 1 0
    < 2 (((-9043583 4351012, -9043672 4352955, -9046138 4356498, -9… 2 0 3
    < 3 (((-8956359 4334048, -8958590 4335728, -8965325 4336006, -8… 3 5 6
    < 4 (((-8461280 4344687, -8462213 4347193, -8463941 4346950, -8… 4 1 2
    < 5 (((-8595831 4333831, -8597718 4330190, -8604842 4329767, -8… 5 9 3
    < 6 (((-8543221 4332856, -8569451 4332348, -8571016 4333085, -8… 6 7 5
    ---
    > 1 (((-9069486 4332934, -9077066 4338201, -9079419 4338351, -9~ 1 1 0
    > 2 (((-9043562 4351030, -9043652 4352973, -9046117 4356516, -9~ 2 0 3
    > 3 (((-8956335 4334068, -8958566 4335747, -8965300 4336025, -8~ 3 5 6
    > 4 (((-8461241 4344709, -8462173 4347214, -8463902 4346972, -8~ 4 1 2
    > 5 (((-8595797 4333852, -8597683 4330212, -8604808 4329788, -8~ 5 9 3
    > 6 (((-8543185 4332878, -8569416 4332369, -8570981 4333107, -8~ 6 7 5
    153c153
    < bbox: xmin: 0 ymin: 0 xmax: 111319.5 ymax: 111325.1
    ---
    > bbox: xmin: 0 ymin: -7.081155e-10 xmax: 111319.5 ymax: 111325.1
    155c155
    < POINT (0 0)
    ---
    > POINT (0 -7.081155e-10)
    178c178
    < bbox: xmin: 123821.3 ymin: 14725.47 xmax: 930486.5 ymax: 318247.1
    ---
    > bbox: xmin: 123829 ymin: 14744.69 xmax: 930521.8 ymax: 318259.9
    183c183
    < 1 2.593288e-06 (((834861.6 95728.41, 833802.2 98235.58, 835388.1 98636.69, 8400…
    ---
    > 1 2.593234e-06 (((834893.7 95747.49, 833834.2 98254.6, 835420.2 98655.72, 84006~
    188c188
    < bbox: xmin: 123821.3 ymin: 14725.47 xmax: 930486.5 ymax: 318247.1
    ---
    > bbox: xmin: 123829 ymin: 14744.69 xmax: 930521.8 ymax: 318259.9
    193c193
    < 1 2.589426e-06 (((834861.6 95728.41, 833802.2 98235.58, 835388.1 98636.69, …
    ---
    > 1 2.589362e-06 (((834893.7 95747.49, 833834.2 98254.6, 835420.2 98655.72, 8~
    200c200
    < bbox: xmin: 123821.3 ymin: 14725.47 xmax: 930486.5 ymax: 318247.1
    ---
    > bbox: xmin: 123829 ymin: 14744.69 xmax: 930521.8 ymax: 318259.9
    205c205
    < 1 329962 (((834861.6 95728.41, 833802.2 98235.58, 835388.1 98636.69…
    ---
    > 1 329962 (((834893.7 95747.49, 833834.2 98254.6, 835420.2 98655.72,~
    210c210
    < bbox: xmin: 123821.3 ymin: 14725.47 xmax: 930486.5 ymax: 318247.1
    ---
    > bbox: xmin: 123829 ymin: 14744.69 xmax: 930521.8 ymax: 318259.9
    213c213
    < `sum(A * new_dens… geometry
    ---
    > `sum(A * new_dens~ geometry
    215c215
    < 1 329962 (((834861.6 95728.41, 833802.2 98235.58, 835388.1 98636.69…
    ---
    > 1 329962 (((834893.7 95747.49, 833834.2 98254.6, 835420.2 98655.72,~
     Running ‘empty.R’ [1s/1s]
     Comparing ‘empty.Rout’ to ‘empty.Rout.save’ ... OK
     Running ‘gdal_geom.R’ [2s/2s]
     Comparing ‘gdal_geom.Rout’ to ‘gdal_geom.Rout.save’ ...245,249c245,249
    < [1,] 1760206670 0.114
    < [2,] 946404913 0.061
    < [3,] 2202193524 0.143
    < [4,] 1074319119 0.070
    < [5,] 2352497674 0.153
    ---
    > [1,] 1760244757 0.114
    > [2,] 946435667 0.061
    > [3,] 2202248253 0.143
    > [4,] 1074351919 0.070
    > [5,] 2352539533 0.153
    278c278
    < Error : cannot convert km into °
    ---
    > Error : cannot convert km into <b0>
     Running ‘geos.R’ [10s/10s]
     Comparing ‘geos.Rout’ to ‘geos.Rout.save’ ...13,22c13,22
    < [1,] 0.00 0.00 25651.23 440548.35 299763.40 361518.98 419659.16
    < [2,] 0.00 0.00 0.00 409417.17 268936.99 332580.77 388533.95
    < [3,] 25651.23 0.00 0.00 367545.52 227011.59 290289.44 346658.76
    < [4,] 440548.35 409417.17 367545.52 0.00 67224.91 45537.03 0.00
    < [5,] 299763.40 268936.99 227011.59 67224.91 0.00 0.00 46526.24
    < [6,] 361518.98 332580.77 290289.44 45537.03 0.00 0.00 30213.02
    < [7,] 419659.16 388533.95 346658.76 0.00 46526.24 30213.02 0.00
    < [8,] 384581.80 354284.50 312342.45 16129.81 11926.53 0.00 0.00
    < [9,] 262346.17 231210.79 189305.05 140451.78 0.00 64604.34 119560.43
    < [10,] 71136.41 41942.45 0.00 330742.68 190177.73 252365.75 309854.06
    ---
    > [1,] 0.00 0.00 25652.53 440561.15 299772.18 361529.53 419671.2
    > [2,] 0.00 0.00 0.00 409428.54 268944.31 332589.77 388544.5
    > [3,] 25652.53 0.00 0.00 367555.48 227017.51 290297.10 346667.9
    > [4,] 440561.15 409428.54 367555.48 0.00 67226.86 45537.55 0.0
    > [5,] 299772.18 268944.31 227017.51 67226.86 0.00 0.00 46527.4
    > [6,] 361529.53 332589.77 290297.10 45537.55 0.00 0.00 30213.0
    > [7,] 419671.16 388544.52 346667.93 0.00 46527.40 30213.00 0.0
    > [8,] 384592.90 354294.11 312350.68 16130.34 11926.81 0.00 0.0
    > [9,] 262354.29 231217.49 189310.35 140455.87 0.00 64606.24 119563.7
    > [10,] 71139.29 41943.83 0.00 330751.39 190182.39 252372.06 309862.0
    24,33c24,33
    < [1,] 384581.80 262346.17 71136.41
    < [2,] 354284.50 231210.79 41942.45
    < [3,] 312342.45 189305.05 0.00
    < [4,] 16129.81 140451.78 330742.68
    < [5,] 11926.53 0.00 190177.73
    < [6,] 0.00 64604.34 252365.75
    < [7,] 0.00 119560.43 309854.06
    < [8,] 0.00 85530.83 275382.84
    < [9,] 85530.83 0.00 152484.88
    < [10,] 275382.84 152484.88 0.00
    ---
    > [1,] 384592.90 262354.29 71139.29
    > [2,] 354294.11 231217.49 41943.83
    > [3,] 312350.68 189310.35 0.00
    > [4,] 16130.34 140455.87 330751.39
    > [5,] 11926.81 0.00 190182.39
    > [6,] 0.00 64606.24 252372.06
    > [7,] 0.00 119563.73 309861.97
    > [8,] 0.00 85533.12 275389.78
    > [9,] 85533.12 0.00 152488.92
    > [10,] 275389.78 152488.92 0.00
    560,573d559
    < LINESTRING (3 3, 2 2, 1 1)
    < Geometry set for 1 feature
    < geometry type: LINESTRING
    < dimension: XY
    < bbox: xmin: 1 ymin: 1 xmax: 3 ymax: 3
    < CRS: NA
    < LINESTRING (3 3, 2 2, 1 1)
    < Simple feature collection with 1 feature and 1 field
    < geometry type: LINESTRING
    < dimension: XY
    < bbox: xmin: 1 ymin: 1 xmax: 3 ymax: 3
    < CRS: NA
    < a geom
    < 1 2 LINESTRING (3 3, 2 2, 1 1)
     Running ‘graticule.R’ [3s/3s]
     Comparing ‘graticule.Rout’ to ‘graticule.Rout.save’ ... OK
     Running ‘grid.R’ [1s/2s]
     Comparing ‘grid.Rout’ to ‘grid.Rout.save’ ... OK
     Running ‘maps.R’ [3s/3s]
     Comparing ‘maps.Rout’ to ‘maps.Rout.save’ ... OK
     Running ‘plot.R’ [9s/9s]
     Comparing ‘plot.Rout’ to ‘plot.Rout.save’ ... OK
     Running ‘read.R’ [2s/2s]
     Comparing ‘read.Rout’ to ‘read.Rout.save’ ...39,40c39
    < [1] 1028678842
    < Levels: 1028678842
    ---
    > [1] "1028678842"
    48a48,84
    > Driver: OSM
    > Available layers:
    > layer_name geometry_type features fields
    > 1 points Point NA 10
    > 2 lines Line String NA 9
    > 3 multilinestrings Multi Line String NA 4
    > 4 multipolygons Multi Polygon NA 25
    > 5 other_relations Geometry Collection NA 4
    > Driver: OSM
    > Available layers:
    > layer_name geometry_type features fields
    > 1 points Point 0 10
    > 2 lines Line String 0 9
    > 3 multilinestrings Multi Line String 0 4
    > 4 multipolygons Multi Polygon 3 25
    > 5 other_relations Geometry Collection 0 4
    > Simple feature collection with 3 features and 25 fields
    > geometry type: MULTIPOLYGON
    > dimension: XY
    > bbox: xmin: -1.556254 ymin: 53.79519 xmax: -1.550716 ymax: 53.80341
    > CRS: 4326
    > osm_id osm_way_id name type aeroway amenity admin_level barrier boundary
    > 1 <NA> 263958111 <NA> <NA> <NA> <NA> <NA> <NA> <NA>
    > 2 <NA> 301461256 <NA> <NA> <NA> <NA> <NA> <NA> <NA>
    > 3 <NA> 462227487 <NA> <NA> <NA> <NA> <NA> <NA> <NA>
    > building craft geological historic land_area landuse leisure man_made
    > 1 <NA> <NA> <NA> <NA> <NA> <NA> park <NA>
    > 2 <NA> <NA> <NA> <NA> <NA> <NA> park <NA>
    > 3 <NA> <NA> <NA> <NA> <NA> <NA> park <NA>
    > military natural office place shop sport tourism other_tags
    > 1 <NA> <NA> <NA> <NA> <NA> <NA> <NA> <NA>
    > 2 <NA> <NA> <NA> <NA> <NA> <NA> <NA> <NA>
    > 3 <NA> <NA> <NA> <NA> <NA> <NA> <NA> <NA>
    > geometry
    > 1 MULTIPOLYGON (((-1.550719 5...
    > 2 MULTIPOLYGON (((-1.555763 5...
    > 3 MULTIPOLYGON (((-1.551502 5...
    210c246
    < Integer64 values larger than 9.0072e+15 lost significance after conversion to double;
    ---
    > Integer64 values larger than 9.0072e+015 lost significance after conversion to double;
    248c284
    < 2 POINT (367470.5 4962414)
    ---
    > 2 POINT (367470.5 4962415)
    292c328
    < Reading layer `tst__' from data source `/Volumes/SSD-Data/Builds/R-dev-web/QA/Simon/packages/el-capitan-x86_64/results/3.5/sf.Rcheck/tests/tst__.gpkg' using driver `GPKG'
    ---
    > Reading layer `tst__' from data source `D:\RCompile\CRANguest\R-devel\sf.Rcheck\tests_x64\tst__.gpkg' using driver `GPKG'
    312c348
    < [1] "Avery" "Watauga" "Ashe" "Wilkes" "Alleghany"
    ---
    > [1] "Watauga" "Ashe" "Wilkes" "Alleghany"
     Running ‘roundtrip.R’ [7s/7s]
     Comparing ‘roundtrip.Rout’ to ‘roundtrip.Rout.save’ ...145c145
    < Reading layer `nc.gpkg' from data source `/Volumes/SSD-Data/Builds/R-dev-web/QA/Simon/packages/el-capitan-x86_64/results/3.5/sf.Rcheck/sf/gpkg/nc.gpkg' using driver `GPKG'
    ---
    > Reading layer `nc.gpkg' from data source `D:\RCompile\CRANguest\R-devel\lib\sf\gpkg\nc.gpkg' using driver `GPKG'
     Running ‘sample.R’ [1s/1s]
     Comparing ‘sample.Rout’ to ‘sample.Rout.save’ ... OK
     Running ‘sfc.R’ [9s/9s]
     Comparing ‘sfc.Rout’ to ‘sfc.Rout.save’ ...335c335
    < "3.7.2" "2.4.2" "5.2.0"
    ---
    > "3.6.1" "2.2.3" "4.9.3"
    408,409c408,409
    < $ NAME : Factor w/ 100 levels "Alamance","Alexander",..: 5 3 86 27 66 46 15 37 93 85 ...
    < $ FIPS : Factor w/ 100 levels "37001","37003",..: 5 3 86 27 66 46 15 37 93 85 ...
    ---
    > $ NAME : chr "Ashe" "Alleghany" "Surry" "Currituck" ...
    > $ FIPS : chr "37009" "37005" "37171" "37053" ...
    471c471
    < GEOGCS["NAD27",
    ---
    > GEOGCS["GCS_North_American_1927",
    473,479c473,475
    < SPHEROID["Clarke 1866",6378206.4,294.9786982138982,
    < AUTHORITY["EPSG","7008"]],
    < AUTHORITY["EPSG","6267"]],
    < PRIMEM["Greenwich",0,
    < AUTHORITY["EPSG","8901"]],
    < UNIT["degree",0.0174532925199433,
    < AUTHORITY["EPSG","9122"]],
    ---
    > SPHEROID["Clarke_1866",6378206.4,294.9786982]],
    > PRIMEM["Greenwich",0],
    > UNIT["Degree",0.017453292519943295],
    637c633
    < Reading layer `nc' from data source `/Volumes/SSD-Data/Builds/R-dev-web/QA/Simon/packages/el-capitan-x86_64/results/3.5/sf.Rcheck/sf/shape/nc.shp' using driver `ESRI Shapefile'
    ---
    > Reading layer `nc' from data source `D:\RCompile\CRANguest\R-devel\lib\sf\shape\nc.shp' using driver `ESRI Shapefile'
    653c649
    < bbox: xmin: 406237 ymin: 48311.82 xmax: 3052771 ymax: 1044116
    ---
    > bbox: xmin: 406262.2 ymin: 48374.87 xmax: 3052887 ymax: 1044158
    668,677c664,673
    < 1 10 1364 0 19 A 4 #fb80724d MULTIPOLYGON (((1270761 913...
    < 2 10 542 3 12 A 4 #fb80724d MULTIPOLYGON (((1340498 959...
    < 3 208 3616 6 260 A 5 #80b1d34d MULTIPOLYGON (((1570525 910...
    < 4 123 830 2 145 A 10 #bc80bd4d MULTIPOLYGON (((2881106 948...
    < 5 1066 1606 3 1197 A 8 #fccde54d MULTIPOLYGON (((2525610 911...
    < 6 954 1838 5 1237 A 9 #d9d9d94d MULTIPOLYGON (((2665018 911...
    < 7 115 350 2 139 A 10 #bc80bd4d MULTIPOLYGON (((2881106 948...
    < 8 254 594 2 371 A 9 #d9d9d94d MULTIPOLYGON (((2717893 951...
    < 9 748 1190 2 844 A 8 #fccde54d MULTIPOLYGON (((2203807 914...
    < 10 160 2038 5 176 A 5 #80b1d34d MULTIPOLYGON (((1697553 911...
    ---
    > 1 10 1364 0 19 A 4 #fb80724d MULTIPOLYGON (((1270814 913...
    > 2 10 542 3 12 A 4 #fb80724d MULTIPOLYGON (((1340555 959...
    > 3 208 3616 6 260 A 5 #80b1d34d MULTIPOLYGON (((1570591 910...
    > 4 123 830 2 145 A 10 #bc80bd4d MULTIPOLYGON (((2881208 948...
    > 5 1066 1606 3 1197 A 8 #fccde54d MULTIPOLYGON (((2525701 911...
    > 6 954 1838 5 1237 A 9 #d9d9d94d MULTIPOLYGON (((2665113 911...
    > 7 115 350 2 139 A 10 #bc80bd4d MULTIPOLYGON (((2881208 948...
    > 8 254 594 2 371 A 9 #d9d9d94d MULTIPOLYGON (((2717989 951...
    > 9 748 1190 2 844 A 8 #fccde54d MULTIPOLYGON (((2203890 914...
    > 10 160 2038 5 176 A 5 #80b1d34d MULTIPOLYGON (((1697624 911...
    770c766
    < bbox: xmin: 1200690 ymin: 942505 xmax: 1425730 ymax: 1036820
    ---
    > bbox: xmin: 1200740 ymin: 942550 xmax: 1425790 ymax: 1036860
    773,777c769,773
    < POINT (1228758 1011212)
    < POINT (1233807 956676)
    < POINT (1259986 1007618)
    < POINT (1271500 1021462)
    < POINT (1222500 980270)
    ---
    > POINT (1228809 1011255)
    > POINT (1233859 956721)
    > POINT (1260039 1007661)
    > POINT (1271553 1021505)
    > POINT (1222552 980314)
    785c781
    < bbox: xmin: -81.741 ymin: 36.2734 xmax: -80.919 ymax: 36.5819
    ---
    > bbox: xmin: -81.7408 ymin: 36.2735 xmax: -80.9188 ymax: 36.5821
    787,788c783,784
    < MULTIPOINT ((-81.331 36.5203), (-81.5207 36.581...
    < MULTIPOINT ((-81.3128 36.4803), (-81.2657 36.43...
    ---
    > MULTIPOINT ((-81.3308 36.5204), (-81.5205 36.58...
    > MULTIPOINT ((-81.3127 36.4804), (-81.2655 36.43...
     Running ‘sfg.R’ [1s/1s]
     Comparing ‘sfg.Rout’ to ‘sfg.Rout.save’ ... OK
     Running ‘spatstat.R’ [4s/4s]
     Comparing ‘spatstat.Rout’ to ‘spatstat.Rout.save’ ...77c77
    < bbox: xmin: 123821.3 ymin: 14725.47 xmax: 930486.5 ymax: 318247.1
    ---
    > bbox: xmin: 123829 ymin: 14744.69 xmax: 930521.8 ymax: 318259.9
    81,90c81,90
    < 1 window MULTIPOLYGON (((886104.9 31...
    < 2 point POINT (339106.3 257801.9)
    < 3 point POINT (827411.4 246558.4)
    < 4 point POINT (451321.1 207932.9)
    < 5 point POINT (268737 203312.6)
    < 6 point POINT (516656.5 198545.3)
    < 7 point POINT (692340.9 238633.1)
    < 8 point POINT (843249 287232.5)
    < 9 point POINT (648453.8 235456.5)
    < 10 point POINT (852563.2 267238.8)
    ---
    > 1 window MULTIPOLYGON (((886136 3141...
    > 2 point POINT (339121.3 257815.9)
    > 3 point POINT (827443.1 246572.7)
    > 4 point POINT (451340 207948)
    > 5 point POINT (268749.6 203327.8)
    > 6 point POINT (516677.7 198560.6)
    > 7 point POINT (692368 238647.5)
    > 8 point POINT (843281.2 287246)
    > 9 point POINT (648479.4 235471)
    > 10 point POINT (852595.8 267252.6)
    198c198
    < Reading layer `nc.gpkg' from data source `/Volumes/SSD-Data/Builds/R-dev-web/QA/Simon/packages/el-capitan-x86_64/results/3.5/sf.Rcheck/sf/gpkg/nc.gpkg' using driver `GPKG'
    ---
    > Reading layer `nc.gpkg' from data source `D:\RCompile\CRANguest\R-devel\lib\sf\gpkg\nc.gpkg' using driver `GPKG'
     Running ‘stars.R’ [3s/3s]
     Comparing ‘stars.Rout’ to ‘stars.Rout.save’ ...125c125
    < Reading layer `nc.gpkg' from data source `/Volumes/SSD-Data/Builds/R-dev-web/QA/Simon/packages/el-capitan-x86_64/results/3.5/sf.Rcheck/sf/gpkg/nc.gpkg' using driver `GPKG'
    ---
    > Reading layer `nc.gpkg' from data source `D:\RCompile\CRANguest\R-devel\lib\sf\gpkg\nc.gpkg' using driver `GPKG'
     Running ‘testthat.R’ [8s/8s]
    Running the tests in ‘tests/testthat.R’ failed.
    Last 13 lines of output:
     m_range: zmin: 924 zmax: 1017
     CRS: NA
     Reading layer `storms_xyz' from data source `/Volumes/SSD-Data/Builds/R-dev-web/QA/Simon/packages/el-capitan-x86_64/results/3.5/sf.Rcheck/sf/shape/storms_xyz.shp' using driver `ESRI Shapefile'
     Simple feature collection with 71 features and 0 fields
     geometry type: LINESTRING
     dimension: XYZ
     bbox: xmin: -102.2 ymin: 8.3 xmax: 0 ymax: 59.5
     z_range: zmin: 924 zmax: 1017
     CRS: NA
     ══ testthat results ═══════════════════════════════════════════════════════════
     [ OK: 695 | SKIPPED: 58 | WARNINGS: 2 | FAILED: 1 ]
     1. Failure: st_crs works (@test_crs.R#23)
    
     Error: testthat unit tests failed
     Execution halted
Flavor: r-oldrel-osx-x86_64