CRAN Package Check Results for Package sf

Last updated on 2018-09-25 09:47:31 CEST.

Flavor Version Tinstall Tcheck Ttotal Status Flags
r-devel-linux-x86_64-debian-clang 0.6-3 138.21 221.48 359.69 OK
r-devel-linux-x86_64-debian-gcc 0.6-3 118.73 184.36 303.09 OK
r-devel-linux-x86_64-fedora-clang 0.6-3 373.92 NOTE
r-devel-linux-x86_64-fedora-gcc 0.6-3 285.03 OK
r-devel-windows-ix86+x86_64 0.6-3 483.00 683.00 1166.00 NOTE
r-patched-linux-x86_64 0.6-3 151.38 203.70 355.08 OK
r-patched-solaris-x86 0.6-3 488.50 WARN
r-release-linux-x86_64 0.6-3 146.43 203.08 349.51 OK
r-release-windows-ix86+x86_64 0.6-3 474.00 790.00 1264.00 NOTE
r-release-osx-x86_64 0.6-3 WARN
r-oldrel-windows-ix86+x86_64 0.6-3 354.00 658.00 1012.00 NOTE
r-oldrel-osx-x86_64 0.6-3 WARN

Additional issues

valgrind

Check Details

Version: 0.6-3
Check: installed package size
Result: NOTE
     installed size is 21.3Mb
     sub-directories of 1Mb or more:
     doc 10.8Mb
     libs 6.3Mb
     sqlite 1.5Mb
Flavors: r-devel-linux-x86_64-fedora-clang, r-devel-windows-ix86+x86_64, r-patched-solaris-x86, r-release-windows-ix86+x86_64, r-release-osx-x86_64, r-oldrel-windows-ix86+x86_64, r-oldrel-osx-x86_64

Version: 0.6-3
Check: package dependencies
Result: NOTE
    Package suggested but not available for checking: ‘RPostgres’
Flavor: r-patched-solaris-x86

Version: 0.6-3
Check: re-building of vignette outputs
Result: WARN
    Error in re-building vignettes:
     ...
    Warning in engine$weave(file, quiet = quiet, encoding = enc) :
     Pandoc (>= 1.12.3) and/or pandoc-citeproc not available. Falling back to R Markdown v1.
    Warning in engine$weave(file, quiet = quiet, encoding = enc) :
     Pandoc (>= 1.12.3) and/or pandoc-citeproc not available. Falling back to R Markdown v1.
    Warning in engine$weave(file, quiet = quiet, encoding = enc) :
     Pandoc (>= 1.12.3) and/or pandoc-citeproc not available. Falling back to R Markdown v1.
    Warning in engine$weave(file, quiet = quiet, encoding = enc) :
     Pandoc (>= 1.12.3) and/or pandoc-citeproc not available. Falling back to R Markdown v1.
    Warning in engine$weave(file, quiet = quiet, encoding = enc) :
     Pandoc (>= 1.12.3) and/or pandoc-citeproc not available. Falling back to R Markdown v1.
    Quitting from lines 195-198 (sf5.Rmd)
    Error: processing vignette 'sf5.Rmd' failed with diagnostics:
    cannot open the connection
    Execution halted
Flavors: r-patched-solaris-x86, r-release-osx-x86_64, r-oldrel-osx-x86_64