CRAN Package Check Results for Package sf

Last updated on 2017-11-21 06:48:12 CET.

Flavor Version Tinstall Tcheck Ttotal Status Flags
r-devel-linux-x86_64-debian-clang 0.5-5 61.26 144.86 206.11 OK
r-devel-linux-x86_64-debian-gcc 0.5-5 64.34 151.99 216.33 OK
r-devel-linux-x86_64-fedora-clang 0.5-5 384.65 NOTE
r-devel-linux-x86_64-fedora-gcc 0.5-5 467.71 NOTE
r-devel-windows-ix86+x86_64 0.5-5 325.00 563.00 888.00 NOTE
r-patched-linux-x86_64 0.5-5 65.21 144.14 209.35 OK
r-patched-solaris-x86 0.5-5 424.50 WARN
r-release-linux-x86_64 0.5-5 64.09 142.56 206.65 OK
r-release-windows-ix86+x86_64 0.5-5 261.00 551.00 812.00 NOTE
r-release-osx-x86_64 0.5-5 WARN
r-oldrel-windows-ix86+x86_64 0.5-5 225.00 684.00 909.00 NOTE
r-oldrel-osx-x86_64 0.5-5 WARN

Check Details

Version: 0.5-5
Check: installed package size
Result: NOTE
     installed size is 18.5Mb
     sub-directories of 1Mb or more:
     doc 10.7Mb
     libs 4.0Mb
     sqlite 1.5Mb
Flavors: r-devel-linux-x86_64-fedora-clang, r-devel-linux-x86_64-fedora-gcc, r-devel-windows-ix86+x86_64, r-patched-solaris-x86, r-release-windows-ix86+x86_64, r-release-osx-x86_64, r-oldrel-windows-ix86+x86_64, r-oldrel-osx-x86_64

Version: 0.5-5
Check: package dependencies
Result: NOTE
    Package suggested but not available for checking: ‘microbenchmark’
Flavor: r-patched-solaris-x86

Version: 0.5-5
Check: re-building of vignette outputs
Result: WARN
    Error in re-building vignettes:
     ...
    Warning in engine$weave(file, quiet = quiet, encoding = enc) :
     Pandoc (>= 1.12.3) and/or pandoc-citeproc not available. Falling back to R Markdown v1.
    Warning in engine$weave(file, quiet = quiet, encoding = enc) :
     Pandoc (>= 1.12.3) and/or pandoc-citeproc not available. Falling back to R Markdown v1.
    Warning in engine$weave(file, quiet = quiet, encoding = enc) :
     Pandoc (>= 1.12.3) and/or pandoc-citeproc not available. Falling back to R Markdown v1.
    Warning in engine$weave(file, quiet = quiet, encoding = enc) :
     Pandoc (>= 1.12.3) and/or pandoc-citeproc not available. Falling back to R Markdown v1.
    Warning in engine$weave(file, quiet = quiet, encoding = enc) :
     Pandoc (>= 1.12.3) and/or pandoc-citeproc not available. Falling back to R Markdown v1.
    Quitting from lines 194-197 (sf5.Rmd)
    Error: processing vignette 'sf5.Rmd' failed with diagnostics:
    cannot open the connection
    Execution halted
Flavors: r-patched-solaris-x86, r-release-osx-x86_64, r-oldrel-osx-x86_64