CRAN Package Check Results for Package sf

Last updated on 2021-10-16 04:57:43 CEST.

Flavor Version Tinstall Tcheck Ttotal Status Flags
r-devel-linux-x86_64-debian-clang 1.0-3 202.34 356.42 558.76 OK
r-devel-linux-x86_64-debian-gcc 1.0-3 151.01 263.34 414.35 OK
r-devel-linux-x86_64-fedora-clang 1.0-3 647.11 NOTE
r-devel-linux-x86_64-fedora-gcc 1.0-3 568.97 OK
r-devel-windows-x86_64 1.0-3 243.00 457.00 700.00 NOTE
r-devel-windows-x86_64-gcc10-UCRT 1.0-3 OK
r-patched-linux-x86_64 1.0-3 189.75 354.76 544.51 OK
r-patched-solaris-x86 1.0-3 742.80 NOTE
r-release-linux-x86_64 1.0-3 182.15 353.83 535.98 OK
r-release-macos-arm64 1.0-2 NOTE
r-release-macos-x86_64 1.0-3 NOTE
r-release-windows-ix86+x86_64 1.0-3 528.00 1045.00 1573.00 NOTE
r-oldrel-macos-x86_64 1.0-3 NOTE
r-oldrel-windows-ix86+x86_64 1.0-2 548.00 1136.00 1684.00 NOTE

Check Details

Version: 1.0-3
Check: installed package size
Result: NOTE
     installed size is 14.4Mb
     sub-directories of 1Mb or more:
     doc 1.7Mb
     libs 8.2Mb
     sqlite 1.5Mb
Flavors: r-devel-linux-x86_64-fedora-clang, r-devel-windows-x86_64, r-patched-solaris-x86, r-release-macos-x86_64, r-release-windows-ix86+x86_64, r-oldrel-macos-x86_64

Version: 1.0-2
Check: installed package size
Result: NOTE
     installed size is 377.0Mb
     sub-directories of 1Mb or more:
     doc 2.3Mb
     libs 370.2Mb
     sqlite 1.5Mb
Flavors: r-release-macos-arm64, r-oldrel-windows-ix86+x86_64