Last updated on 2023-03-22 16:50:29 CET.
Flavor | Version | Tinstall | Tcheck | Ttotal | Status | Flags |
---|---|---|---|---|---|---|
r-devel-linux-x86_64-debian-clang | 1.0-12 | 224.44 | 406.07 | 630.51 | OK | |
r-devel-linux-x86_64-debian-gcc | 1.0-12 | 182.04 | 304.83 | 486.87 | OK | |
r-devel-linux-x86_64-fedora-clang | 1.0-12 | 906.20 | NOTE | |||
r-devel-linux-x86_64-fedora-gcc | 1.0-12 | 808.58 | OK | |||
r-devel-windows-x86_64 | 1.0-12 | 412.00 | 1155.00 | 1567.00 | NOTE | |
r-patched-linux-x86_64 | 1.0-12 | 187.96 | 384.16 | 572.12 | OK | |
r-release-linux-x86_64 | 1.0-11 | 181.06 | 385.70 | 566.76 | OK | |
r-release-macos-arm64 | 1.0-12 | 191.00 | NOTE | |||
r-release-macos-x86_64 | 1.0-12 | 309.00 | NOTE | |||
r-release-windows-x86_64 | 1.0-11 | 232.00 | 658.00 | 890.00 | NOTE | |
r-oldrel-macos-arm64 | 1.0-12 | 193.00 | NOTE | |||
r-oldrel-macos-x86_64 | 1.0-12 | 318.00 | NOTE | |||
r-oldrel-windows-ix86+x86_64 | 1.0-12 | 601.00 | 1125.00 | 1726.00 | NOTE |
Version: 1.0-12
Check: installed package size
Result: NOTE
installed size is 7.6Mb
sub-directories of 1Mb or more:
doc 1.7Mb
libs 1.1Mb
sqlite 1.5Mb
Flavors: r-devel-linux-x86_64-fedora-clang, r-devel-windows-x86_64, r-release-macos-arm64, r-release-macos-x86_64, r-oldrel-macos-arm64, r-oldrel-macos-x86_64, r-oldrel-windows-ix86+x86_64
Version: 1.0-11
Check: installed package size
Result: NOTE
installed size is 78.5Mb
sub-directories of 1Mb or more:
doc 1.7Mb
gdal 2.8Mb
libs 61.7Mb
proj 7.7Mb
sqlite 1.5Mb
Flavor: r-release-windows-x86_64