CRAN Package Check Results for Package sf

Last updated on 2017-07-27 02:48:03.

Flavor Version Tinstall Tcheck Ttotal Status Flags
r-devel-linux-x86_64-debian-clang 0.5-2 60.18 124.98 185.16 OK
r-devel-linux-x86_64-debian-gcc 0.5-2 63.67 121.53 185.20 OK
r-devel-linux-x86_64-fedora-gcc 0.5-2 331.36 NOTE
r-devel-windows-ix86+x86_64 0.5-2 335.00 667.00 1002.00 NOTE
r-patched-linux-x86_64 0.5-2 62.43 119.48 181.91 OK
r-patched-solaris-x86 0.5-2 359.80 NOTE
r-release-linux-x86_64 0.5-2 63.42 122.45 185.87 OK
r-release-windows-ix86+x86_64 0.5-2 300.00 647.00 947.00 NOTE
r-release-osx-x86_64 0.5-2 NOTE
r-oldrel-windows-ix86+x86_64 0.5-2 253.00 480.00 733.00 NOTE
r-oldrel-osx-x86_64 0.5-2 NOTE

Check Details

Version: 0.5-2
Check: installed package size
Result: NOTE
     installed size is 13.4Mb
     sub-directories of 1Mb or more:
     doc 4.0Mb
     libs 5.8Mb
     sqlite 1.5Mb
Flavors: r-devel-linux-x86_64-fedora-gcc, r-devel-windows-ix86+x86_64, r-patched-solaris-x86, r-release-windows-ix86+x86_64, r-release-osx-x86_64, r-oldrel-windows-ix86+x86_64, r-oldrel-osx-x86_64

Version: 0.5-2
Check: package dependencies
Result: NOTE
    Package suggested but not available for checking: ‘microbenchmark’
Flavor: r-patched-solaris-x86