CRAN Package Check Results for Package sf

Last updated on 2019-02-18 05:49:38 CET.

Flavor Version Tinstall Tcheck Ttotal Status Flags
r-devel-linux-x86_64-debian-clang 0.7-2 146.87 239.47 386.34 OK
r-devel-linux-x86_64-debian-gcc 0.7-2 113.73 192.14 305.87 OK
r-devel-linux-x86_64-fedora-clang 0.7-2 519.42 NOTE
r-devel-linux-x86_64-fedora-gcc 0.7-2 473.53 OK
r-devel-windows-ix86+x86_64 0.7-2 477.00 654.00 1131.00 NOTE
r-patched-linux-x86_64 0.7-2 148.29 210.02 358.31 OK
r-patched-solaris-x86 0.7-2 510.40 WARN
r-release-linux-x86_64 0.7-2 OK
r-release-windows-ix86+x86_64 0.7-2 374.00 792.00 1166.00 NOTE
r-release-osx-x86_64 0.7-2 WARN
r-oldrel-windows-ix86+x86_64 0.7-2 396.00 714.00 1110.00 NOTE
r-oldrel-osx-x86_64 0.7-2 WARN

Check Details

Version: 0.7-2
Check: installed package size
Result: NOTE
     installed size is 23.4Mb
     sub-directories of 1Mb or more:
     doc 11.8Mb
     libs 6.8Mb
     sqlite 1.5Mb
Flavors: r-devel-linux-x86_64-fedora-clang, r-devel-windows-ix86+x86_64, r-patched-solaris-x86, r-release-windows-ix86+x86_64, r-release-osx-x86_64, r-oldrel-windows-ix86+x86_64, r-oldrel-osx-x86_64

Version: 0.7-2
Check: package dependencies
Result: NOTE
    Package suggested but not available for checking: ‘RPostgres’
Flavor: r-patched-solaris-x86

Version: 0.7-2
Check: re-building of vignette outputs
Result: WARN
    Error in re-building vignettes:
     ...
    Warning in engine$weave(file, quiet = quiet, encoding = enc) :
     Pandoc (>= 1.12.3) and/or pandoc-citeproc not available. Falling back to R Markdown v1.
    Warning in engine$weave(file, quiet = quiet, encoding = enc) :
     Pandoc (>= 1.12.3) and/or pandoc-citeproc not available. Falling back to R Markdown v1.
    Warning in engine$weave(file, quiet = quiet, encoding = enc) :
     Pandoc (>= 1.12.3) and/or pandoc-citeproc not available. Falling back to R Markdown v1.
    Warning in engine$weave(file, quiet = quiet, encoding = enc) :
     Pandoc (>= 1.12.3) and/or pandoc-citeproc not available. Falling back to R Markdown v1.
    Warning in engine$weave(file, quiet = quiet, encoding = enc) :
     Pandoc (>= 1.12.3) and/or pandoc-citeproc not available. Falling back to R Markdown v1.
    Quitting from lines 216-219 (sf5.Rmd)
    Error: processing vignette 'sf5.Rmd' failed with diagnostics:
    cannot open the connection
    Execution halted
Flavors: r-patched-solaris-x86, r-release-osx-x86_64, r-oldrel-osx-x86_64