CRAN Package Check Results for Package sf

Last updated on 2017-03-27 06:48:36.

Flavor Version Tinstall Tcheck Ttotal Status Flags
r-devel-linux-x86_64-debian-clang 0.4-0 45.73 94.18 139.91 OK
r-devel-linux-x86_64-debian-gcc 0.4-0 41.11 88.92 130.03 ERROR
r-devel-linux-x86_64-fedora-gcc 0.4-0 203.14 NOTE --no-stop-on-test-error
r-devel-macos-x86_64-clang 0.4-0 142.15 NOTE --no-stop-on-test-error
r-patched-linux-x86_64 0.4-0 34.48 93.33 127.81 OK
r-patched-solaris-sparc 0.4-0 1465.30 NOTE
r-patched-solaris-x86 0.4-0 310.90 NOTE
r-release-linux-x86_64 0.4-0 45.09 79.11 124.20 OK
r-release-osx-x86_64-mavericks 0.4-0 ERROR
r-release-windows-ix86+x86_64 0.4-0 296.00 403.00 699.00 NOTE
r-oldrel-windows-ix86+x86_64 0.4-0 68.00 2.00 70.00 ERROR

Check Details

Version: 0.4-0
Check: tests
Result: ERROR
     Running ‘cast.R’ [1s/1s]
     Comparing ‘cast.Rout’ to ‘cast.Rout.save’ ...4c4
    < Linking to GEOS 3.5.1, GDAL 2.1.2, proj.4 4.9.3
    ---
    > Linking to GEOS 3.5.0, GDAL 2.1.0, proj.4 4.9.2
     Running ‘crs.R’ [0s/1s]
     Comparing ‘crs.Rout’ to ‘crs.Rout.save’ ... OK
     Running ‘dist.R’ [1s/1s]
     Comparing ‘dist.Rout’ to ‘dist.Rout.save’ ... OK
     Running ‘dplyr.R’ [2s/2s]
     Comparing ‘dplyr.Rout’ to ‘dplyr.Rout.save’ ... OK
     Running ‘empty.R’ [1s/1s]
     Comparing ‘empty.Rout’ to ‘empty.Rout.save’ ... OK
     Running ‘gdal_geom.R’ [1s/1s]
     Comparing ‘gdal_geom.Rout’ to ‘gdal_geom.Rout.save’ ... OK
     Running ‘geos.R’ [4s/4s]
     Comparing ‘geos.Rout’ to ‘geos.Rout.save’ ... OK
     Running ‘graticule.R’ [2s/2s]
     Comparing ‘graticule.Rout’ to ‘graticule.Rout.save’ ... OK
     Running ‘grid.R’ [1s/1s]
     Comparing ‘grid.Rout’ to ‘grid.Rout.save’ ... OK
     Running ‘plot.R’ [9s/9s]
     Comparing ‘plot.Rout’ to ‘plot.Rout.save’ ... OK
     Running ‘read.R’ [1s/1s]
     Comparing ‘read.Rout’ to ‘read.Rout.save’ ...153c153
    < Updating /home/hornik/tmp/R.check/r-devel-gcc/Work/PKGS/sf.Rcheck/tests/x.gpkg
    ---
    > Updating /home/edzer/git/sf.Rcheck/tests/x.gpkg
    169c169
    < In evalq((function (..., call. = TRUE, immediate. = FALSE, noBreaks. = FALSE, :
    ---
    > In eval(substitute(expr), envir, enclos) :
     Running ‘roundtrip.R’ [4s/4s]
     Comparing ‘roundtrip.Rout’ to ‘roundtrip.Rout.save’ ... OK
     Running ‘sfc.R’ [2s/2s]
     Comparing ‘sfc.Rout’ to ‘sfc.Rout.save’ ...372c372
    < "3.5.1" "2.1.2" "4.9.3"
    ---
    > "3.5.1" "2.1.3" "4.9.2"
     Running ‘sfg.R’ [1s/1s]
     Comparing ‘sfg.Rout’ to ‘sfg.Rout.save’ ... OK
     Running ‘testthat.R’ [3s/3s]
    Running the tests in ‘tests/testthat.R’ failed.
    Last 13 lines of output:
     proj4string: +proj=longlat +datum=NAD27 +no_defs
     OGR: Unsupported geometry type
     1. Failure: st_read and write handle date and time (@test_tm.R#18) -------------
     x[["tm"]] not equal to x2[["tm"]].
     2/2 mismatches (average diff: 60 mins)
     [1] 2017-03-26 22:00:12 - 2017-03-26 23:00:12 == -60 mins
     [2] 2017-03-26 22:00:13 - 2017-03-26 23:00:13 == -60 mins
    
    
     testthat results ================================================================
     OK: 416 SKIPPED: 6 FAILED: 1
     1. Failure: st_read and write handle date and time (@test_tm.R#18)
    
     Error: testthat unit tests failed
     Execution halted
Flavor: r-devel-linux-x86_64-debian-gcc

Version: 0.4-0
Flags: --no-stop-on-test-error
Check: installed package size
Result: NOTE
     installed size is 10.3Mb
     sub-directories of 1Mb or more:
     doc 4.0Mb
     libs 4.3Mb
Flavors: r-devel-linux-x86_64-fedora-gcc, r-devel-macos-x86_64-clang

Version: 0.4-0
Check: package dependencies
Result: NOTE
    Package suggested but not available for checking: ‘microbenchmark’
Flavors: r-patched-solaris-sparc, r-patched-solaris-x86

Version: 0.4-0
Check: installed package size
Result: NOTE
     installed size is 6.7Mb
     sub-directories of 1Mb or more:
     doc 4.1Mb
Flavors: r-patched-solaris-sparc, r-patched-solaris-x86, r-release-windows-ix86+x86_64

Version: 0.4-0
Check: whether package can be installed
Result: ERROR
    Installation failed.
Flavors: r-release-osx-x86_64-mavericks, r-oldrel-windows-ix86+x86_64