CRAN Package Check Results for Package sf

Last updated on 2018-07-18 01:49:44 CEST.

Flavor Version Tinstall Tcheck Ttotal Status Flags
r-devel-linux-x86_64-debian-clang 0.6-3 127.65 221.72 349.37 OK
r-devel-linux-x86_64-debian-gcc 0.6-3 109.43 181.21 290.64 OK
r-devel-linux-x86_64-fedora-clang 0.6-3 464.05 NOTE
r-devel-linux-x86_64-fedora-gcc 0.6-3 477.36 OK
r-devel-windows-ix86+x86_64 0.6-3 470.00 809.00 1279.00 NOTE
r-patched-linux-x86_64 0.6-3 132.39 209.09 341.48 OK
r-patched-solaris-x86 0.6-3 492.70 WARN
r-release-linux-x86_64 0.6-3 136.67 209.86 346.53 OK
r-release-windows-ix86+x86_64 0.6-3 464.00 800.00 1264.00 NOTE
r-release-osx-x86_64 0.6-3 WARN
r-oldrel-windows-ix86+x86_64 0.6-3 465.00 676.00 1141.00 WARN
r-oldrel-osx-x86_64 0.6-3 WARN

Additional issues

valgrind

Check Details

Version: 0.6-3
Check: installed package size
Result: NOTE
     installed size is 21.1Mb
     sub-directories of 1Mb or more:
     doc 10.8Mb
     libs 6.1Mb
     sqlite 1.5Mb
Flavors: r-devel-linux-x86_64-fedora-clang, r-devel-windows-ix86+x86_64, r-patched-solaris-x86, r-release-windows-ix86+x86_64, r-release-osx-x86_64, r-oldrel-windows-ix86+x86_64, r-oldrel-osx-x86_64

Version: 0.6-3
Check: package dependencies
Result: NOTE
    Package suggested but not available for checking: ‘RPostgres’
Flavor: r-patched-solaris-x86

Version: 0.6-3
Check: re-building of vignette outputs
Result: WARN
    Error in re-building vignettes:
     ...
    Warning in engine$weave(file, quiet = quiet, encoding = enc) :
     Pandoc (>= 1.12.3) and/or pandoc-citeproc not available. Falling back to R Markdown v1.
    Warning in engine$weave(file, quiet = quiet, encoding = enc) :
     Pandoc (>= 1.12.3) and/or pandoc-citeproc not available. Falling back to R Markdown v1.
    Warning in engine$weave(file, quiet = quiet, encoding = enc) :
     Pandoc (>= 1.12.3) and/or pandoc-citeproc not available. Falling back to R Markdown v1.
    Warning in engine$weave(file, quiet = quiet, encoding = enc) :
     Pandoc (>= 1.12.3) and/or pandoc-citeproc not available. Falling back to R Markdown v1.
    Warning in engine$weave(file, quiet = quiet, encoding = enc) :
     Pandoc (>= 1.12.3) and/or pandoc-citeproc not available. Falling back to R Markdown v1.
    Quitting from lines 195-198 (sf5.Rmd)
    Error: processing vignette 'sf5.Rmd' failed with diagnostics:
    cannot open the connection
    Execution halted
Flavors: r-patched-solaris-x86, r-release-osx-x86_64, r-oldrel-osx-x86_64

Version: 0.6-3
Check: re-building of vignette outputs
Result: WARN
    Error in re-building vignettes:
     ...
    Quitting from lines 207-209 (sf5.Rmd)
    Error: processing vignette 'sf5.Rmd' failed with diagnostics:
    unused argument (as.CRS = TRUE)
    Execution halted
Flavor: r-oldrel-windows-ix86+x86_64