CRAN Package Check Results for Package sf

Last updated on 2021-04-22 12:54:11 CEST.

Flavor Version Tinstall Tcheck Ttotal Status Flags
r-devel-linux-x86_64-debian-clang 0.9-8 216.94 317.11 534.05 OK
r-devel-linux-x86_64-debian-gcc 0.9-8 140.90 234.58 375.48 OK
r-devel-linux-x86_64-fedora-clang 0.9-8 720.34 NOTE
r-devel-linux-x86_64-fedora-gcc 0.9-8 638.46 OK
r-devel-windows-ix86+x86_64 0.9-8 533.00 985.00 1518.00 NOTE
r-devel-windows-x86_64-gcc10-UCRT 0.9-8 OK
r-patched-linux-x86_64 0.9-8 177.47 292.24 469.71 WARN
r-patched-solaris-x86 0.9-8 680.70 WARN
r-release-linux-x86_64 0.9-8 165.04 291.95 456.99 OK
r-release-macos-x86_64 0.9-8 WARN
r-release-windows-ix86+x86_64 0.9-8 516.00 1028.00 1544.00 NOTE
r-oldrel-macos-x86_64 0.9-8 WARN
r-oldrel-windows-ix86+x86_64 0.9-8 383.00 1031.00 1414.00 NOTE

Check Details

Version: 0.9-8
Check: installed package size
Result: NOTE
     installed size is 16.0Mb
     sub-directories of 1Mb or more:
     doc 3.0Mb
     libs 8.4Mb
     sqlite 1.5Mb
Flavors: r-devel-linux-x86_64-fedora-clang, r-devel-windows-ix86+x86_64, r-patched-solaris-x86, r-release-macos-x86_64, r-release-windows-ix86+x86_64, r-oldrel-macos-x86_64, r-oldrel-windows-ix86+x86_64

Version: 0.9-8
Check: whether package can be installed
Result: WARN
    Found the following significant warnings:
     Rd warning: /tmp/RtmpD8kjYH/R.INSTALL74ac6d87f3b7/sf/man/geos_measures.Rd:46: file link ‘set_units’ in package ‘units’ does not exist and so has been treated as a topic
Flavor: r-patched-linux-x86_64

Version: 0.9-8
Check: re-building of vignette outputs
Result: WARN
    Error(s) in re-building vignettes:
     ...
    --- re-building ‘sf1.Rmd’ using rmarkdown
    Warning in engine$weave(file, quiet = quiet, encoding = enc) :
     Pandoc (>= 1.12.3) not available. Falling back to R Markdown v1.
    --- finished re-building ‘sf1.Rmd’
    
    --- re-building ‘sf2.Rmd’ using rmarkdown
    Warning in engine$weave(file, quiet = quiet, encoding = enc) :
     Pandoc (>= 1.12.3) not available. Falling back to R Markdown v1.
    --- finished re-building ‘sf2.Rmd’
    
    --- re-building ‘sf3.Rmd’ using rmarkdown
    Warning in engine$weave(file, quiet = quiet, encoding = enc) :
     Pandoc (>= 1.12.3) not available. Falling back to R Markdown v1.
    --- finished re-building ‘sf3.Rmd’
    
    --- re-building ‘sf4.Rmd’ using rmarkdown
    Warning in engine$weave(file, quiet = quiet, encoding = enc) :
     Pandoc (>= 1.12.3) not available. Falling back to R Markdown v1.
    --- finished re-building ‘sf4.Rmd’
    
    --- re-building ‘sf5.Rmd’ using rmarkdown
    Warning in engine$weave(file, quiet = quiet, encoding = enc) :
     Pandoc (>= 1.12.3) not available. Falling back to R Markdown v1.
    Quitting from lines 213-215 (sf5.Rmd)
    Error: processing vignette 'sf5.Rmd' failed with diagnostics:
    subscript out of bounds
    --- failed re-building ‘sf5.Rmd’
    
    --- re-building ‘sf6.Rmd’ using rmarkdown
    Warning in engine$weave(file, quiet = quiet, encoding = enc) :
     Pandoc (>= 1.12.3) not available. Falling back to R Markdown v1.
    --- finished re-building ‘sf6.Rmd’
    
    --- re-building ‘sf7.Rmd’ using rmarkdown
    Warning in engine$weave(file, quiet = quiet, encoding = enc) :
     Pandoc (>= 1.12.3) not available. Falling back to R Markdown v1.
    --- finished re-building ‘sf7.Rmd’
    
    SUMMARY: processing the following file failed:
     ‘sf5.Rmd’
    
    Error: Vignette re-building failed.
    Execution halted
Flavor: r-patched-solaris-x86

Version: 0.9-8
Check: re-building of vignette outputs
Result: WARN
    Error(s) in re-building vignettes:
    --- re-building ‘sf1.Rmd’ using rmarkdown
    Warning in engine$weave(file, quiet = quiet, encoding = enc) :
     Pandoc (>= 1.12.3) and/or pandoc-citeproc not available. Falling back to R Markdown v1.
    --- finished re-building ‘sf1.Rmd’
    
    --- re-building ‘sf2.Rmd’ using rmarkdown
    Warning in engine$weave(file, quiet = quiet, encoding = enc) :
     Pandoc (>= 1.12.3) and/or pandoc-citeproc not available. Falling back to R Markdown v1.
    --- finished re-building ‘sf2.Rmd’
    
    --- re-building ‘sf3.Rmd’ using rmarkdown
    Warning in engine$weave(file, quiet = quiet, encoding = enc) :
     Pandoc (>= 1.12.3) and/or pandoc-citeproc not available. Falling back to R Markdown v1.
    --- finished re-building ‘sf3.Rmd’
    
    --- re-building ‘sf4.Rmd’ using rmarkdown
    Warning in engine$weave(file, quiet = quiet, encoding = enc) :
     Pandoc (>= 1.12.3) and/or pandoc-citeproc not available. Falling back to R Markdown v1.
    --- finished re-building ‘sf4.Rmd’
    
    --- re-building ‘sf5.Rmd’ using rmarkdown
    Warning in engine$weave(file, quiet = quiet, encoding = enc) :
     Pandoc (>= 1.12.3) and/or pandoc-citeproc not available. Falling back to R Markdown v1.
    Quitting from lines 213-215 (sf5.Rmd)
    Error: processing vignette 'sf5.Rmd' failed with diagnostics:
    invalid 'path' argument
    --- failed re-building ‘sf5.Rmd’
    
    --- re-building ‘sf6.Rmd’ using rmarkdown
    Warning in engine$weave(file, quiet = quiet, encoding = enc) :
     Pandoc (>= 1.12.3) and/or pandoc-citeproc not available. Falling back to R Markdown v1.
    --- finished re-building ‘sf6.Rmd’
    
    --- re-building ‘sf7.Rmd’ using rmarkdown
    Warning in engine$weave(file, quiet = quiet, encoding = enc) :
     Pandoc (>= 1.12.3) and/or pandoc-citeproc not available. Falling back to R Markdown v1.
    --- finished re-building ‘sf7.Rmd’
    
    SUMMARY: processing the following file failed:
     ‘sf5.Rmd’
    
    Error: Vignette re-building failed.
    Execution halted
Flavors: r-release-macos-x86_64, r-oldrel-macos-x86_64