Last updated on 2023-09-23 05:58:10 CEST.
Flavor | Version | Tinstall | Tcheck | Ttotal | Status | Flags |
---|---|---|---|---|---|---|
r-devel-linux-x86_64-debian-clang | 1.0-14 | 229.11 | 413.09 | 642.20 | OK | |
r-devel-linux-x86_64-debian-gcc | 1.0-14 | 158.73 | 302.79 | 461.52 | OK | |
r-devel-linux-x86_64-fedora-clang | 1.0-14 | 786.10 | NOTE | |||
r-devel-linux-x86_64-fedora-gcc | 1.0-14 | 800.90 | OK | |||
r-devel-windows-x86_64 | 1.0-14 | 200.00 | 787.00 | 987.00 | NOTE | |
r-patched-linux-x86_64 | 1.0-14 | 246.08 | 397.03 | 643.11 | OK | |
r-release-linux-x86_64 | 1.0-14 | 239.73 | 392.29 | 632.02 | OK | |
r-release-macos-arm64 | 1.0-14 | 230.00 | NOTE | |||
r-release-macos-x86_64 | 1.0-14 | 386.00 | NOTE | |||
r-release-windows-x86_64 | 1.0-14 | 250.00 | 1013.00 | 1263.00 | NOTE | |
r-oldrel-macos-arm64 | 1.0-14 | 204.00 | NOTE | |||
r-oldrel-macos-x86_64 | 1.0-14 | 323.00 | NOTE | |||
r-oldrel-windows-x86_64 | 1.0-14 | 266.00 | 887.00 | 1153.00 | NOTE |
Version: 1.0-14
Check: installed package size
Result: NOTE
installed size is 7.6Mb
sub-directories of 1Mb or more:
doc 1.7Mb
libs 1.1Mb
sqlite 1.5Mb
Flavors: r-devel-linux-x86_64-fedora-clang, r-devel-windows-x86_64, r-release-macos-arm64, r-release-macos-x86_64, r-release-windows-x86_64, r-oldrel-macos-arm64, r-oldrel-macos-x86_64, r-oldrel-windows-x86_64