CRAN Package Check Results for Package sf

Last updated on 2018-02-24 17:48:35 CET.

Flavor Version Tinstall Tcheck Ttotal Status Flags
r-devel-linux-x86_64-debian-clang 0.6-0 98.83 202.74 301.57 OK
r-devel-linux-x86_64-debian-gcc 0.6-0 79.78 166.71 246.49 OK
r-devel-linux-x86_64-fedora-clang 0.6-0 397.80 NOTE
r-devel-linux-x86_64-fedora-gcc 0.6-0 372.27 NOTE
r-devel-windows-ix86+x86_64 0.6-0 256.00 754.00 1010.00 NOTE
r-patched-linux-x86_64 0.6-0 93.47 233.90 327.37 OK
r-patched-solaris-x86 0.6-0 480.60 WARN
r-release-linux-x86_64 0.6-0 92.16 230.93 323.09 OK
r-release-windows-ix86+x86_64 0.6-0 341.00 764.00 1105.00 NOTE
r-release-osx-x86_64 0.6-0 WARN
r-oldrel-windows-ix86+x86_64 0.6-0 275.00 572.00 847.00 NOTE
r-oldrel-osx-x86_64 0.6-0 ERROR

Additional issues

clang-UBSAN gcc-UBSAN

Check Details

Version: 0.6-0
Check: installed package size
Result: NOTE
     installed size is 18.8Mb
     sub-directories of 1Mb or more:
     doc 10.1Mb
     libs 4.7Mb
     sqlite 1.5Mb
Flavors: r-devel-linux-x86_64-fedora-clang, r-devel-linux-x86_64-fedora-gcc, r-devel-windows-ix86+x86_64, r-patched-solaris-x86, r-release-windows-ix86+x86_64, r-release-osx-x86_64, r-oldrel-windows-ix86+x86_64, r-oldrel-osx-x86_64

Version: 0.6-0
Check: re-building of vignette outputs
Result: WARN
    Error in re-building vignettes:
     ...
    Warning in engine$weave(file, quiet = quiet, encoding = enc) :
     Pandoc (>= 1.12.3) and/or pandoc-citeproc not available. Falling back to R Markdown v1.
    Warning in engine$weave(file, quiet = quiet, encoding = enc) :
     Pandoc (>= 1.12.3) and/or pandoc-citeproc not available. Falling back to R Markdown v1.
    Warning in engine$weave(file, quiet = quiet, encoding = enc) :
     Pandoc (>= 1.12.3) and/or pandoc-citeproc not available. Falling back to R Markdown v1.
    Warning in engine$weave(file, quiet = quiet, encoding = enc) :
     Pandoc (>= 1.12.3) and/or pandoc-citeproc not available. Falling back to R Markdown v1.
    Warning in engine$weave(file, quiet = quiet, encoding = enc) :
     Pandoc (>= 1.12.3) and/or pandoc-citeproc not available. Falling back to R Markdown v1.
    Quitting from lines 195-198 (sf5.Rmd)
    Error: processing vignette 'sf5.Rmd' failed with diagnostics:
    cannot open the connection
    Execution halted
Flavors: r-patched-solaris-x86, r-release-osx-x86_64

Version: 0.6-0
Check: package dependencies
Result: NOTE
    Package suggested but not available for checking: ‘lwgeom’
Flavor: r-oldrel-osx-x86_64

Version: 0.6-0
Check: Rd cross-references
Result: NOTE
    Package unavailable to check Rd xrefs: ‘lwgeom’
Flavor: r-oldrel-osx-x86_64

Version: 0.6-0
Check: examples
Result: ERROR
    Running examples in ‘sf-Ex.R’ failed
    The error most likely occurred in:
    
    > ### Name: geos_measures
    > ### Title: Compute geometric measurements
    > ### Aliases: geos_measures st_area geos_measures st_length geos_measures
    > ### st_distance
    >
    > ### ** Examples
    >
    > b0 = st_polygon(list(rbind(c(-1,-1), c(1,-1), c(1,1), c(-1,1), c(-1,-1))))
    > b1 = b0 + 2
    > b2 = b0 + c(-0.2, 2)
    > x = st_sfc(b0, b1, b2)
    > st_area(x)
    [1] 4 4 4
    > line = st_sfc(st_linestring(rbind(c(30,30), c(40,40))), crs = 4326)
    > st_length(line)
    Error in st_length(line) :
     package lwgeom required, please install it first
    Execution halted
Flavor: r-oldrel-osx-x86_64

Version: 0.6-0
Check: tests
Result: ERROR
    Running the tests in ‘tests/dist.R’ failed.
    Last 13 lines of output:
     >
     > y = st_sfc(
     + st_point(c(0,10)),
     + st_point(c(1,0)),
     + st_point(c(2,0)),
     + st_point(c(3,0)),
     + st_point(c(4,0)),
     + crs = 4326
     + )
     >
     > d.sf = st_distance(x, y)
     Error in st_distance(x, y) : lwgeom required: install first?
     Execution halted
Flavor: r-oldrel-osx-x86_64

Version: 0.6-0
Check: re-building of vignette outputs
Result: WARN
    Error in re-building vignettes:
     ...
    Warning in engine$weave(file, quiet = quiet, encoding = enc) :
     Pandoc (>= 1.12.3) and/or pandoc-citeproc not available. Falling back to R Markdown v1.
    Quitting from lines 795-797 (sf1.Rmd)
    Error: processing vignette 'sf1.Rmd' failed with diagnostics:
    package lwgeom required, please install it first
    Execution halted
Flavor: r-oldrel-osx-x86_64