CRAN Package Check Results for Package sf

Last updated on 2022-11-27 11:56:00 CET.

Flavor Version Tinstall Tcheck Ttotal Status Flags
r-devel-linux-x86_64-debian-clang 1.0-9 232.12 431.71 663.83 OK
r-devel-linux-x86_64-debian-gcc 1.0-9 173.31 316.48 489.79 OK
r-devel-linux-x86_64-fedora-clang 1.0-9 921.07 NOTE
r-devel-linux-x86_64-fedora-gcc 1.0-9 839.07 OK
r-devel-windows-x86_64 1.0-9 330.00 1016.00 1346.00 NOTE
r-patched-linux-x86_64 1.0-9 186.60 396.49 583.09 OK
r-release-linux-x86_64 1.0-9 184.92 387.88 572.80 OK
r-release-macos-arm64 1.0-9 242.00 NOTE
r-release-macos-x86_64 1.0-9 317.00 NOTE
r-release-windows-x86_64 1.0-9 250.00 672.00 922.00 NOTE
r-oldrel-macos-arm64 1.0-9 274.00 NOTE
r-oldrel-macos-x86_64 1.0-9 327.00 NOTE
r-oldrel-windows-ix86+x86_64 1.0-9 596.00 1160.00 1756.00 NOTE

Check Details

Version: 1.0-9
Check: installed package size
Result: NOTE
     installed size is 7.5Mb
     sub-directories of 1Mb or more:
     doc 1.7Mb
     libs 1.1Mb
     sqlite 1.5Mb
Flavors: r-devel-linux-x86_64-fedora-clang, r-devel-windows-x86_64, r-release-macos-arm64, r-release-macos-x86_64, r-release-windows-x86_64, r-oldrel-macos-arm64, r-oldrel-macos-x86_64, r-oldrel-windows-ix86+x86_64