CRAN Package Check Results for Package sf

Last updated on 2019-08-18 06:47:10 CEST.

Flavor Version Tinstall Tcheck Ttotal Status Flags
r-devel-linux-x86_64-debian-clang 0.7-7 155.71 209.84 365.55 OK
r-devel-linux-x86_64-debian-gcc 0.7-7 126.50 161.47 287.97 OK
r-devel-linux-x86_64-fedora-clang 0.7-7 511.51 NOTE
r-devel-linux-x86_64-fedora-gcc 0.7-7 491.74 OK
r-devel-windows-ix86+x86_64 0.7-7 528.00 746.00 1274.00 NOTE
r-patched-linux-x86_64 0.7-7 144.17 205.51 349.68 OK
r-patched-solaris-x86 0.7-7 543.70 NOTE
r-release-linux-x86_64 0.7-7 135.56 204.06 339.62 OK
r-release-windows-ix86+x86_64 0.7-7 484.00 827.00 1311.00 NOTE
r-release-osx-x86_64 0.7-7 NOTE
r-oldrel-windows-ix86+x86_64 0.7-7 490.00 796.00 1286.00 NOTE
r-oldrel-osx-x86_64 0.7-7 NOTE

Additional issues

valgrind

Check Details

Version: 0.7-7
Check: installed package size
Result: NOTE
     installed size is 24.4Mb
     sub-directories of 1Mb or more:
     doc 12.0Mb
     libs 8.3Mb
     sqlite 1.5Mb
Flavors: r-devel-linux-x86_64-fedora-clang, r-devel-windows-ix86+x86_64, r-patched-solaris-x86, r-release-windows-ix86+x86_64, r-release-osx-x86_64, r-oldrel-windows-ix86+x86_64, r-oldrel-osx-x86_64

Version: 0.7-7
Check: package dependencies
Result: NOTE
    Package suggested but not available for checking: ‘RPostgres’
Flavor: r-patched-solaris-x86