CRAN Package Check Results for Package sf

Last updated on 2017-04-23 17:50:02.

Flavor Version Tinstall Tcheck Ttotal Status Flags
r-devel-linux-x86_64-debian-clang 0.4-1 53.68 93.63 147.32 OK
r-devel-linux-x86_64-debian-gcc 0.4-1 53.26 95.15 148.41 OK
r-devel-linux-x86_64-fedora-gcc 0.4-1 278.56 NOTE --no-stop-on-test-error
r-devel-windows-ix86+x86_64 0.4-1 309.00 554.00 863.00 NOTE
r-patched-linux-x86_64 0.4-1 44.97 99.21 144.18 OK
r-patched-solaris-sparc 0.4-1 1442.00 NOTE
r-patched-solaris-x86 0.4-1 328.80 NOTE
r-release-linux-x86_64 0.4-1 44.49 92.60 137.09 OK
r-release-windows-ix86+x86_64 0.4-1 231.00 406.00 637.00 NOTE
r-release-osx-x86_64 0.4-1 ERROR
r-oldrel-windows-ix86+x86_64 0.4-1 234.00 370.00 604.00 NOTE
r-oldrel-osx-x86_64 0.4-1 NOTE

Memtest notes: valgrind

Check Details

Version: 0.4-1
Flags: --no-stop-on-test-error
Check: installed package size
Result: NOTE
     installed size is 10.3Mb
     sub-directories of 1Mb or more:
     doc 4.0Mb
     libs 4.3Mb
Flavor: r-devel-linux-x86_64-fedora-gcc

Version: 0.4-1
Check: installed package size
Result: NOTE
     installed size is 65.9Mb
     sub-directories of 1Mb or more:
     doc 4.0Mb
     gdal 3.2Mb
     libs 51.8Mb
     proj 5.0Mb
Flavors: r-devel-windows-ix86+x86_64, r-patched-solaris-sparc, r-patched-solaris-x86, r-release-windows-ix86+x86_64, r-oldrel-windows-ix86+x86_64, r-oldrel-osx-x86_64

Version: 0.4-1
Check: package dependencies
Result: NOTE
    Package suggested but not available for checking: ‘microbenchmark’
Flavors: r-patched-solaris-sparc, r-patched-solaris-x86

Version: 0.4-1
Check: package dependencies
Result: ERROR
    Package required but not available: ‘units’
    
    Packages suggested but not available for checking: ‘rgdal’ ‘RPostgreSQL’
    
    See section ‘The DESCRIPTION file’ in the ‘Writing R Extensions’
    manual.
Flavor: r-release-osx-x86_64