CRAN Package Check Results for Package sf

Last updated on 2021-07-27 19:53:02 CEST.

Flavor Version Tinstall Tcheck Ttotal Status Flags
r-devel-linux-x86_64-debian-clang 1.0-1 238.78 357.94 596.72 OK
r-devel-linux-x86_64-debian-gcc 1.0-2 151.60 259.25 410.85 OK
r-devel-linux-x86_64-fedora-clang 1.0-2 791.58 NOTE
r-devel-linux-x86_64-fedora-gcc 1.0-2 678.13 OK
r-devel-windows-x86_64 1.0-1 302.00 613.00 915.00 NOTE
r-devel-windows-x86_64-gcc10-UCRT 1.0-1 OK
r-patched-linux-x86_64 1.0-1 184.07 338.23 522.30 OK
r-patched-solaris-x86 1.0-2 742.20 WARN
r-release-linux-x86_64 1.0-1 183.98 335.02 519.00 OK
r-release-macos-arm64 1.0-1 ERROR
r-release-macos-x86_64 1.0-1 ERROR
r-release-windows-ix86+x86_64 1.0-1 540.00 947.00 1487.00 NOTE
r-oldrel-macos-x86_64 1.0-1 ERROR
r-oldrel-windows-ix86+x86_64 1.0-1 386.00 1138.00 1524.00 NOTE

Check Details

Version: 1.0-2
Check: installed package size
Result: NOTE
     installed size is 15.9Mb
     sub-directories of 1Mb or more:
     doc 2.3Mb
     libs 9.0Mb
     sqlite 1.5Mb
Flavors: r-devel-linux-x86_64-fedora-clang, r-patched-solaris-x86

Version: 1.0-1
Check: installed package size
Result: NOTE
     installed size is 61.6Mb
     sub-directories of 1Mb or more:
     doc 2.3Mb
     gdal 2.2Mb
     libs 44.0Mb
     proj 8.7Mb
     sqlite 1.5Mb
Flavors: r-devel-windows-x86_64, r-release-windows-ix86+x86_64, r-oldrel-windows-ix86+x86_64

Version: 1.0-2
Check: re-building of vignette outputs
Result: WARN
    Error(s) in re-building vignettes:
     ...
    --- re-building ‘sf1.Rmd’ using rmarkdown
    Warning in engine$weave(file, quiet = quiet, encoding = enc) :
     Pandoc (>= 1.12.3) not available. Falling back to R Markdown v1.
    --- finished re-building ‘sf1.Rmd’
    
    --- re-building ‘sf2.Rmd’ using rmarkdown
    Warning in engine$weave(file, quiet = quiet, encoding = enc) :
     Pandoc (>= 1.12.3) not available. Falling back to R Markdown v1.
    --- finished re-building ‘sf2.Rmd’
    
    --- re-building ‘sf3.Rmd’ using rmarkdown
    Warning in engine$weave(file, quiet = quiet, encoding = enc) :
     Pandoc (>= 1.12.3) not available. Falling back to R Markdown v1.
    --- finished re-building ‘sf3.Rmd’
    
    --- re-building ‘sf4.Rmd’ using rmarkdown
    Warning in engine$weave(file, quiet = quiet, encoding = enc) :
     Pandoc (>= 1.12.3) not available. Falling back to R Markdown v1.
    --- finished re-building ‘sf4.Rmd’
    
    --- re-building ‘sf5.Rmd’ using rmarkdown
    Warning in engine$weave(file, quiet = quiet, encoding = enc) :
     Pandoc (>= 1.12.3) not available. Falling back to R Markdown v1.
    Quitting from lines 208-210 (sf5.Rmd)
    Error: processing vignette 'sf5.Rmd' failed with diagnostics:
    invalid 'path' argument
    --- failed re-building ‘sf5.Rmd’
    
    --- re-building ‘sf6.Rmd’ using rmarkdown
    Warning in engine$weave(file, quiet = quiet, encoding = enc) :
     Pandoc (>= 1.12.3) not available. Falling back to R Markdown v1.
    --- finished re-building ‘sf6.Rmd’
    
    --- re-building ‘sf7.Rmd’ using rmarkdown
    Warning in engine$weave(file, quiet = quiet, encoding = enc) :
     Pandoc (>= 1.12.3) not available. Falling back to R Markdown v1.
    --- finished re-building ‘sf7.Rmd’
    
    SUMMARY: processing the following file failed:
     ‘sf5.Rmd’
    
    Error: Vignette re-building failed.
    Execution halted
Flavor: r-patched-solaris-x86

Version: 1.0-1
Check: whether package can be installed
Result: ERROR
    Installation failed.
Flavors: r-release-macos-arm64, r-release-macos-x86_64, r-oldrel-macos-x86_64