CRAN Package Check Results for Package sf

Last updated on 2019-06-18 00:51:55 CEST.

Flavor Version Tinstall Tcheck Ttotal Status Flags
r-devel-linux-x86_64-debian-clang 0.7-4 150.25 217.40 367.65 NOTE
r-devel-linux-x86_64-debian-gcc 0.7-4 118.43 166.57 285.00 NOTE
r-devel-linux-x86_64-fedora-clang 0.7-4 484.37 NOTE
r-devel-linux-x86_64-fedora-gcc 0.7-4 461.49 NOTE
r-devel-windows-ix86+x86_64 0.7-4 513.00 823.00 1336.00 NOTE
r-patched-linux-x86_64 0.7-4 143.12 210.10 353.22 OK
r-patched-solaris-x86 0.7-4 528.40 WARN
r-release-linux-x86_64 0.7-4 141.30 215.98 357.28 OK
r-release-windows-ix86+x86_64 0.7-4 426.00 845.00 1271.00 NOTE
r-release-osx-x86_64 0.7-4 WARN
r-oldrel-windows-ix86+x86_64 0.7-4 404.00 815.00 1219.00 NOTE
r-oldrel-osx-x86_64 0.7-4 WARN

Check Details

Version: 0.7-4
Check: for non-standard things in the check directory
Result: NOTE
    Found the following files/directories:
     'meuse.csv' 'nc.dbf' 'nc.prj' 'nc.shp' 'nc.shx'
Flavors: r-devel-linux-x86_64-debian-clang, r-devel-linux-x86_64-debian-gcc, r-devel-linux-x86_64-fedora-clang, r-devel-linux-x86_64-fedora-gcc

Version: 0.7-4
Check: installed package size
Result: NOTE
     installed size is 22.4Mb
     sub-directories of 1Mb or more:
     doc 11.2Mb
     libs 7.1Mb
     sqlite 1.5Mb
Flavors: r-devel-linux-x86_64-fedora-clang, r-devel-windows-ix86+x86_64, r-patched-solaris-x86, r-release-windows-ix86+x86_64, r-release-osx-x86_64, r-oldrel-windows-ix86+x86_64, r-oldrel-osx-x86_64

Version: 0.7-4
Check: package dependencies
Result: NOTE
    Package suggested but not available for checking: ‘RPostgres’
Flavor: r-patched-solaris-x86

Version: 0.7-4
Check: re-building of vignette outputs
Result: WARN
    Error(s) in re-building vignettes:
     ...
    --- re-building ‘sf1.Rmd’ using rmarkdown
    Warning in engine$weave(file, quiet = quiet, encoding = enc) :
     Pandoc (>= 1.12.3) and/or pandoc-citeproc not available. Falling back to R Markdown v1.
    --- finished re-building ‘sf1.Rmd’
    
    --- re-building ‘sf2.Rmd’ using rmarkdown
    Warning in engine$weave(file, quiet = quiet, encoding = enc) :
     Pandoc (>= 1.12.3) and/or pandoc-citeproc not available. Falling back to R Markdown v1.
    --- finished re-building ‘sf2.Rmd’
    
    --- re-building ‘sf3.Rmd’ using rmarkdown
    Warning in engine$weave(file, quiet = quiet, encoding = enc) :
     Pandoc (>= 1.12.3) and/or pandoc-citeproc not available. Falling back to R Markdown v1.
    --- finished re-building ‘sf3.Rmd’
    
    --- re-building ‘sf4.Rmd’ using rmarkdown
    Warning in engine$weave(file, quiet = quiet, encoding = enc) :
     Pandoc (>= 1.12.3) and/or pandoc-citeproc not available. Falling back to R Markdown v1.
    --- finished re-building ‘sf4.Rmd’
    
    --- re-building ‘sf5.Rmd’ using rmarkdown
    Warning in engine$weave(file, quiet = quiet, encoding = enc) :
     Pandoc (>= 1.12.3) and/or pandoc-citeproc not available. Falling back to R Markdown v1.
    Quitting from lines 216-219 (sf5.Rmd)
    Error: processing vignette 'sf5.Rmd' failed with diagnostics:
    cannot open the connection
    --- failed re-building ‘sf5.Rmd’
    
    --- re-building ‘sf6.Rmd’ using rmarkdown
    Warning in engine$weave(file, quiet = quiet, encoding = enc) :
     Pandoc (>= 1.12.3) and/or pandoc-citeproc not available. Falling back to R Markdown v1.
    --- finished re-building ‘sf6.Rmd’
    
    SUMMARY: processing the following file failed:
     ‘sf5.Rmd’
    
    Error: Vignette re-building failed.
    Execution halted
Flavor: r-patched-solaris-x86

Version: 0.7-4
Check: re-building of vignette outputs
Result: WARN
    Error(s) in re-building vignettes:
    --- re-building ‘sf1.Rmd’ using rmarkdown
    Warning in engine$weave(file, quiet = quiet, encoding = enc) :
     Pandoc (>= 1.12.3) and/or pandoc-citeproc not available. Falling back to R Markdown v1.
    --- finished re-building ‘sf1.Rmd’
    
    --- re-building ‘sf2.Rmd’ using rmarkdown
    Warning in engine$weave(file, quiet = quiet, encoding = enc) :
     Pandoc (>= 1.12.3) and/or pandoc-citeproc not available. Falling back to R Markdown v1.
    --- finished re-building ‘sf2.Rmd’
    
    --- re-building ‘sf3.Rmd’ using rmarkdown
    Warning in engine$weave(file, quiet = quiet, encoding = enc) :
     Pandoc (>= 1.12.3) and/or pandoc-citeproc not available. Falling back to R Markdown v1.
    --- finished re-building ‘sf3.Rmd’
    
    --- re-building ‘sf4.Rmd’ using rmarkdown
    Warning in engine$weave(file, quiet = quiet, encoding = enc) :
     Pandoc (>= 1.12.3) and/or pandoc-citeproc not available. Falling back to R Markdown v1.
    --- finished re-building ‘sf4.Rmd’
    
    --- re-building ‘sf5.Rmd’ using rmarkdown
    Warning in engine$weave(file, quiet = quiet, encoding = enc) :
     Pandoc (>= 1.12.3) and/or pandoc-citeproc not available. Falling back to R Markdown v1.
    Quitting from lines 216-219 (sf5.Rmd)
    Error: processing vignette 'sf5.Rmd' failed with diagnostics:
    cannot open the connection
    --- failed re-building ‘sf5.Rmd’
    
    --- re-building ‘sf6.Rmd’ using rmarkdown
    Warning in engine$weave(file, quiet = quiet, encoding = enc) :
     Pandoc (>= 1.12.3) and/or pandoc-citeproc not available. Falling back to R Markdown v1.
    --- finished re-building ‘sf6.Rmd’
    
    SUMMARY: processing the following file failed:
     ‘sf5.Rmd’
    
    Error: Vignette re-building failed.
    Execution halted
Flavor: r-release-osx-x86_64

Version: 0.7-4
Check: re-building of vignette outputs
Result: WARN
    Error in re-building vignettes:
     ...
    Warning in engine$weave(file, quiet = quiet, encoding = enc) :
     Pandoc (>= 1.12.3) and/or pandoc-citeproc not available. Falling back to R Markdown v1.
    Warning in engine$weave(file, quiet = quiet, encoding = enc) :
     Pandoc (>= 1.12.3) and/or pandoc-citeproc not available. Falling back to R Markdown v1.
    Warning in engine$weave(file, quiet = quiet, encoding = enc) :
     Pandoc (>= 1.12.3) and/or pandoc-citeproc not available. Falling back to R Markdown v1.
    Warning in engine$weave(file, quiet = quiet, encoding = enc) :
     Pandoc (>= 1.12.3) and/or pandoc-citeproc not available. Falling back to R Markdown v1.
    Warning in engine$weave(file, quiet = quiet, encoding = enc) :
     Pandoc (>= 1.12.3) and/or pandoc-citeproc not available. Falling back to R Markdown v1.
    Quitting from lines 216-219 (sf5.Rmd)
    Error: processing vignette 'sf5.Rmd' failed with diagnostics:
    cannot open the connection
    Execution halted
Flavor: r-oldrel-osx-x86_64