CRAN Package Check Results for Package sf

Last updated on 2018-05-25 19:48:46 CEST.

Flavor Version Tinstall Tcheck Ttotal Status Flags
r-devel-linux-x86_64-debian-clang 0.6-3 129.58 215.34 344.92 OK
r-devel-linux-x86_64-debian-gcc 0.6-3 105.20 174.87 280.07 OK
r-devel-linux-x86_64-fedora-clang 0.6-3 450.11 NOTE
r-devel-linux-x86_64-fedora-gcc 0.6-3 430.34 NOTE
r-devel-windows-ix86+x86_64 0.6-3 328.00 580.00 908.00 NOTE
r-patched-linux-x86_64 0.6-3 130.16 199.26 329.42 OK
r-patched-solaris-x86 0.6-3 481.80 WARN
r-release-linux-x86_64 0.6-3 131.68 199.68 331.36 OK
r-release-windows-ix86+x86_64 0.6-3 425.00 755.00 1180.00 NOTE
r-release-osx-x86_64 0.6-3 WARN
r-oldrel-windows-ix86+x86_64 0.6-3 411.00 595.00 1006.00 NOTE
r-oldrel-osx-x86_64 0.6-1 WARN

Additional issues

valgrind

Check Details

Version: 0.6-3
Check: installed package size
Result: NOTE
     installed size is 21.1Mb
     sub-directories of 1Mb or more:
     doc 10.8Mb
     libs 6.1Mb
     sqlite 1.5Mb
Flavors: r-devel-linux-x86_64-fedora-clang, r-devel-linux-x86_64-fedora-gcc, r-devel-windows-ix86+x86_64, r-patched-solaris-x86, r-release-windows-ix86+x86_64, r-release-osx-x86_64, r-oldrel-windows-ix86+x86_64

Version: 0.6-3
Check: package dependencies
Result: NOTE
    Package suggested but not available for checking: ‘RPostgres’
Flavor: r-patched-solaris-x86

Version: 0.6-3
Check: re-building of vignette outputs
Result: WARN
    Error in re-building vignettes:
     ...
    Warning in engine$weave(file, quiet = quiet, encoding = enc) :
     Pandoc (>= 1.12.3) and/or pandoc-citeproc not available. Falling back to R Markdown v1.
    Warning in engine$weave(file, quiet = quiet, encoding = enc) :
     Pandoc (>= 1.12.3) and/or pandoc-citeproc not available. Falling back to R Markdown v1.
    Warning in engine$weave(file, quiet = quiet, encoding = enc) :
     Pandoc (>= 1.12.3) and/or pandoc-citeproc not available. Falling back to R Markdown v1.
    Warning in engine$weave(file, quiet = quiet, encoding = enc) :
     Pandoc (>= 1.12.3) and/or pandoc-citeproc not available. Falling back to R Markdown v1.
    Warning in engine$weave(file, quiet = quiet, encoding = enc) :
     Pandoc (>= 1.12.3) and/or pandoc-citeproc not available. Falling back to R Markdown v1.
    Quitting from lines 195-198 (sf5.Rmd)
    Error: processing vignette 'sf5.Rmd' failed with diagnostics:
    cannot open the connection
    Execution halted
Flavors: r-patched-solaris-x86, r-release-osx-x86_64

Version: 0.6-1
Check: installed package size
Result: NOTE
     installed size is 110.7Mb
     sub-directories of 1Mb or more:
     doc 10.7Mb
     libs 96.2Mb
     sqlite 1.5Mb
Flavor: r-oldrel-osx-x86_64

Version: 0.6-1
Check: re-building of vignette outputs
Result: WARN
    Error in re-building vignettes:
     ...
    Warning in engine$weave(file, quiet = quiet, encoding = enc) :
     Pandoc (>= 1.12.3) and/or pandoc-citeproc not available. Falling back to R Markdown v1.
    Warning in engine$weave(file, quiet = quiet, encoding = enc) :
     Pandoc (>= 1.12.3) and/or pandoc-citeproc not available. Falling back to R Markdown v1.
    Warning in engine$weave(file, quiet = quiet, encoding = enc) :
     Pandoc (>= 1.12.3) and/or pandoc-citeproc not available. Falling back to R Markdown v1.
    Warning in engine$weave(file, quiet = quiet, encoding = enc) :
     Pandoc (>= 1.12.3) and/or pandoc-citeproc not available. Falling back to R Markdown v1.
    Warning in engine$weave(file, quiet = quiet, encoding = enc) :
     Pandoc (>= 1.12.3) and/or pandoc-citeproc not available. Falling back to R Markdown v1.
    Quitting from lines 195-198 (sf5.Rmd)
    Error: processing vignette 'sf5.Rmd' failed with diagnostics:
    cannot open the connection
    Execution halted
Flavor: r-oldrel-osx-x86_64